| Back to Multiple platform build/check report for BioC 3.20: simplified long |
|
This page was generated on 2025-04-02 19:29 -0400 (Wed, 02 Apr 2025).
| Hostname | OS | Arch (*) | R version | Installed pkgs |
|---|---|---|---|---|
| nebbiolo2 | Linux (Ubuntu 24.04.1 LTS) | x86_64 | 4.4.3 (2025-02-28) -- "Trophy Case" | 4764 |
| palomino8 | Windows Server 2022 Datacenter | x64 | 4.4.3 (2025-02-28 ucrt) -- "Trophy Case" | 4495 |
| merida1 | macOS 12.7.5 Monterey | x86_64 | 4.4.3 (2025-02-28) -- "Trophy Case" | 4522 |
| kjohnson1 | macOS 13.6.6 Ventura | arm64 | 4.4.3 (2025-02-28) -- "Trophy Case" | 4449 |
| taishan | Linux (openEuler 24.03 LTS) | aarch64 | 4.4.3 (2025-02-28) -- "Trophy Case" | 4426 |
| Click on any hostname to see more info about the system (e.g. compilers) (*) as reported by 'uname -p', except on Windows and Mac OS X | ||||
| Package 1755/2289 | Hostname | OS / Arch | INSTALL | BUILD | CHECK | BUILD BIN | ||||||||
| rifi 1.10.0 (landing page) Jens Georg
| nebbiolo2 | Linux (Ubuntu 24.04.1 LTS) / x86_64 | OK | OK | WARNINGS | |||||||||
| palomino8 | Windows Server 2022 Datacenter / x64 | ... NOT SUPPORTED ... | ||||||||||||
| merida1 | macOS 12.7.5 Monterey / x86_64 | OK | OK | WARNINGS | OK | |||||||||
| kjohnson1 | macOS 13.6.6 Ventura / arm64 | OK | OK | WARNINGS | OK | |||||||||
| taishan | Linux (openEuler 24.03 LTS) / aarch64 | OK | TIMEOUT | skipped | ||||||||||
|
To the developers/maintainers of the rifi package: - Allow up to 24 hours (and sometimes 48 hours) for your latest push to git@git.bioconductor.org:packages/rifi.git to reflect on this report. See Troubleshooting Build Report for more information. - Use the following Renviron settings to reproduce errors and warnings. - If 'R CMD check' started to fail recently on the Linux builder(s) over a missing dependency, add the missing dependency to 'Suggests:' in your DESCRIPTION file. See Renviron.bioc for more information. |
| Package: rifi |
| Version: 1.10.0 |
| Command: /home/biocbuild/bbs-3.20-bioc/R/bin/R CMD check --install=check:rifi.install-out.txt --library=/home/biocbuild/bbs-3.20-bioc/R/site-library --timings rifi_1.10.0.tar.gz |
| StartedAt: 2025-04-01 01:33:39 -0400 (Tue, 01 Apr 2025) |
| EndedAt: 2025-04-01 01:43:30 -0400 (Tue, 01 Apr 2025) |
| EllapsedTime: 590.6 seconds |
| RetCode: 0 |
| Status: WARNINGS |
| CheckDir: rifi.Rcheck |
| Warnings: 2 |
##############################################################################
##############################################################################
###
### Running command:
###
### /home/biocbuild/bbs-3.20-bioc/R/bin/R CMD check --install=check:rifi.install-out.txt --library=/home/biocbuild/bbs-3.20-bioc/R/site-library --timings rifi_1.10.0.tar.gz
###
##############################################################################
##############################################################################
* using log directory ‘/home/biocbuild/bbs-3.20-bioc/meat/rifi.Rcheck’
* using R version 4.4.3 (2025-02-28)
* using platform: x86_64-pc-linux-gnu
* R was compiled by
gcc (Ubuntu 13.3.0-6ubuntu2~24.04) 13.3.0
GNU Fortran (Ubuntu 13.3.0-6ubuntu2~24.04) 13.3.0
* running under: Ubuntu 24.04.2 LTS
* using session charset: UTF-8
* checking for file ‘rifi/DESCRIPTION’ ... OK
* this is package ‘rifi’ version ‘1.10.0’
* package encoding: UTF-8
* checking package namespace information ... OK
* checking package dependencies ... OK
* checking if this is a source package ... OK
* checking if there is a namespace ... OK
* checking for hidden files and directories ... NOTE
Found the following hidden files and directories:
.BBSoptions
R/.ipynb_checkpoints
vignettes/.ipynb_checkpoints
These were most likely included in error. See section ‘Package
structure’ in the ‘Writing R Extensions’ manual.
* checking for portable file names ... OK
* checking for sufficient/correct file permissions ... OK
* checking whether package ‘rifi’ can be installed ... WARNING
Found the following significant warnings:
Note: next used in wrong context: no loop is visible
Warning: /home/biocbuild/bbs-3.20-bioc/meat/rifi/man/apply_Ttest_delay.Rd:55: unexpected '}'
Warning: /home/biocbuild/bbs-3.20-bioc/meat/rifi/man/predict_ps_itss.Rd:57: unexpected '}'
See ‘/home/biocbuild/bbs-3.20-bioc/meat/rifi.Rcheck/00install.out’ for details.
Information on the location(s) of code generating the ‘Note’s can be
obtained by re-running with environment variable R_KEEP_PKG_SOURCE set
to ‘yes’.
* checking installed package size ... OK
* checking package directory ... OK
* checking ‘build’ directory ... OK
* checking DESCRIPTION meta-information ... OK
* checking top-level files ... OK
* checking for left-over files ... OK
* checking index information ... OK
* checking package subdirectories ... OK
* checking code files for non-ASCII characters ... OK
* checking R files for syntax errors ... OK
* checking whether the package can be loaded ... OK
* checking whether the package can be loaded with stated dependencies ... OK
* checking whether the package can be unloaded cleanly ... OK
* checking whether the namespace can be loaded with stated dependencies ... OK
* checking whether the namespace can be unloaded cleanly ... OK
* checking loading without being on the library search path ... OK
* checking dependencies in R code ... OK
* checking S3 generic/method consistency ... OK
* checking replacement functions ... OK
* checking foreign function calls ... OK
* checking R code for possible problems ... OK
* checking Rd files ... WARNING
prepare_Rd: ./man/apply_Ttest_delay.Rd:55: unexpected '}'
prepare_Rd: ./man/predict_ps_itss.Rd:57: unexpected '}'
* checking Rd metadata ... OK
* checking Rd cross-references ... OK
* checking for missing documentation entries ... OK
* checking for code/documentation mismatches ... OK
* checking Rd \usage sections ... OK
* checking Rd contents ... OK
* checking for unstated dependencies in examples ... OK
* checking contents of ‘data’ directory ... OK
* checking data for non-ASCII characters ... OK
* checking data for ASCII and uncompressed saves ... OK
* checking files in ‘vignettes’ ... OK
* checking examples ... OK
Examples with CPU (user + system) or elapsed time > 5s
user system elapsed
rifi_wrapper 99.204 66.317 125.813
rifi_penalties 46.908 49.940 73.764
nls2_fit 34.937 1.418 22.219
rifi_visualization 27.327 1.507 28.837
rifi_fit 22.523 0.592 23.116
make_pen 8.188 8.814 12.630
TI_fit 10.740 2.103 7.334
* checking for unstated dependencies in vignettes ... OK
* checking package vignettes ... OK
* checking re-building of vignette outputs ... OK
* checking PDF version of manual ... OK
* DONE
Status: 2 WARNINGs, 1 NOTE
See
‘/home/biocbuild/bbs-3.20-bioc/meat/rifi.Rcheck/00check.log’
for details.
rifi.Rcheck/00install.out
############################################################################## ############################################################################## ### ### Running command: ### ### /home/biocbuild/bbs-3.20-bioc/R/bin/R CMD INSTALL rifi ### ############################################################################## ############################################################################## * installing to library ‘/home/biocbuild/bbs-3.20-bioc/R/site-library’ * installing *source* package ‘rifi’ ... ** using staged installation ** R ** data ** inst ** byte-compile and prepare package for lazy loading Note: next used in wrong context: no loop is visible ** help Warning: /home/biocbuild/bbs-3.20-bioc/meat/rifi/man/apply_Ttest_delay.Rd:55: unexpected '}' Warning: /home/biocbuild/bbs-3.20-bioc/meat/rifi/man/predict_ps_itss.Rd:57: unexpected '}' *** installing help indices ** building package indices ** installing vignettes ** testing if installed package can be loaded from temporary location ** testing if installed package can be loaded from final location ** testing if installed package keeps a record of temporary installation path * DONE (rifi)
rifi.Rcheck/rifi-Ex.timings
| name | user | system | elapsed | |
| TI_fit | 10.740 | 2.103 | 7.334 | |
| TUgether | 0.513 | 0.251 | 0.644 | |
| apply_Ttest_delay | 0.101 | 0.020 | 0.122 | |
| apply_ancova | 0.285 | 0.044 | 0.331 | |
| apply_event_position | 0.101 | 0.010 | 0.111 | |
| apply_manova | 1.425 | 0.238 | 1.665 | |
| apply_t_test | 0.605 | 0.082 | 0.687 | |
| apply_t_test_ti | 0.147 | 0.034 | 0.182 | |
| check_input | 0.296 | 0.022 | 0.318 | |
| dataframe_summary | 0.074 | 0.011 | 0.084 | |
| dataframe_summary_TI | 0.037 | 0.004 | 0.041 | |
| dataframe_summary_events | 0.660 | 0.025 | 0.685 | |
| dataframe_summary_events_HL_int | 0.565 | 0.007 | 0.570 | |
| dataframe_summary_events_ps_itss | 0.234 | 0.000 | 0.236 | |
| dataframe_summary_events_velocity | 0.246 | 0.002 | 0.248 | |
| event_dataframe | 0.710 | 0.055 | 0.765 | |
| finding_PDD | 0.192 | 0.155 | 0.267 | |
| finding_TI | 0.334 | 0.147 | 0.414 | |
| fold_change | 2.978 | 0.719 | 3.697 | |
| fragment_HL | 0.556 | 0.244 | 0.706 | |
| fragment_TI | 0.442 | 0.052 | 0.494 | |
| fragment_delay | 0.919 | 0.306 | 1.100 | |
| fragment_inty | 0.555 | 0.205 | 0.684 | |
| gff3_preprocess | 0.531 | 0.088 | 0.619 | |
| make_df | 0.636 | 0.315 | 0.602 | |
| make_pen | 8.188 | 8.814 | 12.630 | |
| nls2_fit | 34.937 | 1.418 | 22.219 | |
| predict_ps_itss | 0.259 | 0.019 | 0.278 | |
| rifi_fit | 22.523 | 0.592 | 23.116 | |
| rifi_fragmentation | 2.977 | 1.059 | 3.624 | |
| rifi_penalties | 46.908 | 49.940 | 73.764 | |
| rifi_preprocess | 1.573 | 0.696 | 1.708 | |
| rifi_stats | 3.062 | 0.417 | 3.479 | |
| rifi_summary | 1.775 | 0.118 | 1.894 | |
| rifi_visualization | 27.327 | 1.507 | 28.837 | |
| rifi_wrapper | 99.204 | 66.317 | 125.813 | |
| segment_pos | 0.164 | 0.000 | 0.164 | |
| viz_pen_obj | 0.01 | 0.00 | 0.01 | |