| Back to Multiple platform build/check report for BioC 3.20: simplified long |
|
This page was generated on 2024-11-20 12:07 -0500 (Wed, 20 Nov 2024).
| Hostname | OS | Arch (*) | R version | Installed pkgs |
|---|---|---|---|---|
| teran2 | Linux (Ubuntu 24.04.1 LTS) | x86_64 | 4.4.2 (2024-10-31) -- "Pile of Leaves" | 4481 |
| nebbiolo2 | Linux (Ubuntu 24.04.1 LTS) | x86_64 | 4.4.2 (2024-10-31) -- "Pile of Leaves" | 4479 |
| palomino8 | Windows Server 2022 Datacenter | x64 | 4.4.2 (2024-10-31 ucrt) -- "Pile of Leaves" | 4359 |
| lconway | macOS 12.7.1 Monterey | x86_64 | 4.4.1 (2024-06-14) -- "Race for Your Life" | 4539 |
| kunpeng2 | Linux (openEuler 22.03 LTS-SP1) | aarch64 | 4.4.1 (2024-06-14) -- "Race for Your Life" | 4493 |
| Click on any hostname to see more info about the system (e.g. compilers) (*) as reported by 'uname -p', except on Windows and Mac OS X | ||||
| Package 720/2289 | Hostname | OS / Arch | INSTALL | BUILD | CHECK | BUILD BIN | ||||||||
| flagme 1.62.0 (landing page) Mark Robinson
| teran2 | Linux (Ubuntu 24.04.1 LTS) / x86_64 | OK | OK | WARNINGS | |||||||||
| nebbiolo2 | Linux (Ubuntu 24.04.1 LTS) / x86_64 | OK | OK | WARNINGS | ||||||||||
| palomino8 | Windows Server 2022 Datacenter / x64 | OK | OK | WARNINGS | OK | |||||||||
| lconway | macOS 12.7.1 Monterey / x86_64 | OK | OK | WARNINGS | OK | |||||||||
| kunpeng2 | Linux (openEuler 22.03 LTS-SP1) / aarch64 | OK | OK | WARNINGS | ||||||||||
|
To the developers/maintainers of the flagme package: - Allow up to 24 hours (and sometimes 48 hours) for your latest push to git@git.bioconductor.org:packages/flagme.git to reflect on this report. See Troubleshooting Build Report for more information. - Use the following Renviron settings to reproduce errors and warnings. - If 'R CMD check' started to fail recently on the Linux builder(s) over a missing dependency, add the missing dependency to 'Suggests:' in your DESCRIPTION file. See Renviron.bioc for more information. - See Martin Grigorov's blog post for how to debug Linux ARM64 related issues on a x86_64 host. |
| Package: flagme |
| Version: 1.62.0 |
| Command: /home/biocbuild/R/R/bin/R CMD check --install=check:flagme.install-out.txt --library=/home/biocbuild/R/R/site-library --no-vignettes --timings flagme_1.62.0.tar.gz |
| StartedAt: 2024-11-20 07:53:19 -0000 (Wed, 20 Nov 2024) |
| EndedAt: 2024-11-20 08:11:16 -0000 (Wed, 20 Nov 2024) |
| EllapsedTime: 1077.2 seconds |
| RetCode: 0 |
| Status: WARNINGS |
| CheckDir: flagme.Rcheck |
| Warnings: 2 |
##############################################################################
##############################################################################
###
### Running command:
###
### /home/biocbuild/R/R/bin/R CMD check --install=check:flagme.install-out.txt --library=/home/biocbuild/R/R/site-library --no-vignettes --timings flagme_1.62.0.tar.gz
###
##############################################################################
##############################################################################
* using log directory ‘/home/biocbuild/bbs-3.20-bioc/meat/flagme.Rcheck’
* using R version 4.4.1 (2024-06-14)
* using platform: aarch64-unknown-linux-gnu
* R was compiled by
gcc (GCC) 12.2.1 20220819 (openEuler 12.2.1-14)
GNU Fortran (GCC) 10.3.1
* running under: openEuler 22.03 (LTS-SP1)
* using session charset: UTF-8
* using option ‘--no-vignettes’
* checking for file ‘flagme/DESCRIPTION’ ... OK
* this is package ‘flagme’ version ‘1.62.0’
* package encoding: UTF-8
* checking package namespace information ... OK
* checking package dependencies ... OK
* checking if this is a source package ... OK
* checking if there is a namespace ... OK
* checking for hidden files and directories ... OK
* checking for portable file names ... OK
* checking for sufficient/correct file permissions ... OK
* checking whether package ‘flagme’ can be installed ... OK
* used C compiler: ‘gcc (conda-forge gcc 14.2.0-1) 14.2.0’
* checking installed package size ... OK
* checking package directory ... OK
* checking ‘build’ directory ... OK
* checking DESCRIPTION meta-information ... OK
* checking top-level files ... OK
* checking for left-over files ... OK
* checking index information ... OK
* checking package subdirectories ... OK
* checking code files for non-ASCII characters ... OK
* checking R files for syntax errors ... OK
* checking whether the package can be loaded ... OK
* checking whether the package can be loaded with stated dependencies ... OK
* checking whether the package can be unloaded cleanly ... OK
* checking whether the namespace can be loaded with stated dependencies ... OK
* checking whether the namespace can be unloaded cleanly ... OK
* checking loading without being on the library search path ... OK
* checking whether startup messages can be suppressed ... OK
* checking dependencies in R code ... NOTE
Unexported object imported by a ':::' call: ‘xcms:::rectUnique’
See the note in ?`:::` about the use of this operator.
* checking S3 generic/method consistency ... OK
* checking replacement functions ... OK
* checking foreign function calls ... OK
* checking R code for possible problems ... NOTE
addXCMSPeaks: no visible global function definition for ‘bpparam’
addXCMSPeaks: no visible global function definition for ‘sampnames’
addXCMSPeaks : <anonymous> : <anonymous>: no visible global function
definition for ‘setNames’
importSpec : <anonymous>: no visible global function definition for
‘setNames’
Undefined global functions or variables:
bpparam sampnames setNames
Consider adding
importFrom("stats", "setNames")
to your NAMESPACE file.
* checking Rd files ... OK
* checking Rd metadata ... OK
* checking Rd cross-references ... WARNING
Missing link or links in Rd file 'addXCMSPeaks.Rd':
‘[xcms]{findPeaks-matchedFilter}’ ‘[xcms]{findPeaks-centWave}’
‘[xcms]{peaksDataset}’
Missing link or links in Rd file 'plotAlignment-peaksAlignment-method.Rd':
‘plotAlignment’
Missing link or links in Rd file 'plotClustAlignment-clusterAlignment-method.Rd':
‘plotAlignment’
See section 'Cross-references' in the 'Writing R Extensions' manual.
* checking for missing documentation entries ... WARNING
Undocumented code objects:
‘plotAlignment’ ‘plotChrom’ ‘plotClustAlignment’
Undocumented S4 methods:
generic 'show' and siglist 'betweenAlignment'
All user-level objects in a package (including S4 classes and methods)
should have documentation entries.
See chapter ‘Writing R documentation files’ in the ‘Writing R
Extensions’ manual.
* checking for code/documentation mismatches ... OK
* checking Rd \usage sections ... OK
* checking Rd contents ... OK
* checking for unstated dependencies in examples ... OK
* checking line endings in C/C++/Fortran sources/headers ... OK
* checking compiled code ... NOTE
Note: information on .o files is not available
* checking files in ‘vignettes’ ... OK
* checking examples ... OK
Examples with CPU (user + system) or elapsed time > 5s
user system elapsed
plotAlignedFrags 119.690 20.541 76.237
addXCMSPeaks 64.846 10.905 55.720
peaksAlignment-class 60.798 12.535 52.608
retFatMatrix 62.493 9.583 51.555
dynRT 59.403 11.326 49.493
progressiveAlignment-class 61.779 8.893 49.646
plotFrags 59.794 10.307 49.811
ndpRT 58.654 11.236 48.747
corPrt 60.747 8.776 48.873
plotAlignment-peaksAlignment-method 59.290 9.427 47.729
imputePeaks 15.358 0.167 15.586
plotChrom-peaksDataset-method 13.563 0.263 13.855
rmaFitUnit 11.414 0.396 11.834
calcTimeDiffs 10.181 0.622 10.828
gatherInfo 10.354 0.239 10.614
multipleAlignment-class 10.130 0.152 10.301
clusterAlignment 9.187 0.500 9.708
dp 9.242 0.260 9.522
addAMDISPeaks 8.867 0.172 9.124
normDotProduct 7.882 0.112 8.009
plotClustAlignment-clusterAlignment-method 7.856 0.132 8.005
peaksDataset 7.579 0.363 7.956
addChromaTOFPeaks 6.268 0.200 6.480
plotImage 5.116 0.100 5.226
* checking for unstated dependencies in vignettes ... OK
* checking package vignettes ... OK
* checking running R code from vignettes ... SKIPPED
* checking re-building of vignette outputs ... SKIPPED
* checking PDF version of manual ... OK
* DONE
Status: 2 WARNINGs, 3 NOTEs
See
‘/home/biocbuild/bbs-3.20-bioc/meat/flagme.Rcheck/00check.log’
for details.
flagme.Rcheck/00install.out
##############################################################################
##############################################################################
###
### Running command:
###
### /home/biocbuild/R/R/bin/R CMD INSTALL flagme
###
##############################################################################
##############################################################################
* installing to library ‘/home/biocbuild/R/R-4.4.1/site-library’
* installing *source* package ‘flagme’ ...
** using staged installation
** libs
using C compiler: ‘gcc (conda-forge gcc 14.2.0-1) 14.2.0’
gcc -I"/home/biocbuild/R/R-4.4.1/include" -DNDEBUG -I/usr/local/include -fPIC -g -O2 -Wall -c dp.c -o dp.o
dp.c: In function 'dp':
dp.c:264:35: warning: 'tb' may be used uninitialized [-Wmaybe-uninitialized]
264 | phi[(i+1)+(j+1)*(nr+1)] = tb;
| ~~~~~~~~~~~~~~~~~~~~~~~~^~~~
dp.c:217:30: note: 'tb' was declared here
217 | int i,j, nr=*nr_, nc=*nc_, tb, count=0, done=0;
| ^~
dp.c:263:33: warning: 'cur_min' may be used uninitialized [-Wmaybe-uninitialized]
263 | D[(i+1)+(j+1)*(nr+1)] = cur_min;
| ~~~~~~~~~~~~~~~~~~~~~~^~~~~~~~~
dp.c:218:21: note: 'cur_min' was declared here
218 | double gap=*gap_, cur_min, a, b, c;
| ^~~~~~~
gcc -I"/home/biocbuild/R/R-4.4.1/include" -DNDEBUG -I/usr/local/include -fPIC -g -O2 -Wall -c init.c -o init.o
gcc -I"/home/biocbuild/R/R-4.4.1/include" -DNDEBUG -I/usr/local/include -fPIC -g -O2 -Wall -c pearson.c -o pearson.o
gcc -shared -L/home/biocbuild/R/R-4.4.1/lib -L/usr/local/lib -o flagme.so dp.o init.o pearson.o -L/home/biocbuild/R/R-4.4.1/lib -lR
installing to /home/biocbuild/R/R-4.4.1/site-library/00LOCK-flagme/00new/flagme/libs
** R
** inst
** byte-compile and prepare package for lazy loading
** help
*** installing help indices
** building package indices
** installing vignettes
** testing if installed package can be loaded from temporary location
** checking absolute paths in shared objects and dynamic libraries
** testing if installed package can be loaded from final location
** testing if installed package keeps a record of temporary installation path
* DONE (flagme)
flagme.Rcheck/flagme-Ex.timings
| name | user | system | elapsed | |
| addAMDISPeaks | 8.867 | 0.172 | 9.124 | |
| addChromaTOFPeaks | 6.268 | 0.200 | 6.480 | |
| addXCMSPeaks | 64.846 | 10.905 | 55.720 | |
| betweenAlignment | 0.001 | 0.000 | 0.000 | |
| calcTimeDiffs | 10.181 | 0.622 | 10.828 | |
| clusterAlignment | 9.187 | 0.500 | 9.708 | |
| corPrt | 60.747 | 8.776 | 48.873 | |
| dp | 9.242 | 0.260 | 9.522 | |
| dynRT | 59.403 | 11.326 | 49.493 | |
| gatherInfo | 10.354 | 0.239 | 10.614 | |
| imputePeaks | 15.358 | 0.167 | 15.586 | |
| multipleAlignment-class | 10.130 | 0.152 | 10.301 | |
| ndpRT | 58.654 | 11.236 | 48.747 | |
| normDotProduct | 7.882 | 0.112 | 8.009 | |
| parseChromaTOF | 2.826 | 0.040 | 2.873 | |
| parseELU | 2.675 | 0.004 | 2.685 | |
| peaksAlignment-class | 60.798 | 12.535 | 52.608 | |
| peaksDataset | 7.579 | 0.363 | 7.956 | |
| plotAlignedFrags | 119.690 | 20.541 | 76.237 | |
| plotAlignment-peaksAlignment-method | 59.290 | 9.427 | 47.729 | |
| plotChrom-peaksDataset-method | 13.563 | 0.263 | 13.855 | |
| plotClustAlignment-clusterAlignment-method | 7.856 | 0.132 | 8.005 | |
| plotFrags | 59.794 | 10.307 | 49.811 | |
| plotImage | 5.116 | 0.100 | 5.226 | |
| progressiveAlignment-class | 61.779 | 8.893 | 49.646 | |
| retFatMatrix | 62.493 | 9.583 | 51.555 | |
| rmaFitUnit | 11.414 | 0.396 | 11.834 | |