| Back to Multiple platform build/check report for BioC 3.20: simplified long |
|
This page was generated on 2025-04-02 19:28 -0400 (Wed, 02 Apr 2025).
| Hostname | OS | Arch (*) | R version | Installed pkgs |
|---|---|---|---|---|
| nebbiolo2 | Linux (Ubuntu 24.04.1 LTS) | x86_64 | 4.4.3 (2025-02-28) -- "Trophy Case" | 4764 |
| palomino8 | Windows Server 2022 Datacenter | x64 | 4.4.3 (2025-02-28 ucrt) -- "Trophy Case" | 4495 |
| merida1 | macOS 12.7.5 Monterey | x86_64 | 4.4.3 (2025-02-28) -- "Trophy Case" | 4522 |
| kjohnson1 | macOS 13.6.6 Ventura | arm64 | 4.4.3 (2025-02-28) -- "Trophy Case" | 4449 |
| taishan | Linux (openEuler 24.03 LTS) | aarch64 | 4.4.3 (2025-02-28) -- "Trophy Case" | 4426 |
| Click on any hostname to see more info about the system (e.g. compilers) (*) as reported by 'uname -p', except on Windows and Mac OS X | ||||
| Package 720/2289 | Hostname | OS / Arch | INSTALL | BUILD | CHECK | BUILD BIN | ||||||||
| flagme 1.62.0 (landing page) Mark Robinson
| nebbiolo2 | Linux (Ubuntu 24.04.1 LTS) / x86_64 | OK | OK | WARNINGS | |||||||||
| palomino8 | Windows Server 2022 Datacenter / x64 | OK | OK | WARNINGS | OK | |||||||||
| merida1 | macOS 12.7.5 Monterey / x86_64 | OK | OK | WARNINGS | OK | |||||||||
| kjohnson1 | macOS 13.6.6 Ventura / arm64 | OK | OK | WARNINGS | OK | |||||||||
| taishan | Linux (openEuler 24.03 LTS) / aarch64 | OK | OK | WARNINGS | ||||||||||
|
To the developers/maintainers of the flagme package: - Allow up to 24 hours (and sometimes 48 hours) for your latest push to git@git.bioconductor.org:packages/flagme.git to reflect on this report. See Troubleshooting Build Report for more information. - Use the following Renviron settings to reproduce errors and warnings. - If 'R CMD check' started to fail recently on the Linux builder(s) over a missing dependency, add the missing dependency to 'Suggests:' in your DESCRIPTION file. See Renviron.bioc for more information. |
| Package: flagme |
| Version: 1.62.0 |
| Command: /home/biocbuild/bbs-3.20-bioc/R/bin/R CMD check --install=check:flagme.install-out.txt --library=/home/biocbuild/bbs-3.20-bioc/R/site-library --timings flagme_1.62.0.tar.gz |
| StartedAt: 2025-03-31 22:12:07 -0400 (Mon, 31 Mar 2025) |
| EndedAt: 2025-03-31 22:28:05 -0400 (Mon, 31 Mar 2025) |
| EllapsedTime: 958.2 seconds |
| RetCode: 0 |
| Status: WARNINGS |
| CheckDir: flagme.Rcheck |
| Warnings: 2 |
##############################################################################
##############################################################################
###
### Running command:
###
### /home/biocbuild/bbs-3.20-bioc/R/bin/R CMD check --install=check:flagme.install-out.txt --library=/home/biocbuild/bbs-3.20-bioc/R/site-library --timings flagme_1.62.0.tar.gz
###
##############################################################################
##############################################################################
* using log directory ‘/home/biocbuild/bbs-3.20-bioc/meat/flagme.Rcheck’
* using R version 4.4.3 (2025-02-28)
* using platform: x86_64-pc-linux-gnu
* R was compiled by
gcc (Ubuntu 13.3.0-6ubuntu2~24.04) 13.3.0
GNU Fortran (Ubuntu 13.3.0-6ubuntu2~24.04) 13.3.0
* running under: Ubuntu 24.04.2 LTS
* using session charset: UTF-8
* checking for file ‘flagme/DESCRIPTION’ ... OK
* this is package ‘flagme’ version ‘1.62.0’
* package encoding: UTF-8
* checking package namespace information ... OK
* checking package dependencies ... OK
* checking if this is a source package ... OK
* checking if there is a namespace ... OK
* checking for hidden files and directories ... OK
* checking for portable file names ... OK
* checking for sufficient/correct file permissions ... OK
* checking whether package ‘flagme’ can be installed ... OK
* used C compiler: ‘gcc (Ubuntu 13.3.0-6ubuntu2~24.04) 13.3.0’
* checking installed package size ... OK
* checking package directory ... OK
* checking ‘build’ directory ... OK
* checking DESCRIPTION meta-information ... OK
* checking top-level files ... OK
* checking for left-over files ... OK
* checking index information ... OK
* checking package subdirectories ... OK
* checking code files for non-ASCII characters ... OK
* checking R files for syntax errors ... OK
* checking whether the package can be loaded ... OK
* checking whether the package can be loaded with stated dependencies ... OK
* checking whether the package can be unloaded cleanly ... OK
* checking whether the namespace can be loaded with stated dependencies ... OK
* checking whether the namespace can be unloaded cleanly ... OK
* checking loading without being on the library search path ... OK
* checking whether startup messages can be suppressed ... OK
* checking dependencies in R code ... NOTE
Unexported object imported by a ':::' call: ‘xcms:::rectUnique’
See the note in ?`:::` about the use of this operator.
* checking S3 generic/method consistency ... OK
* checking replacement functions ... OK
* checking foreign function calls ... OK
* checking R code for possible problems ... NOTE
addXCMSPeaks: no visible global function definition for ‘bpparam’
addXCMSPeaks: no visible global function definition for ‘sampnames’
addXCMSPeaks : <anonymous> : <anonymous>: no visible global function
definition for ‘setNames’
importSpec : <anonymous>: no visible global function definition for
‘setNames’
Undefined global functions or variables:
bpparam sampnames setNames
Consider adding
importFrom("stats", "setNames")
to your NAMESPACE file.
* checking Rd files ... OK
* checking Rd metadata ... OK
* checking Rd cross-references ... WARNING
Missing link or links in Rd file 'addXCMSPeaks.Rd':
‘[xcms]{findPeaks-matchedFilter}’ ‘[xcms]{findPeaks-centWave}’
‘[xcms]{peaksDataset}’
Missing link or links in Rd file 'plotAlignment-peaksAlignment-method.Rd':
‘plotAlignment’
Missing link or links in Rd file 'plotClustAlignment-clusterAlignment-method.Rd':
‘plotAlignment’
See section 'Cross-references' in the 'Writing R Extensions' manual.
* checking for missing documentation entries ... WARNING
Undocumented code objects:
‘plotAlignment’ ‘plotChrom’ ‘plotClustAlignment’
Undocumented S4 methods:
generic 'show' and siglist 'betweenAlignment'
All user-level objects in a package (including S4 classes and methods)
should have documentation entries.
See chapter ‘Writing R documentation files’ in the ‘Writing R
Extensions’ manual.
* checking for code/documentation mismatches ... OK
* checking Rd \usage sections ... OK
* checking Rd contents ... OK
* checking for unstated dependencies in examples ... OK
* checking line endings in C/C++/Fortran sources/headers ... OK
* checking compiled code ... NOTE
Note: information on .o files is not available
* checking files in ‘vignettes’ ... OK
* checking examples ... OK
Examples with CPU (user + system) or elapsed time > 5s
user system elapsed
plotAlignedFrags 90.870 16.889 56.832
addXCMSPeaks 48.178 9.467 42.707
dynRT 47.492 9.476 39.819
peaksAlignment-class 46.948 8.903 39.426
retFatMatrix 45.584 8.513 38.683
plotFrags 45.487 8.541 38.036
progressiveAlignment-class 42.865 9.369 37.726
plotAlignment-peaksAlignment-method 44.190 7.715 36.199
corPrt 44.256 7.604 36.480
ndpRT 42.833 7.807 35.218
imputePeaks 10.109 0.490 10.605
plotChrom-peaksDataset-method 8.901 0.437 9.338
gatherInfo 7.178 0.582 7.760
calcTimeDiffs 7.123 0.604 7.728
multipleAlignment-class 6.737 0.271 7.009
dp 6.366 0.571 6.937
rmaFitUnit 6.658 0.139 6.798
clusterAlignment 6.180 0.401 6.581
normDotProduct 6.342 0.203 6.545
peaksDataset 5.098 0.474 5.573
plotClustAlignment-clusterAlignment-method 5.129 0.062 5.192
* checking for unstated dependencies in vignettes ... OK
* checking package vignettes ... OK
* checking re-building of vignette outputs ... OK
* checking PDF version of manual ... OK
* DONE
Status: 2 WARNINGs, 3 NOTEs
See
‘/home/biocbuild/bbs-3.20-bioc/meat/flagme.Rcheck/00check.log’
for details.
flagme.Rcheck/00install.out
##############################################################################
##############################################################################
###
### Running command:
###
### /home/biocbuild/bbs-3.20-bioc/R/bin/R CMD INSTALL flagme
###
##############################################################################
##############################################################################
* installing to library ‘/home/biocbuild/bbs-3.20-bioc/R/site-library’
* installing *source* package ‘flagme’ ...
** using staged installation
** libs
using C compiler: ‘gcc (Ubuntu 13.3.0-6ubuntu2~24.04) 13.3.0’
gcc -I"/home/biocbuild/bbs-3.20-bioc/R/include" -DNDEBUG -I/usr/local/include -fpic -g -O2 -Wall -c dp.c -o dp.o
dp.c: In function ‘dp’:
dp.c:264:35: warning: ‘tb’ may be used uninitialized [-Wmaybe-uninitialized]
264 | phi[(i+1)+(j+1)*(nr+1)] = tb;
| ~~~~~~~~~~~~~~~~~~~~~~~~^~~~
dp.c:217:30: note: ‘tb’ was declared here
217 | int i,j, nr=*nr_, nc=*nc_, tb, count=0, done=0;
| ^~
dp.c:263:33: warning: ‘cur_min’ may be used uninitialized [-Wmaybe-uninitialized]
263 | D[(i+1)+(j+1)*(nr+1)] = cur_min;
| ~~~~~~~~~~~~~~~~~~~~~~^~~~~~~~~
dp.c:218:21: note: ‘cur_min’ was declared here
218 | double gap=*gap_, cur_min, a, b, c;
| ^~~~~~~
gcc -I"/home/biocbuild/bbs-3.20-bioc/R/include" -DNDEBUG -I/usr/local/include -fpic -g -O2 -Wall -c init.c -o init.o
gcc -I"/home/biocbuild/bbs-3.20-bioc/R/include" -DNDEBUG -I/usr/local/include -fpic -g -O2 -Wall -c pearson.c -o pearson.o
gcc -shared -L/home/biocbuild/bbs-3.20-bioc/R/lib -L/usr/local/lib -o flagme.so dp.o init.o pearson.o -L/home/biocbuild/bbs-3.20-bioc/R/lib -lR
installing to /home/biocbuild/bbs-3.20-bioc/R/site-library/00LOCK-flagme/00new/flagme/libs
** R
** inst
** byte-compile and prepare package for lazy loading
** help
*** installing help indices
** building package indices
** installing vignettes
** testing if installed package can be loaded from temporary location
** checking absolute paths in shared objects and dynamic libraries
** testing if installed package can be loaded from final location
** testing if installed package keeps a record of temporary installation path
* DONE (flagme)
flagme.Rcheck/flagme-Ex.timings
| name | user | system | elapsed | |
| addAMDISPeaks | 4.874 | 0.106 | 4.988 | |
| addChromaTOFPeaks | 3.077 | 0.148 | 3.226 | |
| addXCMSPeaks | 48.178 | 9.467 | 42.707 | |
| betweenAlignment | 0.001 | 0.000 | 0.000 | |
| calcTimeDiffs | 7.123 | 0.604 | 7.728 | |
| clusterAlignment | 6.180 | 0.401 | 6.581 | |
| corPrt | 44.256 | 7.604 | 36.480 | |
| dp | 6.366 | 0.571 | 6.937 | |
| dynRT | 47.492 | 9.476 | 39.819 | |
| gatherInfo | 7.178 | 0.582 | 7.760 | |
| imputePeaks | 10.109 | 0.490 | 10.605 | |
| multipleAlignment-class | 6.737 | 0.271 | 7.009 | |
| ndpRT | 42.833 | 7.807 | 35.218 | |
| normDotProduct | 6.342 | 0.203 | 6.545 | |
| parseChromaTOF | 1.929 | 0.000 | 1.930 | |
| parseELU | 1.672 | 0.001 | 1.674 | |
| peaksAlignment-class | 46.948 | 8.903 | 39.426 | |
| peaksDataset | 5.098 | 0.474 | 5.573 | |
| plotAlignedFrags | 90.870 | 16.889 | 56.832 | |
| plotAlignment-peaksAlignment-method | 44.190 | 7.715 | 36.199 | |
| plotChrom-peaksDataset-method | 8.901 | 0.437 | 9.338 | |
| plotClustAlignment-clusterAlignment-method | 5.129 | 0.062 | 5.192 | |
| plotFrags | 45.487 | 8.541 | 38.036 | |
| plotImage | 3.202 | 0.180 | 3.383 | |
| progressiveAlignment-class | 42.865 | 9.369 | 37.726 | |
| retFatMatrix | 45.584 | 8.513 | 38.683 | |
| rmaFitUnit | 6.658 | 0.139 | 6.798 | |