Back to Multiple platform build/check report for BioC 3.20:   simplified   long
[A]BCDEFGHIJKLMNOPQRSTUVWXYZ

This page was generated on 2025-02-06 12:05 -0500 (Thu, 06 Feb 2025).

HostnameOSArch (*)R versionInstalled pkgs
nebbiolo2Linux (Ubuntu 24.04.1 LTS)x86_644.4.2 (2024-10-31) -- "Pile of Leaves" 4753
palomino8Windows Server 2022 Datacenterx644.4.2 (2024-10-31 ucrt) -- "Pile of Leaves" 4501
merida1macOS 12.7.5 Montereyx86_644.4.2 (2024-10-31) -- "Pile of Leaves" 4524
kjohnson1macOS 13.6.6 Venturaarm644.4.2 (2024-10-31) -- "Pile of Leaves" 4476
taishanLinux (openEuler 24.03 LTS)aarch644.4.2 (2024-10-31) -- "Pile of Leaves" 4407
Click on any hostname to see more info about the system (e.g. compilers)      (*) as reported by 'uname -p', except on Windows and Mac OS X

Package 70/2289HostnameOS / ArchINSTALLBUILDCHECKBUILD BIN
annotate 1.84.0  (landing page)
Bioconductor Package Maintainer
Snapshot Date: 2025-02-03 13:00 -0500 (Mon, 03 Feb 2025)
git_url: https://git.bioconductor.org/packages/annotate
git_branch: RELEASE_3_20
git_last_commit: 6188ffb
git_last_commit_date: 2024-10-29 09:20:45 -0500 (Tue, 29 Oct 2024)
nebbiolo2Linux (Ubuntu 24.04.1 LTS) / x86_64  OK    OK    OK  UNNEEDED, same version is already published
palomino8Windows Server 2022 Datacenter / x64  OK    ERROR  skippedskipped
merida1macOS 12.7.5 Monterey / x86_64  OK    OK    OK    OK  UNNEEDED, same version is already published
kjohnson1macOS 13.6.6 Ventura / arm64  OK    OK    OK    OK  UNNEEDED, same version is already published
taishanLinux (openEuler 24.03 LTS) / aarch64  OK    OK    ERROR  


BUILD results for annotate on palomino8

To the developers/maintainers of the annotate package:
- Allow up to 24 hours (and sometimes 48 hours) for your latest push to git@git.bioconductor.org:packages/annotate.git to reflect on this report. See Troubleshooting Build Report for more information.
- Use the following Renviron settings to reproduce errors and warnings.
- If 'R CMD check' started to fail recently on the Linux builder(s) over a missing dependency, add the missing dependency to 'Suggests:' in your DESCRIPTION file. See Renviron.bioc for more information.

raw results


Summary

Package: annotate
Version: 1.84.0
Command: chmod a+r annotate -R && F:\biocbuild\bbs-3.20-bioc\R\bin\R.exe CMD build --keep-empty-dirs --no-resave-data annotate
StartedAt: 2025-02-03 17:28:37 -0500 (Mon, 03 Feb 2025)
EndedAt: 2025-02-03 17:31:05 -0500 (Mon, 03 Feb 2025)
EllapsedTime: 147.9 seconds
RetCode: 1
Status:   ERROR  
PackageFile: None
PackageFileSize: NA

Command output

##############################################################################
##############################################################################
###
### Running command:
###
###   chmod a+r annotate -R && F:\biocbuild\bbs-3.20-bioc\R\bin\R.exe CMD build --keep-empty-dirs --no-resave-data annotate
###
##############################################################################
##############################################################################


* checking for file 'annotate/DESCRIPTION' ... OK
* preparing 'annotate':
* checking DESCRIPTION meta-information ... OK
* installing the package to build vignettes
* creating vignettes ... ERROR
--- re-building 'chromLOC.Rmd' using rmarkdown
--- finished re-building 'chromLOC.Rmd'

--- re-building 'useDataPkgs.Rmd' using rmarkdown
--- finished re-building 'useDataPkgs.Rmd'

--- re-building 'GOusage.Rnw' using Sweave

Attaching package: 'graph'

The following object is masked from 'package:XML':

    addNode


Attaching package: 'Rgraphviz'

The following object is masked from 'package:annotate':

    toFile

The following objects are masked from 'package:IRanges':

    from, to

The following objects are masked from 'package:S4Vectors':

    from, to

--- finished re-building 'GOusage.Rnw'

--- re-building 'annotate.Rnw' using Sweave
--- finished re-building 'annotate.Rnw'

--- re-building 'prettyOutput.Rnw' using Sweave
--- finished re-building 'prettyOutput.Rnw'

--- re-building 'query.Rnw' using Sweave
Read 4 items

Error: processing vignette 'query.Rnw' failed with diagnostics:
 chunk 6 
Error in file(file, "r") : 
  cannot open the connection to 'https://www.ncbi.nlm.nih.gov/entrez/eutils/efetch.fcgi?tool=bioconductor&rettype=xml&retmode=text&db=gene&id=1939271%2c2449431%2c7729427%2c7835343%2c7836461%2c7933101%2c8121496%2c8680883%2c8764009%2c8764062'

--- failed re-building 'query.Rnw'

--- re-building 'useProbeInfo.Rnw' using Sweave
Loading required package: org.Rn.eg.db


Loading required package: XVector
Loading required package: GenomeInfoDb

Attaching package: 'Biostrings'

The following object is masked from 'package:grid':

    pattern

The following object is masked from 'package:graph':

    complement

The following object is masked from 'package:base':

    strsplit

--- finished re-building 'useProbeInfo.Rnw'

SUMMARY: processing the following file failed:
  'query.Rnw'

Error: Vignette re-building failed.
In addition: Warning message:
In file(file, "r") :
  cannot open URL 'https://www.ncbi.nlm.nih.gov/entrez/eutils/efetch.fcgi?tool=bioconductor&rettype=xml&retmode=text&db=gene&id=1939271%2c2449431%2c7729427%2c7835343%2c7836461%2c7933101%2c8121496%2c8680883%2c8764009%2c8764062': HTTP status was '400 Bad Request'
Execution halted