| Back to Multiple platform build/check report for BioC 3.20: simplified long |
|
This page was generated on 2025-04-02 19:35 -0400 (Wed, 02 Apr 2025).
| Hostname | OS | Arch (*) | R version | Installed pkgs |
|---|---|---|---|---|
| nebbiolo2 | Linux (Ubuntu 24.04.1 LTS) | x86_64 | 4.4.3 (2025-02-28) -- "Trophy Case" | 4764 |
| palomino8 | Windows Server 2022 Datacenter | x64 | 4.4.3 (2025-02-28 ucrt) -- "Trophy Case" | 4495 |
| merida1 | macOS 12.7.5 Monterey | x86_64 | 4.4.3 (2025-02-28) -- "Trophy Case" | 4522 |
| kjohnson1 | macOS 13.6.6 Ventura | arm64 | 4.4.3 (2025-02-28) -- "Trophy Case" | 4449 |
| taishan | Linux (openEuler 24.03 LTS) | aarch64 | 4.4.3 (2025-02-28) -- "Trophy Case" | 4426 |
| Click on any hostname to see more info about the system (e.g. compilers) (*) as reported by 'uname -p', except on Windows and Mac OS X | ||||
| Package 815/2289 | Hostname | OS / Arch | INSTALL | BUILD | CHECK | BUILD BIN | ||||||||
| GenomAutomorphism 1.8.1 (landing page) Robersy Sanchez
| nebbiolo2 | Linux (Ubuntu 24.04.1 LTS) / x86_64 | OK | OK | WARNINGS | |||||||||
| palomino8 | Windows Server 2022 Datacenter / x64 | OK | OK | WARNINGS | OK | |||||||||
| merida1 | macOS 12.7.5 Monterey / x86_64 | OK | OK | WARNINGS | OK | |||||||||
| kjohnson1 | macOS 13.6.6 Ventura / arm64 | OK | OK | WARNINGS | OK | |||||||||
| taishan | Linux (openEuler 24.03 LTS) / aarch64 | OK | OK | WARNINGS | ||||||||||
|
To the developers/maintainers of the GenomAutomorphism package: - Allow up to 24 hours (and sometimes 48 hours) for your latest push to git@git.bioconductor.org:packages/GenomAutomorphism.git to reflect on this report. See Troubleshooting Build Report for more information. - Use the following Renviron settings to reproduce errors and warnings. - If 'R CMD check' started to fail recently on the Linux builder(s) over a missing dependency, add the missing dependency to 'Suggests:' in your DESCRIPTION file. See Renviron.bioc for more information. - See Martin Grigorov's blog post for how to debug Linux ARM64 related issues on a x86_64 host. |
| Package: GenomAutomorphism |
| Version: 1.8.1 |
| Command: /home/biocbuild/R/R/bin/R CMD check --install=check:GenomAutomorphism.install-out.txt --library=/home/biocbuild/R/R/site-library --no-vignettes --timings GenomAutomorphism_1.8.1.tar.gz |
| StartedAt: 2025-04-01 06:46:42 -0000 (Tue, 01 Apr 2025) |
| EndedAt: 2025-04-01 06:50:28 -0000 (Tue, 01 Apr 2025) |
| EllapsedTime: 226.2 seconds |
| RetCode: 0 |
| Status: WARNINGS |
| CheckDir: GenomAutomorphism.Rcheck |
| Warnings: 1 |
##############################################################################
##############################################################################
###
### Running command:
###
### /home/biocbuild/R/R/bin/R CMD check --install=check:GenomAutomorphism.install-out.txt --library=/home/biocbuild/R/R/site-library --no-vignettes --timings GenomAutomorphism_1.8.1.tar.gz
###
##############################################################################
##############################################################################
* using log directory ‘/home/biocbuild/bbs-3.20-bioc/meat/GenomAutomorphism.Rcheck’
* using R version 4.4.3 (2025-02-28)
* using platform: aarch64-unknown-linux-gnu
* R was compiled by
aarch64-unknown-linux-gnu-gcc (GCC) 14.2.0
GNU Fortran (GCC) 14.2.0
* running under: openEuler 24.03 (LTS)
* using session charset: UTF-8
* using option ‘--no-vignettes’
* checking for file ‘GenomAutomorphism/DESCRIPTION’ ... OK
* this is package ‘GenomAutomorphism’ version ‘1.8.1’
* package encoding: UTF-8
* checking package namespace information ... OK
* checking package dependencies ... OK
* checking if this is a source package ... OK
* checking if there is a namespace ... OK
* checking for hidden files and directories ... OK
* checking for portable file names ... OK
* checking for sufficient/correct file permissions ... OK
* checking whether package ‘GenomAutomorphism’ can be installed ... OK
* checking installed package size ... OK
* checking package directory ... OK
* checking ‘build’ directory ... OK
* checking DESCRIPTION meta-information ... OK
* checking top-level files ... OK
* checking for left-over files ... OK
* checking index information ... OK
* checking package subdirectories ... OK
* checking code files for non-ASCII characters ... OK
* checking R files for syntax errors ... OK
* checking whether the package can be loaded ... OK
* checking whether the package can be loaded with stated dependencies ... OK
* checking whether the package can be unloaded cleanly ... OK
* checking whether the namespace can be loaded with stated dependencies ... OK
* checking whether the namespace can be unloaded cleanly ... OK
* checking loading without being on the library search path ... OK
* checking dependencies in R code ... OK
* checking S3 generic/method consistency ... OK
* checking replacement functions ... OK
* checking foreign function calls ... OK
* checking R code for possible problems ... OK
* checking Rd files ... OK
* checking Rd metadata ... OK
* checking Rd cross-references ... OK
* checking for missing documentation entries ... WARNING
Undocumented S4 methods:
generic '[' and siglist 'AutomorphismList,ANY'
generic '[' and siglist 'ListCodonMatrix,ANY'
generic '[' and siglist 'MatrixSeq,ANY'
generic '[[' and siglist 'AutomorphismList'
generic '[[' and siglist 'ListCodonMatrix'
generic 'names<-' and siglist 'AutomorphismList'
generic 'names<-' and siglist 'MatrixSeq'
All user-level objects in a package (including S4 classes and methods)
should have documentation entries.
See chapter ‘Writing R documentation files’ in the ‘Writing R
Extensions’ manual.
* checking for code/documentation mismatches ... OK
* checking Rd \usage sections ... OK
* checking Rd contents ... OK
* checking for unstated dependencies in examples ... OK
* checking contents of ‘data’ directory ... OK
* checking data for non-ASCII characters ... OK
* checking data for ASCII and uncompressed saves ... OK
* checking files in ‘vignettes’ ... OK
* checking examples ... OK
Examples with CPU (user + system) or elapsed time > 5s
user system elapsed
aminoacid_dist 5.312 1.127 5.736
automorphisms 4.780 1.021 5.125
* checking for unstated dependencies in ‘tests’ ... OK
* checking tests ...
Running ‘spelling.R’
Running ‘testthat.R’
OK
* checking for unstated dependencies in vignettes ... OK
* checking package vignettes ... OK
* checking running R code from vignettes ... SKIPPED
* checking re-building of vignette outputs ... SKIPPED
* checking PDF version of manual ... OK
* DONE
Status: 1 WARNING
See
‘/home/biocbuild/bbs-3.20-bioc/meat/GenomAutomorphism.Rcheck/00check.log’
for details.
GenomAutomorphism.Rcheck/00install.out
############################################################################## ############################################################################## ### ### Running command: ### ### /home/biocbuild/R/R/bin/R CMD INSTALL GenomAutomorphism ### ############################################################################## ############################################################################## * installing to library ‘/home/biocbuild/R/R-4.4.3/site-library’ * installing *source* package ‘GenomAutomorphism’ ... ** using staged installation ** R ** data ** inst ** byte-compile and prepare package for lazy loading ** help *** installing help indices *** copying figures ** building package indices ** installing vignettes ** testing if installed package can be loaded from temporary location ** testing if installed package can be loaded from final location ** testing if installed package keeps a record of temporary installation path * DONE (GenomAutomorphism)
GenomAutomorphism.Rcheck/tests/spelling.Rout
R version 4.4.3 (2025-02-28) -- "Trophy Case"
Copyright (C) 2025 The R Foundation for Statistical Computing
Platform: aarch64-unknown-linux-gnu
R is free software and comes with ABSOLUTELY NO WARRANTY.
You are welcome to redistribute it under certain conditions.
Type 'license()' or 'licence()' for distribution details.
R is a collaborative project with many contributors.
Type 'contributors()' for more information and
'citation()' on how to cite R or R packages in publications.
Type 'demo()' for some demos, 'help()' for on-line help, or
'help.start()' for an HTML browser interface to help.
Type 'q()' to quit R.
> if (requireNamespace("spelling", quietly = TRUE)) {
+ spelling::spell_check_test(
+ vignettes = TRUE, error = FALSE,
+ skip_on_cran = TRUE
+ )
+ }
NULL
>
> proc.time()
user system elapsed
0.195 0.028 0.207
GenomAutomorphism.Rcheck/tests/testthat.Rout
R version 4.4.3 (2025-02-28) -- "Trophy Case"
Copyright (C) 2025 The R Foundation for Statistical Computing
Platform: aarch64-unknown-linux-gnu
R is free software and comes with ABSOLUTELY NO WARRANTY.
You are welcome to redistribute it under certain conditions.
Type 'license()' or 'licence()' for distribution details.
R is a collaborative project with many contributors.
Type 'contributors()' for more information and
'citation()' on how to cite R or R packages in publications.
Type 'demo()' for some demos, 'help()' for on-line help, or
'help.start()' for an HTML browser interface to help.
Type 'q()' to quit R.
> library(testthat)
> library(GenomAutomorphism)
>
> test_check("GenomAutomorphism")
[ FAIL 0 | WARN 0 | SKIP 0 | PASS 34 ]
>
> proc.time()
user system elapsed
25.819 3.345 28.839
GenomAutomorphism.Rcheck/GenomAutomorphism-Ex.timings
| name | user | system | elapsed | |
| AutomorphismByCoef | 0.568 | 0.004 | 0.574 | |
| AutomorphismList | 2.828 | 0.024 | 2.858 | |
| CodonMatrix | 0.241 | 0.004 | 0.246 | |
| CodonSeq | 0.453 | 0.012 | 0.466 | |
| GRangesMatrixSeq | 0.227 | 0.024 | 0.251 | |
| ListCodonMatrix | 0.343 | 0.000 | 0.343 | |
| MatrixSeq | 0.123 | 0.004 | 0.128 | |
| aa_phychem_index | 0.098 | 0.004 | 0.102 | |
| aaindex1 | 0.037 | 0.000 | 0.036 | |
| aaindex2 | 0.016 | 0.000 | 0.016 | |
| aaindex3 | 0.011 | 0.000 | 0.010 | |
| aln | 0.086 | 0.004 | 0.089 | |
| aminoacid_dist | 5.312 | 1.127 | 5.736 | |
| as.AutomorphismList | 0.759 | 0.126 | 0.724 | |
| aut3D | 1.372 | 0.403 | 1.530 | |
| autZ125 | 2.548 | 0.754 | 2.488 | |
| autZ5 | 0.982 | 0.317 | 1.083 | |
| autZ64 | 1.755 | 0.382 | 1.910 | |
| autby_coef | 0.361 | 0.051 | 0.414 | |
| autm | 0.071 | 0.000 | 0.071 | |
| autm_3d | 0.100 | 0.004 | 0.105 | |
| autm_z125 | 0.096 | 0.000 | 0.097 | |
| automorphismByRanges | 0.154 | 0.027 | 0.183 | |
| automorphism_bycoef | 0.139 | 0.015 | 0.155 | |
| automorphism_prob | 1.380 | 0.068 | 1.453 | |
| automorphisms | 4.780 | 1.021 | 5.125 | |
| base2codon | 0.046 | 0.010 | 0.056 | |
| base2int | 0.008 | 0.003 | 0.010 | |
| base_methods | 0.501 | 0.091 | 0.593 | |
| brca1_aln | 0.078 | 0.004 | 0.082 | |
| brca1_aln2 | 0.076 | 0.008 | 0.084 | |
| brca1_autm | 0.502 | 0.016 | 0.519 | |
| cdm_z64 | 0.138 | 0.076 | 0.214 | |
| codon_coord | 0.851 | 0.096 | 0.949 | |
| codon_dist | 0.362 | 0.011 | 0.375 | |
| codon_dist_matrix | 0.034 | 0.042 | 2.942 | |
| codon_matrix | 3.460 | 0.352 | 0.918 | |
| conserved_regions | 0.568 | 0.028 | 0.597 | |
| covid_aln | 0.068 | 0.000 | 0.068 | |
| covid_autm | 0.087 | 0.000 | 0.088 | |
| cyc_aln | 0.108 | 0.000 | 0.109 | |
| cyc_autm | 0.168 | 0.000 | 0.169 | |
| dna_phyche | 0.003 | 0.004 | 0.008 | |
| dna_phychem | 0.003 | 0.000 | 0.003 | |
| extract-methods | 0.630 | 0.004 | 0.635 | |
| getAutomorphisms | 0.252 | 0.008 | 0.260 | |
| get_coord | 0.581 | 0.107 | 0.691 | |
| get_mutscore | 0.204 | 0.000 | 0.205 | |
| matrices | 0.585 | 0.004 | 0.591 | |
| mod | 0.001 | 0.000 | 0.002 | |
| modeq | 0.000 | 0.002 | 0.001 | |
| modlineq | 0.000 | 0.002 | 0.003 | |
| mut_type | 0.002 | 0.000 | 0.003 | |
| peptide_phychem_index | 0.117 | 0.000 | 0.117 | |
| reexports | 0.116 | 0.000 | 0.116 | |
| seqranges | 0.596 | 0.016 | 0.613 | |
| slapply | 0.002 | 0.000 | 0.002 | |
| sortByChromAndStart | 0.088 | 0.000 | 0.088 | |
| str2chr | 0 | 0 | 0 | |
| str2dig | 0.000 | 0.000 | 0.001 | |
| translation | 0.793 | 0.004 | 0.800 | |