| Back to Multiple platform build/check report for BioC 3.20: simplified long |
|
This page was generated on 2025-04-02 19:34 -0400 (Wed, 02 Apr 2025).
| Hostname | OS | Arch (*) | R version | Installed pkgs |
|---|---|---|---|---|
| nebbiolo2 | Linux (Ubuntu 24.04.1 LTS) | x86_64 | 4.4.3 (2025-02-28) -- "Trophy Case" | 4764 |
| palomino8 | Windows Server 2022 Datacenter | x64 | 4.4.3 (2025-02-28 ucrt) -- "Trophy Case" | 4495 |
| merida1 | macOS 12.7.5 Monterey | x86_64 | 4.4.3 (2025-02-28) -- "Trophy Case" | 4522 |
| kjohnson1 | macOS 13.6.6 Ventura | arm64 | 4.4.3 (2025-02-28) -- "Trophy Case" | 4449 |
| taishan | Linux (openEuler 24.03 LTS) | aarch64 | 4.4.3 (2025-02-28) -- "Trophy Case" | 4426 |
| Click on any hostname to see more info about the system (e.g. compilers) (*) as reported by 'uname -p', except on Windows and Mac OS X | ||||
| Package 815/2289 | Hostname | OS / Arch | INSTALL | BUILD | CHECK | BUILD BIN | ||||||||
| GenomAutomorphism 1.8.1 (landing page) Robersy Sanchez
| nebbiolo2 | Linux (Ubuntu 24.04.1 LTS) / x86_64 | OK | OK | WARNINGS | |||||||||
| palomino8 | Windows Server 2022 Datacenter / x64 | OK | OK | WARNINGS | OK | |||||||||
| merida1 | macOS 12.7.5 Monterey / x86_64 | OK | OK | WARNINGS | OK | |||||||||
| kjohnson1 | macOS 13.6.6 Ventura / arm64 | OK | OK | WARNINGS | OK | |||||||||
| taishan | Linux (openEuler 24.03 LTS) / aarch64 | OK | OK | WARNINGS | ||||||||||
|
To the developers/maintainers of the GenomAutomorphism package: - Allow up to 24 hours (and sometimes 48 hours) for your latest push to git@git.bioconductor.org:packages/GenomAutomorphism.git to reflect on this report. See Troubleshooting Build Report for more information. - Use the following Renviron settings to reproduce errors and warnings. - If 'R CMD check' started to fail recently on the Linux builder(s) over a missing dependency, add the missing dependency to 'Suggests:' in your DESCRIPTION file. See Renviron.bioc for more information. |
| Package: GenomAutomorphism |
| Version: 1.8.1 |
| Command: /Library/Frameworks/R.framework/Resources/bin/R CMD check --install=check:GenomAutomorphism.install-out.txt --library=/Library/Frameworks/R.framework/Resources/library --no-vignettes --timings GenomAutomorphism_1.8.1.tar.gz |
| StartedAt: 2025-04-01 20:07:18 -0400 (Tue, 01 Apr 2025) |
| EndedAt: 2025-04-01 20:13:52 -0400 (Tue, 01 Apr 2025) |
| EllapsedTime: 394.3 seconds |
| RetCode: 0 |
| Status: WARNINGS |
| CheckDir: GenomAutomorphism.Rcheck |
| Warnings: 1 |
##############################################################################
##############################################################################
###
### Running command:
###
### /Library/Frameworks/R.framework/Resources/bin/R CMD check --install=check:GenomAutomorphism.install-out.txt --library=/Library/Frameworks/R.framework/Resources/library --no-vignettes --timings GenomAutomorphism_1.8.1.tar.gz
###
##############################################################################
##############################################################################
* using log directory ‘/Users/biocbuild/bbs-3.20-bioc/meat/GenomAutomorphism.Rcheck’
* using R version 4.4.3 (2025-02-28)
* using platform: aarch64-apple-darwin20
* R was compiled by
Apple clang version 14.0.0 (clang-1400.0.29.202)
GNU Fortran (GCC) 12.2.0
* running under: macOS Ventura 13.7.1
* using session charset: UTF-8
* using option ‘--no-vignettes’
* checking for file ‘GenomAutomorphism/DESCRIPTION’ ... OK
* this is package ‘GenomAutomorphism’ version ‘1.8.1’
* package encoding: UTF-8
* checking package namespace information ... OK
* checking package dependencies ... OK
* checking if this is a source package ... OK
* checking if there is a namespace ... OK
* checking for hidden files and directories ... OK
* checking for portable file names ... OK
* checking for sufficient/correct file permissions ... OK
* checking whether package ‘GenomAutomorphism’ can be installed ... OK
* checking installed package size ... OK
* checking package directory ... OK
* checking ‘build’ directory ... OK
* checking DESCRIPTION meta-information ... OK
* checking top-level files ... OK
* checking for left-over files ... OK
* checking index information ... OK
* checking package subdirectories ... OK
* checking code files for non-ASCII characters ... OK
* checking R files for syntax errors ... OK
* checking whether the package can be loaded ... OK
* checking whether the package can be loaded with stated dependencies ... OK
* checking whether the package can be unloaded cleanly ... OK
* checking whether the namespace can be loaded with stated dependencies ... OK
* checking whether the namespace can be unloaded cleanly ... OK
* checking dependencies in R code ... OK
* checking S3 generic/method consistency ... OK
* checking replacement functions ... OK
* checking foreign function calls ... OK
* checking R code for possible problems ... OK
* checking Rd files ... OK
* checking Rd metadata ... OK
* checking Rd cross-references ... OK
* checking for missing documentation entries ... WARNING
Undocumented S4 methods:
generic '[' and siglist 'AutomorphismList,ANY'
generic '[' and siglist 'ListCodonMatrix,ANY'
generic '[' and siglist 'MatrixSeq,ANY'
generic '[[' and siglist 'AutomorphismList'
generic '[[' and siglist 'ListCodonMatrix'
generic 'names<-' and siglist 'AutomorphismList'
generic 'names<-' and siglist 'MatrixSeq'
All user-level objects in a package (including S4 classes and methods)
should have documentation entries.
See chapter ‘Writing R documentation files’ in the ‘Writing R
Extensions’ manual.
* checking for code/documentation mismatches ... OK
* checking Rd \usage sections ... OK
* checking Rd contents ... OK
* checking for unstated dependencies in examples ... OK
* checking contents of ‘data’ directory ... OK
* checking data for non-ASCII characters ... OK
* checking data for ASCII and uncompressed saves ... OK
* checking files in ‘vignettes’ ... OK
* checking examples ... OK
Examples with CPU (user + system) or elapsed time > 5s
user system elapsed
automorphisms 7.070 0.173 60.038
aminoacid_dist 3.466 0.972 10.345
autZ64 2.611 0.064 20.386
aut3D 2.050 0.137 19.344
autZ125 2.066 0.051 16.563
autZ5 1.598 0.058 18.960
codon_dist_matrix 0.039 0.009 6.443
* checking for unstated dependencies in ‘tests’ ... OK
* checking tests ...
Running ‘spelling.R’
Running ‘testthat.R’
OK
* checking for unstated dependencies in vignettes ... OK
* checking package vignettes ... OK
* checking running R code from vignettes ... SKIPPED
* checking re-building of vignette outputs ... SKIPPED
* checking PDF version of manual ... OK
* DONE
Status: 1 WARNING
See
‘/Users/biocbuild/bbs-3.20-bioc/meat/GenomAutomorphism.Rcheck/00check.log’
for details.
GenomAutomorphism.Rcheck/00install.out
############################################################################## ############################################################################## ### ### Running command: ### ### /Library/Frameworks/R.framework/Resources/bin/R CMD INSTALL GenomAutomorphism ### ############################################################################## ############################################################################## * installing to library ‘/Library/Frameworks/R.framework/Versions/4.4-arm64/Resources/library’ * installing *source* package ‘GenomAutomorphism’ ... ** using staged installation ** R ** data ** inst ** byte-compile and prepare package for lazy loading ** help *** installing help indices *** copying figures ** building package indices ** installing vignettes ** testing if installed package can be loaded from temporary location ** testing if installed package can be loaded from final location ** testing if installed package keeps a record of temporary installation path * DONE (GenomAutomorphism)
GenomAutomorphism.Rcheck/tests/spelling.Rout
R version 4.4.3 (2025-02-28) -- "Trophy Case"
Copyright (C) 2025 The R Foundation for Statistical Computing
Platform: aarch64-apple-darwin20
R is free software and comes with ABSOLUTELY NO WARRANTY.
You are welcome to redistribute it under certain conditions.
Type 'license()' or 'licence()' for distribution details.
R is a collaborative project with many contributors.
Type 'contributors()' for more information and
'citation()' on how to cite R or R packages in publications.
Type 'demo()' for some demos, 'help()' for on-line help, or
'help.start()' for an HTML browser interface to help.
Type 'q()' to quit R.
> if (requireNamespace("spelling", quietly = TRUE)) {
+ spelling::spell_check_test(
+ vignettes = TRUE, error = FALSE,
+ skip_on_cran = TRUE
+ )
+ }
NULL
>
> proc.time()
user system elapsed
0.202 0.055 0.245
GenomAutomorphism.Rcheck/tests/testthat.Rout
R version 4.4.3 (2025-02-28) -- "Trophy Case"
Copyright (C) 2025 The R Foundation for Statistical Computing
Platform: aarch64-apple-darwin20
R is free software and comes with ABSOLUTELY NO WARRANTY.
You are welcome to redistribute it under certain conditions.
Type 'license()' or 'licence()' for distribution details.
R is a collaborative project with many contributors.
Type 'contributors()' for more information and
'citation()' on how to cite R or R packages in publications.
Type 'demo()' for some demos, 'help()' for on-line help, or
'help.start()' for an HTML browser interface to help.
Type 'q()' to quit R.
> library(testthat)
> library(GenomAutomorphism)
>
> test_check("GenomAutomorphism")
[ FAIL 0 | WARN 0 | SKIP 0 | PASS 34 ]
>
> proc.time()
user system elapsed
25.495 1.107 69.400
GenomAutomorphism.Rcheck/GenomAutomorphism-Ex.timings
| name | user | system | elapsed | |
| AutomorphismByCoef | 0.453 | 0.010 | 0.463 | |
| AutomorphismList | 2.707 | 0.049 | 2.756 | |
| CodonMatrix | 0.189 | 0.004 | 0.193 | |
| CodonSeq | 0.429 | 0.023 | 0.452 | |
| GRangesMatrixSeq | 0.228 | 0.026 | 0.254 | |
| ListCodonMatrix | 0.235 | 0.004 | 0.239 | |
| MatrixSeq | 0.137 | 0.013 | 0.151 | |
| aa_phychem_index | 0.135 | 0.023 | 0.159 | |
| aaindex1 | 0.048 | 0.006 | 0.053 | |
| aaindex2 | 0.021 | 0.005 | 0.027 | |
| aaindex3 | 0.014 | 0.006 | 0.020 | |
| aln | 0.091 | 0.003 | 0.094 | |
| aminoacid_dist | 3.466 | 0.972 | 10.345 | |
| as.AutomorphismList | 0.574 | 0.064 | 0.639 | |
| aut3D | 2.050 | 0.137 | 19.344 | |
| autZ125 | 2.066 | 0.051 | 16.563 | |
| autZ5 | 1.598 | 0.058 | 18.960 | |
| autZ64 | 2.611 | 0.064 | 20.386 | |
| autby_coef | 0.318 | 0.009 | 0.338 | |
| autm | 0.075 | 0.004 | 0.078 | |
| autm_3d | 0.121 | 0.004 | 0.126 | |
| autm_z125 | 0.094 | 0.004 | 0.097 | |
| automorphismByRanges | 0.142 | 0.007 | 0.149 | |
| automorphism_bycoef | 0.130 | 0.008 | 0.139 | |
| automorphism_prob | 1.108 | 0.031 | 1.140 | |
| automorphisms | 7.070 | 0.173 | 60.038 | |
| base2codon | 0.080 | 0.004 | 0.090 | |
| base2int | 0.005 | 0.001 | 0.007 | |
| base_methods | 0.456 | 0.023 | 0.479 | |
| brca1_aln | 0.063 | 0.007 | 0.070 | |
| brca1_aln2 | 0.071 | 0.007 | 0.078 | |
| brca1_autm | 0.457 | 0.008 | 0.465 | |
| cdm_z64 | 0.213 | 0.448 | 0.668 | |
| codon_coord | 0.961 | 0.011 | 0.982 | |
| codon_dist | 0.180 | 0.007 | 0.188 | |
| codon_dist_matrix | 0.039 | 0.009 | 6.443 | |
| codon_matrix | 0.345 | 0.020 | 0.375 | |
| conserved_regions | 0.261 | 0.009 | 0.273 | |
| covid_aln | 0.034 | 0.002 | 0.037 | |
| covid_autm | 0.076 | 0.004 | 0.081 | |
| cyc_aln | 0.085 | 0.004 | 0.089 | |
| cyc_autm | 0.207 | 0.006 | 0.213 | |
| dna_phyche | 0.007 | 0.004 | 0.010 | |
| dna_phychem | 0.002 | 0.001 | 0.003 | |
| extract-methods | 0.531 | 0.017 | 0.548 | |
| getAutomorphisms | 0.211 | 0.011 | 0.221 | |
| get_coord | 0.660 | 0.009 | 0.668 | |
| get_mutscore | 0.205 | 0.022 | 0.226 | |
| matrices | 0.610 | 0.011 | 0.622 | |
| mod | 0.002 | 0.001 | 0.002 | |
| modeq | 0.001 | 0.000 | 0.002 | |
| modlineq | 0.002 | 0.002 | 0.004 | |
| mut_type | 0.002 | 0.001 | 0.001 | |
| peptide_phychem_index | 0.149 | 0.021 | 0.170 | |
| reexports | 0.152 | 0.008 | 0.161 | |
| seqranges | 0.640 | 0.007 | 0.651 | |
| slapply | 0.001 | 0.000 | 0.002 | |
| sortByChromAndStart | 0.055 | 0.001 | 0.056 | |
| str2chr | 0.000 | 0.001 | 0.000 | |
| str2dig | 0 | 0 | 0 | |
| translation | 1.011 | 0.007 | 1.018 | |