| Back to Multiple platform build/check report for BioC 3.20: simplified long |
|
This page was generated on 2024-11-20 12:06 -0500 (Wed, 20 Nov 2024).
| Hostname | OS | Arch (*) | R version | Installed pkgs |
|---|---|---|---|---|
| teran2 | Linux (Ubuntu 24.04.1 LTS) | x86_64 | 4.4.2 (2024-10-31) -- "Pile of Leaves" | 4481 |
| nebbiolo2 | Linux (Ubuntu 24.04.1 LTS) | x86_64 | 4.4.2 (2024-10-31) -- "Pile of Leaves" | 4479 |
| palomino8 | Windows Server 2022 Datacenter | x64 | 4.4.2 (2024-10-31 ucrt) -- "Pile of Leaves" | 4359 |
| lconway | macOS 12.7.1 Monterey | x86_64 | 4.4.1 (2024-06-14) -- "Race for Your Life" | 4539 |
| kunpeng2 | Linux (openEuler 22.03 LTS-SP1) | aarch64 | 4.4.1 (2024-06-14) -- "Race for Your Life" | 4493 |
| Click on any hostname to see more info about the system (e.g. compilers) (*) as reported by 'uname -p', except on Windows and Mac OS X | ||||
| Package 815/2289 | Hostname | OS / Arch | INSTALL | BUILD | CHECK | BUILD BIN | ||||||||
| GenomAutomorphism 1.8.0 (landing page) Robersy Sanchez
| teran2 | Linux (Ubuntu 24.04.1 LTS) / x86_64 | OK | OK | WARNINGS | |||||||||
| nebbiolo2 | Linux (Ubuntu 24.04.1 LTS) / x86_64 | OK | OK | WARNINGS | ||||||||||
| palomino8 | Windows Server 2022 Datacenter / x64 | OK | OK | WARNINGS | OK | |||||||||
| lconway | macOS 12.7.1 Monterey / x86_64 | OK | OK | WARNINGS | OK | |||||||||
| kunpeng2 | Linux (openEuler 22.03 LTS-SP1) / aarch64 | OK | OK | WARNINGS | ||||||||||
|
To the developers/maintainers of the GenomAutomorphism package: - Allow up to 24 hours (and sometimes 48 hours) for your latest push to git@git.bioconductor.org:packages/GenomAutomorphism.git to reflect on this report. See Troubleshooting Build Report for more information. - Use the following Renviron settings to reproduce errors and warnings. - If 'R CMD check' started to fail recently on the Linux builder(s) over a missing dependency, add the missing dependency to 'Suggests:' in your DESCRIPTION file. See Renviron.bioc for more information. |
| Package: GenomAutomorphism |
| Version: 1.8.0 |
| Command: /Library/Frameworks/R.framework/Resources/bin/R CMD check --install=check:GenomAutomorphism.install-out.txt --library=/Library/Frameworks/R.framework/Resources/library --no-vignettes --timings GenomAutomorphism_1.8.0.tar.gz |
| StartedAt: 2024-11-19 22:24:57 -0500 (Tue, 19 Nov 2024) |
| EndedAt: 2024-11-19 22:33:39 -0500 (Tue, 19 Nov 2024) |
| EllapsedTime: 522.6 seconds |
| RetCode: 0 |
| Status: WARNINGS |
| CheckDir: GenomAutomorphism.Rcheck |
| Warnings: 1 |
##############################################################################
##############################################################################
###
### Running command:
###
### /Library/Frameworks/R.framework/Resources/bin/R CMD check --install=check:GenomAutomorphism.install-out.txt --library=/Library/Frameworks/R.framework/Resources/library --no-vignettes --timings GenomAutomorphism_1.8.0.tar.gz
###
##############################################################################
##############################################################################
* using log directory ‘/Users/biocbuild/bbs-3.20-bioc/meat/GenomAutomorphism.Rcheck’
* using R version 4.4.1 (2024-06-14)
* using platform: x86_64-apple-darwin20
* R was compiled by
Apple clang version 14.0.0 (clang-1400.0.29.202)
GNU Fortran (GCC) 12.2.0
* running under: macOS Monterey 12.7.6
* using session charset: UTF-8
* using option ‘--no-vignettes’
* checking for file ‘GenomAutomorphism/DESCRIPTION’ ... OK
* this is package ‘GenomAutomorphism’ version ‘1.8.0’
* package encoding: UTF-8
* checking package namespace information ... OK
* checking package dependencies ...Warning: unable to access index for repository https://CRAN.R-project.org/src/contrib:
cannot open URL 'https://CRAN.R-project.org/src/contrib/PACKAGES'
OK
* checking if this is a source package ... OK
* checking if there is a namespace ... OK
* checking for hidden files and directories ... OK
* checking for portable file names ... OK
* checking for sufficient/correct file permissions ... OK
* checking whether package ‘GenomAutomorphism’ can be installed ... OK
* checking installed package size ... OK
* checking package directory ... OK
* checking ‘build’ directory ... OK
* checking DESCRIPTION meta-information ... OK
* checking top-level files ... OK
* checking for left-over files ... OK
* checking index information ... OK
* checking package subdirectories ... OK
* checking code files for non-ASCII characters ... OK
* checking R files for syntax errors ... OK
* checking whether the package can be loaded ... OK
* checking whether the package can be loaded with stated dependencies ... OK
* checking whether the package can be unloaded cleanly ... OK
* checking whether the namespace can be loaded with stated dependencies ... OK
* checking whether the namespace can be unloaded cleanly ... OK
* checking dependencies in R code ... OK
* checking S3 generic/method consistency ... OK
* checking replacement functions ... OK
* checking foreign function calls ... OK
* checking R code for possible problems ... OK
* checking Rd files ... OK
* checking Rd metadata ... OK
* checking Rd cross-references ... OK
* checking for missing documentation entries ... WARNING
Undocumented S4 methods:
generic '[' and siglist 'AutomorphismList,ANY'
generic '[' and siglist 'ListCodonMatrix,ANY'
generic '[' and siglist 'MatrixSeq,ANY'
generic '[[' and siglist 'AutomorphismList'
generic '[[' and siglist 'ListCodonMatrix'
generic 'names<-' and siglist 'AutomorphismList'
generic 'names<-' and siglist 'MatrixSeq'
All user-level objects in a package (including S4 classes and methods)
should have documentation entries.
See chapter ‘Writing R documentation files’ in the ‘Writing R
Extensions’ manual.
* checking for code/documentation mismatches ... OK
* checking Rd \usage sections ... OK
* checking Rd contents ... OK
* checking for unstated dependencies in examples ... OK
* checking contents of ‘data’ directory ... OK
* checking data for non-ASCII characters ... OK
* checking data for ASCII and uncompressed saves ... OK
* checking files in ‘vignettes’ ... OK
* checking examples ... OK
Examples with CPU (user + system) or elapsed time > 5s
user system elapsed
automorphisms 4.722 0.101 46.213
aminoacid_dist 2.531 0.660 7.608
autZ64 1.650 0.051 15.040
aut3D 1.442 0.075 15.140
autZ125 1.390 0.042 12.382
autZ5 1.099 0.040 14.910
codon_dist_matrix 0.030 0.007 5.113
* checking for unstated dependencies in ‘tests’ ... OK
* checking tests ...
Running ‘spelling.R’
Running ‘testthat.R’
OK
* checking for unstated dependencies in vignettes ... OK
* checking package vignettes ... OK
* checking running R code from vignettes ... SKIPPED
* checking re-building of vignette outputs ... SKIPPED
* checking PDF version of manual ... OK
* DONE
Status: 1 WARNING
See
‘/Users/biocbuild/bbs-3.20-bioc/meat/GenomAutomorphism.Rcheck/00check.log’
for details.
GenomAutomorphism.Rcheck/00install.out
############################################################################## ############################################################################## ### ### Running command: ### ### /Library/Frameworks/R.framework/Resources/bin/R CMD INSTALL GenomAutomorphism ### ############################################################################## ############################################################################## * installing to library ‘/Library/Frameworks/R.framework/Versions/4.4-x86_64/Resources/library’ * installing *source* package ‘GenomAutomorphism’ ... ** using staged installation ** R ** data ** inst ** byte-compile and prepare package for lazy loading ** help *** installing help indices *** copying figures ** building package indices ** installing vignettes ** testing if installed package can be loaded from temporary location ** testing if installed package can be loaded from final location ** testing if installed package keeps a record of temporary installation path * DONE (GenomAutomorphism)
GenomAutomorphism.Rcheck/tests/spelling.Rout
R version 4.4.1 (2024-06-14) -- "Race for Your Life"
Copyright (C) 2024 The R Foundation for Statistical Computing
Platform: x86_64-apple-darwin20
R is free software and comes with ABSOLUTELY NO WARRANTY.
You are welcome to redistribute it under certain conditions.
Type 'license()' or 'licence()' for distribution details.
R is a collaborative project with many contributors.
Type 'contributors()' for more information and
'citation()' on how to cite R or R packages in publications.
Type 'demo()' for some demos, 'help()' for on-line help, or
'help.start()' for an HTML browser interface to help.
Type 'q()' to quit R.
> if (requireNamespace("spelling", quietly = TRUE)) {
+ spelling::spell_check_test(
+ vignettes = TRUE, error = FALSE,
+ skip_on_cran = TRUE
+ )
+ }
NULL
>
> proc.time()
user system elapsed
0.151 0.059 0.204
GenomAutomorphism.Rcheck/tests/testthat.Rout
R version 4.4.1 (2024-06-14) -- "Race for Your Life"
Copyright (C) 2024 The R Foundation for Statistical Computing
Platform: x86_64-apple-darwin20
R is free software and comes with ABSOLUTELY NO WARRANTY.
You are welcome to redistribute it under certain conditions.
Type 'license()' or 'licence()' for distribution details.
R is a collaborative project with many contributors.
Type 'contributors()' for more information and
'citation()' on how to cite R or R packages in publications.
Type 'demo()' for some demos, 'help()' for on-line help, or
'help.start()' for an HTML browser interface to help.
Type 'q()' to quit R.
> library(testthat)
> library(GenomAutomorphism)
>
> test_check("GenomAutomorphism")
[ FAIL 0 | WARN 0 | SKIP 0 | PASS 33 ]
>
> proc.time()
user system elapsed
18.100 0.828 56.612
GenomAutomorphism.Rcheck/GenomAutomorphism-Ex.timings
| name | user | system | elapsed | |
| AutomorphismByCoef | 0.329 | 0.009 | 0.338 | |
| AutomorphismList | 1.817 | 0.025 | 1.845 | |
| CodonMatrix | 0.137 | 0.003 | 0.141 | |
| CodonSeq | 0.300 | 0.014 | 0.315 | |
| GRangesMatrixSeq | 0.152 | 0.014 | 0.167 | |
| ListCodonMatrix | 0.181 | 0.003 | 0.184 | |
| MatrixSeq | 0.084 | 0.003 | 0.087 | |
| aa_phychem_index | 0.075 | 0.008 | 0.083 | |
| aaindex1 | 0.027 | 0.002 | 0.028 | |
| aaindex2 | 0.012 | 0.002 | 0.014 | |
| aaindex3 | 0.008 | 0.002 | 0.009 | |
| aln | 0.055 | 0.002 | 0.057 | |
| aminoacid_dist | 2.531 | 0.660 | 7.608 | |
| as.AutomorphismList | 0.429 | 0.027 | 0.458 | |
| aut3D | 1.442 | 0.075 | 15.140 | |
| autZ125 | 1.390 | 0.042 | 12.382 | |
| autZ5 | 1.099 | 0.040 | 14.910 | |
| autZ64 | 1.650 | 0.051 | 15.040 | |
| autby_coef | 0.232 | 0.004 | 0.238 | |
| autm | 0.051 | 0.004 | 0.054 | |
| autm_3d | 0.088 | 0.004 | 0.091 | |
| autm_z125 | 0.068 | 0.004 | 0.072 | |
| automorphismByRanges | 0.105 | 0.006 | 0.111 | |
| automorphism_bycoef | 0.098 | 0.008 | 0.106 | |
| automorphisms | 4.722 | 0.101 | 46.213 | |
| base2codon | 0.050 | 0.007 | 0.058 | |
| base2int | 0.005 | 0.001 | 0.006 | |
| base_methods | 0.334 | 0.024 | 0.360 | |
| brca1_aln | 0.045 | 0.004 | 0.049 | |
| brca1_aln2 | 0.049 | 0.004 | 0.054 | |
| brca1_autm | 0.294 | 0.004 | 0.298 | |
| cdm_z64 | 0.151 | 0.289 | 0.443 | |
| codon_coord | 0.692 | 0.014 | 0.707 | |
| codon_dist | 0.219 | 0.004 | 0.225 | |
| codon_dist_matrix | 0.030 | 0.007 | 5.113 | |
| codon_matrix | 0.425 | 0.011 | 0.437 | |
| conserved_regions | 0.315 | 0.005 | 0.321 | |
| covid_aln | 0.055 | 0.001 | 0.058 | |
| covid_autm | 0.063 | 0.003 | 0.067 | |
| cyc_aln | 0.076 | 0.003 | 0.079 | |
| cyc_autm | 0.121 | 0.003 | 0.125 | |
| dna_phyche | 0.004 | 0.001 | 0.005 | |
| dna_phychem | 0.002 | 0.000 | 0.003 | |
| extract-methods | 0.374 | 0.003 | 0.377 | |
| getAutomorphisms | 0.142 | 0.006 | 0.148 | |
| get_coord | 0.441 | 0.004 | 0.446 | |
| get_mutscore | 0.135 | 0.006 | 0.141 | |
| matrices | 0.419 | 0.011 | 0.432 | |
| mod | 0.002 | 0.000 | 0.002 | |
| modeq | 0.001 | 0.000 | 0.002 | |
| modlineq | 0.002 | 0.001 | 0.003 | |
| mut_type | 0.002 | 0.000 | 0.001 | |
| peptide_phychem_index | 0.087 | 0.006 | 0.093 | |
| reexports | 0.093 | 0.005 | 0.098 | |
| seqranges | 0.455 | 0.004 | 0.461 | |
| slapply | 0.001 | 0.000 | 0.002 | |
| sortByChromAndStart | 0.050 | 0.001 | 0.050 | |
| str2chr | 0.001 | 0.000 | 0.000 | |
| str2dig | 0 | 0 | 0 | |
| translation | 0.655 | 0.006 | 0.663 | |