| Back to Multiple platform build/check report for BioC 3.20: simplified long |
|
This page was generated on 2024-11-20 12:07 -0500 (Wed, 20 Nov 2024).
| Hostname | OS | Arch (*) | R version | Installed pkgs |
|---|---|---|---|---|
| teran2 | Linux (Ubuntu 24.04.1 LTS) | x86_64 | 4.4.2 (2024-10-31) -- "Pile of Leaves" | 4481 |
| nebbiolo2 | Linux (Ubuntu 24.04.1 LTS) | x86_64 | 4.4.2 (2024-10-31) -- "Pile of Leaves" | 4479 |
| palomino8 | Windows Server 2022 Datacenter | x64 | 4.4.2 (2024-10-31 ucrt) -- "Pile of Leaves" | 4359 |
| lconway | macOS 12.7.1 Monterey | x86_64 | 4.4.1 (2024-06-14) -- "Race for Your Life" | 4539 |
| kunpeng2 | Linux (openEuler 22.03 LTS-SP1) | aarch64 | 4.4.1 (2024-06-14) -- "Race for Your Life" | 4493 |
| Click on any hostname to see more info about the system (e.g. compilers) (*) as reported by 'uname -p', except on Windows and Mac OS X | ||||
| Package 815/2289 | Hostname | OS / Arch | INSTALL | BUILD | CHECK | BUILD BIN | ||||||||
| GenomAutomorphism 1.8.0 (landing page) Robersy Sanchez
| teran2 | Linux (Ubuntu 24.04.1 LTS) / x86_64 | OK | OK | WARNINGS | |||||||||
| nebbiolo2 | Linux (Ubuntu 24.04.1 LTS) / x86_64 | OK | OK | WARNINGS | ||||||||||
| palomino8 | Windows Server 2022 Datacenter / x64 | OK | OK | WARNINGS | OK | |||||||||
| lconway | macOS 12.7.1 Monterey / x86_64 | OK | OK | WARNINGS | OK | |||||||||
| kunpeng2 | Linux (openEuler 22.03 LTS-SP1) / aarch64 | OK | OK | WARNINGS | ||||||||||
|
To the developers/maintainers of the GenomAutomorphism package: - Allow up to 24 hours (and sometimes 48 hours) for your latest push to git@git.bioconductor.org:packages/GenomAutomorphism.git to reflect on this report. See Troubleshooting Build Report for more information. - Use the following Renviron settings to reproduce errors and warnings. - If 'R CMD check' started to fail recently on the Linux builder(s) over a missing dependency, add the missing dependency to 'Suggests:' in your DESCRIPTION file. See Renviron.bioc for more information. - See Martin Grigorov's blog post for how to debug Linux ARM64 related issues on a x86_64 host. |
| Package: GenomAutomorphism |
| Version: 1.8.0 |
| Command: /home/biocbuild/R/R/bin/R CMD check --install=check:GenomAutomorphism.install-out.txt --library=/home/biocbuild/R/R/site-library --no-vignettes --timings GenomAutomorphism_1.8.0.tar.gz |
| StartedAt: 2024-11-20 08:08:53 -0000 (Wed, 20 Nov 2024) |
| EndedAt: 2024-11-20 08:13:08 -0000 (Wed, 20 Nov 2024) |
| EllapsedTime: 255.4 seconds |
| RetCode: 0 |
| Status: WARNINGS |
| CheckDir: GenomAutomorphism.Rcheck |
| Warnings: 1 |
##############################################################################
##############################################################################
###
### Running command:
###
### /home/biocbuild/R/R/bin/R CMD check --install=check:GenomAutomorphism.install-out.txt --library=/home/biocbuild/R/R/site-library --no-vignettes --timings GenomAutomorphism_1.8.0.tar.gz
###
##############################################################################
##############################################################################
* using log directory ‘/home/biocbuild/bbs-3.20-bioc/meat/GenomAutomorphism.Rcheck’
* using R version 4.4.1 (2024-06-14)
* using platform: aarch64-unknown-linux-gnu
* R was compiled by
gcc (GCC) 12.2.1 20220819 (openEuler 12.2.1-14)
GNU Fortran (GCC) 10.3.1
* running under: openEuler 22.03 (LTS-SP1)
* using session charset: UTF-8
* using option ‘--no-vignettes’
* checking for file ‘GenomAutomorphism/DESCRIPTION’ ... OK
* this is package ‘GenomAutomorphism’ version ‘1.8.0’
* package encoding: UTF-8
* checking package namespace information ... OK
* checking package dependencies ... OK
* checking if this is a source package ... OK
* checking if there is a namespace ... OK
* checking for hidden files and directories ... OK
* checking for portable file names ... OK
* checking for sufficient/correct file permissions ... OK
* checking whether package ‘GenomAutomorphism’ can be installed ... OK
* checking installed package size ... OK
* checking package directory ... OK
* checking ‘build’ directory ... OK
* checking DESCRIPTION meta-information ... OK
* checking top-level files ... OK
* checking for left-over files ... OK
* checking index information ... OK
* checking package subdirectories ... OK
* checking code files for non-ASCII characters ... OK
* checking R files for syntax errors ... OK
* checking whether the package can be loaded ... OK
* checking whether the package can be loaded with stated dependencies ... OK
* checking whether the package can be unloaded cleanly ... OK
* checking whether the namespace can be loaded with stated dependencies ... OK
* checking whether the namespace can be unloaded cleanly ... OK
* checking loading without being on the library search path ... OK
* checking dependencies in R code ... OK
* checking S3 generic/method consistency ... OK
* checking replacement functions ... OK
* checking foreign function calls ... OK
* checking R code for possible problems ... OK
* checking Rd files ... OK
* checking Rd metadata ... OK
* checking Rd cross-references ... OK
* checking for missing documentation entries ... WARNING
Undocumented S4 methods:
generic '[' and siglist 'AutomorphismList,ANY'
generic '[' and siglist 'ListCodonMatrix,ANY'
generic '[' and siglist 'MatrixSeq,ANY'
generic '[[' and siglist 'AutomorphismList'
generic '[[' and siglist 'ListCodonMatrix'
generic 'names<-' and siglist 'AutomorphismList'
generic 'names<-' and siglist 'MatrixSeq'
All user-level objects in a package (including S4 classes and methods)
should have documentation entries.
See chapter ‘Writing R documentation files’ in the ‘Writing R
Extensions’ manual.
* checking for code/documentation mismatches ... OK
* checking Rd \usage sections ... OK
* checking Rd contents ... OK
* checking for unstated dependencies in examples ... OK
* checking contents of ‘data’ directory ... OK
* checking data for non-ASCII characters ... OK
* checking data for ASCII and uncompressed saves ... OK
* checking files in ‘vignettes’ ... OK
* checking examples ... OK
Examples with CPU (user + system) or elapsed time > 5s
user system elapsed
aminoacid_dist 6.277 1.718 7.257
automorphisms 6.152 1.235 6.655
* checking for unstated dependencies in ‘tests’ ... OK
* checking tests ...
Running ‘spelling.R’
Running ‘testthat.R’
OK
* checking for unstated dependencies in vignettes ... OK
* checking package vignettes ... OK
* checking running R code from vignettes ... SKIPPED
* checking re-building of vignette outputs ... SKIPPED
* checking PDF version of manual ... OK
* DONE
Status: 1 WARNING
See
‘/home/biocbuild/bbs-3.20-bioc/meat/GenomAutomorphism.Rcheck/00check.log’
for details.
GenomAutomorphism.Rcheck/00install.out
############################################################################## ############################################################################## ### ### Running command: ### ### /home/biocbuild/R/R/bin/R CMD INSTALL GenomAutomorphism ### ############################################################################## ############################################################################## * installing to library ‘/home/biocbuild/R/R-4.4.1/site-library’ * installing *source* package ‘GenomAutomorphism’ ... ** using staged installation ** R ** data ** inst ** byte-compile and prepare package for lazy loading ** help *** installing help indices *** copying figures ** building package indices ** installing vignettes ** testing if installed package can be loaded from temporary location ** testing if installed package can be loaded from final location ** testing if installed package keeps a record of temporary installation path * DONE (GenomAutomorphism)
GenomAutomorphism.Rcheck/tests/spelling.Rout
R version 4.4.1 (2024-06-14) -- "Race for Your Life"
Copyright (C) 2024 The R Foundation for Statistical Computing
Platform: aarch64-unknown-linux-gnu
R is free software and comes with ABSOLUTELY NO WARRANTY.
You are welcome to redistribute it under certain conditions.
Type 'license()' or 'licence()' for distribution details.
R is a collaborative project with many contributors.
Type 'contributors()' for more information and
'citation()' on how to cite R or R packages in publications.
Type 'demo()' for some demos, 'help()' for on-line help, or
'help.start()' for an HTML browser interface to help.
Type 'q()' to quit R.
> if (requireNamespace("spelling", quietly = TRUE)) {
+ spelling::spell_check_test(
+ vignettes = TRUE, error = FALSE,
+ skip_on_cran = TRUE
+ )
+ }
NULL
>
> proc.time()
user system elapsed
0.290 0.018 0.209
GenomAutomorphism.Rcheck/tests/testthat.Rout
R version 4.4.1 (2024-06-14) -- "Race for Your Life"
Copyright (C) 2024 The R Foundation for Statistical Computing
Platform: aarch64-unknown-linux-gnu
R is free software and comes with ABSOLUTELY NO WARRANTY.
You are welcome to redistribute it under certain conditions.
Type 'license()' or 'licence()' for distribution details.
R is a collaborative project with many contributors.
Type 'contributors()' for more information and
'citation()' on how to cite R or R packages in publications.
Type 'demo()' for some demos, 'help()' for on-line help, or
'help.start()' for an HTML browser interface to help.
Type 'q()' to quit R.
> library(testthat)
> library(GenomAutomorphism)
>
> test_check("GenomAutomorphism")
[ FAIL 0 | WARN 0 | SKIP 0 | PASS 33 ]
>
> proc.time()
user system elapsed
28.309 2.519 30.434
GenomAutomorphism.Rcheck/GenomAutomorphism-Ex.timings
| name | user | system | elapsed | |
| AutomorphismByCoef | 0.582 | 0.012 | 0.595 | |
| AutomorphismList | 3.089 | 0.060 | 3.155 | |
| CodonMatrix | 0.268 | 0.000 | 0.270 | |
| CodonSeq | 0.583 | 0.004 | 0.589 | |
| GRangesMatrixSeq | 0.258 | 0.020 | 0.278 | |
| ListCodonMatrix | 0.365 | 0.004 | 0.373 | |
| MatrixSeq | 0.122 | 0.004 | 0.126 | |
| aa_phychem_index | 0.096 | 0.008 | 0.104 | |
| aaindex1 | 0.032 | 0.004 | 0.036 | |
| aaindex2 | 0.015 | 0.000 | 0.016 | |
| aaindex3 | 0.01 | 0.00 | 0.01 | |
| aln | 0.085 | 0.004 | 0.089 | |
| aminoacid_dist | 6.277 | 1.718 | 7.257 | |
| as.AutomorphismList | 0.796 | 0.139 | 0.754 | |
| aut3D | 1.810 | 0.579 | 2.125 | |
| autZ125 | 3.180 | 0.970 | 3.181 | |
| autZ5 | 1.213 | 0.363 | 1.352 | |
| autZ64 | 2.127 | 0.464 | 2.349 | |
| autby_coef | 0.388 | 0.011 | 0.409 | |
| autm | 0.072 | 0.004 | 0.076 | |
| autm_3d | 0.112 | 0.008 | 0.121 | |
| autm_z125 | 0.089 | 0.004 | 0.094 | |
| automorphismByRanges | 0.155 | 0.028 | 0.184 | |
| automorphism_bycoef | 0.146 | 0.004 | 0.151 | |
| automorphisms | 6.152 | 1.235 | 6.655 | |
| base2codon | 0.071 | 0.007 | 0.079 | |
| base2int | 0.010 | 0.001 | 0.011 | |
| base_methods | 0.569 | 0.055 | 0.626 | |
| brca1_aln | 0.083 | 0.003 | 0.086 | |
| brca1_aln2 | 0.070 | 0.016 | 0.086 | |
| brca1_autm | 0.507 | 0.024 | 0.531 | |
| cdm_z64 | 0.128 | 0.084 | 0.212 | |
| codon_coord | 1.144 | 0.196 | 1.342 | |
| codon_dist | 0.381 | 0.008 | 0.390 | |
| codon_dist_matrix | 0.046 | 0.032 | 3.027 | |
| codon_matrix | 3.577 | 0.346 | 0.938 | |
| conserved_regions | 0.595 | 0.007 | 0.605 | |
| covid_aln | 0.074 | 0.000 | 0.075 | |
| covid_autm | 0.089 | 0.000 | 0.089 | |
| cyc_aln | 0.114 | 0.000 | 0.114 | |
| cyc_autm | 0.165 | 0.003 | 0.170 | |
| dna_phyche | 0.007 | 0.000 | 0.008 | |
| dna_phychem | 0.003 | 0.000 | 0.003 | |
| extract-methods | 0.620 | 0.016 | 0.637 | |
| getAutomorphisms | 0.236 | 0.024 | 0.260 | |
| get_coord | 0.703 | 0.088 | 0.792 | |
| get_mutscore | 0.191 | 0.008 | 0.199 | |
| matrices | 0.634 | 0.012 | 0.648 | |
| mod | 0.002 | 0.000 | 0.002 | |
| modeq | 0.001 | 0.000 | 0.001 | |
| modlineq | 0.003 | 0.000 | 0.003 | |
| mut_type | 0.003 | 0.000 | 0.003 | |
| peptide_phychem_index | 0.119 | 0.000 | 0.119 | |
| reexports | 0.111 | 0.004 | 0.114 | |
| seqranges | 0.677 | 0.056 | 0.735 | |
| slapply | 0.002 | 0.000 | 0.002 | |
| sortByChromAndStart | 0.085 | 0.000 | 0.085 | |
| str2chr | 0.000 | 0.000 | 0.001 | |
| str2dig | 0 | 0 | 0 | |
| translation | 0.967 | 0.000 | 0.969 | |