| Back to Multiple platform build/check report for BioC 3.20: simplified long |
|
This page was generated on 2024-11-20 12:06 -0500 (Wed, 20 Nov 2024).
| Hostname | OS | Arch (*) | R version | Installed pkgs |
|---|---|---|---|---|
| teran2 | Linux (Ubuntu 24.04.1 LTS) | x86_64 | 4.4.2 (2024-10-31) -- "Pile of Leaves" | 4481 |
| nebbiolo2 | Linux (Ubuntu 24.04.1 LTS) | x86_64 | 4.4.2 (2024-10-31) -- "Pile of Leaves" | 4479 |
| palomino8 | Windows Server 2022 Datacenter | x64 | 4.4.2 (2024-10-31 ucrt) -- "Pile of Leaves" | 4359 |
| lconway | macOS 12.7.1 Monterey | x86_64 | 4.4.1 (2024-06-14) -- "Race for Your Life" | 4539 |
| kunpeng2 | Linux (openEuler 22.03 LTS-SP1) | aarch64 | 4.4.1 (2024-06-14) -- "Race for Your Life" | 4493 |
| Click on any hostname to see more info about the system (e.g. compilers) (*) as reported by 'uname -p', except on Windows and Mac OS X | ||||
| Package 348/2289 | Hostname | OS / Arch | INSTALL | BUILD | CHECK | BUILD BIN | ||||||||
| ChromSCape 1.16.0 (landing page) Pacome Prompsy
| teran2 | Linux (Ubuntu 24.04.1 LTS) / x86_64 | OK | OK | WARNINGS | |||||||||
| nebbiolo2 | Linux (Ubuntu 24.04.1 LTS) / x86_64 | OK | OK | WARNINGS | ||||||||||
| palomino8 | Windows Server 2022 Datacenter / x64 | OK | OK | WARNINGS | OK | |||||||||
| lconway | macOS 12.7.1 Monterey / x86_64 | OK | OK | WARNINGS | OK | |||||||||
| kunpeng2 | Linux (openEuler 22.03 LTS-SP1) / aarch64 | OK | OK | WARNINGS | ||||||||||
|
To the developers/maintainers of the ChromSCape package: - Allow up to 24 hours (and sometimes 48 hours) for your latest push to git@git.bioconductor.org:packages/ChromSCape.git to reflect on this report. See Troubleshooting Build Report for more information. - Use the following Renviron settings to reproduce errors and warnings. - If 'R CMD check' started to fail recently on the Linux builder(s) over a missing dependency, add the missing dependency to 'Suggests:' in your DESCRIPTION file. See Renviron.bioc for more information. |
| Package: ChromSCape |
| Version: 1.16.0 |
| Command: /Library/Frameworks/R.framework/Resources/bin/R CMD check --install=check:ChromSCape.install-out.txt --library=/Library/Frameworks/R.framework/Resources/library --no-vignettes --timings ChromSCape_1.16.0.tar.gz |
| StartedAt: 2024-11-19 20:32:02 -0500 (Tue, 19 Nov 2024) |
| EndedAt: 2024-11-19 20:46:14 -0500 (Tue, 19 Nov 2024) |
| EllapsedTime: 852.1 seconds |
| RetCode: 0 |
| Status: WARNINGS |
| CheckDir: ChromSCape.Rcheck |
| Warnings: 3 |
##############################################################################
##############################################################################
###
### Running command:
###
### /Library/Frameworks/R.framework/Resources/bin/R CMD check --install=check:ChromSCape.install-out.txt --library=/Library/Frameworks/R.framework/Resources/library --no-vignettes --timings ChromSCape_1.16.0.tar.gz
###
##############################################################################
##############################################################################
* using log directory ‘/Users/biocbuild/bbs-3.20-bioc/meat/ChromSCape.Rcheck’
* using R version 4.4.1 (2024-06-14)
* using platform: x86_64-apple-darwin20
* R was compiled by
Apple clang version 14.0.0 (clang-1400.0.29.202)
GNU Fortran (GCC) 12.2.0
* running under: macOS Monterey 12.7.6
* using session charset: UTF-8
* using option ‘--no-vignettes’
* checking for file ‘ChromSCape/DESCRIPTION’ ... OK
* this is package ‘ChromSCape’ version ‘1.16.0’
* package encoding: UTF-8
* checking package namespace information ... OK
* checking package dependencies ...Warning: unable to access index for repository https://CRAN.R-project.org/src/contrib:
cannot open URL 'https://CRAN.R-project.org/src/contrib/PACKAGES'
OK
* checking if this is a source package ... OK
* checking if there is a namespace ... OK
* checking for hidden files and directories ... NOTE
Found the following hidden files and directories:
.BBSoptions
These were most likely included in error. See section ‘Package
structure’ in the ‘Writing R Extensions’ manual.
* checking for portable file names ... OK
* checking for sufficient/correct file permissions ... OK
* checking whether package ‘ChromSCape’ can be installed ... OK
* used C++ compiler: ‘Apple clang version 14.0.0 (clang-1400.0.29.202)’
* used SDK: ‘MacOSX11.3.sdk’
* checking installed package size ... OK
* checking package directory ... OK
* checking ‘build’ directory ... OK
* checking DESCRIPTION meta-information ... OK
* checking top-level files ... OK
* checking for left-over files ... OK
* checking index information ... OK
* checking package subdirectories ... OK
* checking code files for non-ASCII characters ... OK
* checking R files for syntax errors ... OK
* checking whether the package can be loaded ... OK
* checking whether the package can be loaded with stated dependencies ... OK
* checking whether the package can be unloaded cleanly ... OK
* checking whether the namespace can be loaded with stated dependencies ... OK
* checking whether the namespace can be unloaded cleanly ... OK
* checking whether startup messages can be suppressed ... OK
* checking dependencies in R code ... WARNING
'library' or 'require' call not declared from: ‘dplyr’
'library' or 'require' call to ‘dplyr’ in package code.
Please use :: or requireNamespace() instead.
See section 'Suggested packages' in the 'Writing R Extensions' manual.
* checking S3 generic/method consistency ... OK
* checking replacement functions ... OK
* checking foreign function calls ... OK
* checking R code for possible problems ... NOTE
bams_to_matrix_indexes: no visible binding for global variable
‘files_dir_list’
enrich_TF_ChEA3_genes: no visible binding for global variable
‘CheA3_TF_nTargets’
filter_correlated_cell_scExp: no visible binding for global variable
‘run_tsne’
generate_analysis: no visible global function definition for ‘head’
generate_analysis: no visible binding for global variable ‘k’
generate_analysis: no visible binding for global variable
‘clusterConsensus’
get_most_variable_cyto: no visible binding for global variable
‘cytoBand’
get_most_variable_cyto: no visible binding for global variable
‘Fri_cyto’
num_cell_after_QC_filt_scExp: no visible binding for global variable
‘sample_id’
num_cell_after_QC_filt_scExp: no visible binding for global variable
‘total_counts’
num_cell_scExp: no visible binding for global variable ‘sample_id’
num_cell_scExp: no visible binding for global variable ‘total_counts’
plot_correlation_PCA_scExp: no visible binding for global variable
‘Component’
plot_coverage_BigWig: no visible binding for global variable ‘molecule’
plot_coverage_BigWig: no visible binding for global variable
‘orientation’
plot_coverage_BigWig: no visible binding for global variable ‘Gene’
plot_gain_or_loss_barplots: no visible binding for global variable
‘Gain_or_Loss’
plot_gain_or_loss_barplots: no visible binding for global variable
‘ncells’
plot_gain_or_loss_barplots: no visible binding for global variable
‘cytoBand’
plot_most_contributing_features: no visible binding for global variable
‘genes’
plot_percent_active_feature_scExp: no visible binding for global
variable ‘group’
plot_percent_active_feature_scExp: no visible binding for global
variable ‘percent_active’
plot_pie_most_contributing_chr: no visible binding for global variable
‘absolute_value’
plot_reduced_dim_scExp: no visible binding for global variable ‘V1’
plot_reduced_dim_scExp: no visible binding for global variable ‘V2’
plot_reduced_dim_scExp: no visible binding for global variable
‘cluster’
plot_top_TF_scExp: no visible binding for global variable ‘TF’
rebin_helper: no visible binding for global variable ‘new_row’
rebin_helper: no visible binding for global variable ‘origin_value’
rebin_matrix: no visible binding for global variable ‘group’
subset_bam_call_peaks: no visible binding for global variable
‘merged_bam’
Undefined global functions or variables:
CheA3_TF_nTargets Component Fri_cyto Gain_or_Loss Gene TF V1 V2
absolute_value cluster clusterConsensus cytoBand files_dir_list genes
group head k merged_bam molecule ncells new_row orientation
origin_value percent_active run_tsne sample_id total_counts
Consider adding
importFrom("utils", "head")
to your NAMESPACE file.
* checking Rd files ... NOTE
prepare_Rd: raw_counts_to_sparse_matrix.Rd:6-8: Dropping empty section \source
* checking Rd metadata ... OK
* checking Rd cross-references ... OK
* checking for missing documentation entries ... OK
* checking for code/documentation mismatches ... WARNING
Codoc mismatches from Rd file 'generate_analysis.Rd':
generate_analysis
Code: function(input_data_folder, analysis_name = "Analysis_1",
output_directory = "./", input_data_type = c("scBED",
"DenseMatrix", "SparseMatrix", "scBAM")[1],
feature_count_on = c("bins", "genebody", "peaks")[1],
feature_count_parameter = 50000, rebin_sparse_matrix =
FALSE, ref_genome = c("hg38", "mm10")[1], run =
c("filter", "CNA", "cluster", "consensus", "coverage",
"DA", "GSA", "report")[c(1, 3, 5, 6, 7, 8)],
min_reads_per_cell = 1000, max_quantile_read_per_cell
= 99, n_top_features = 40000, norm_type = "CPM",
subsample_n = NULL, exclude_regions = NULL, n_clust =
NULL, corr_threshold = 99, percent_correlation = 1,
maxK = 10, qval.th = 0.1, logFC.th = 1,
enrichment_qval = 0.1, doBatchCorr = FALSE, batch_sels
= NULL, control_samples_CNA = NULL, genes_to_plot =
c("Krt8", "Krt5", "Tgfb1", "Foxq1", "Cdkn2b",
"Cdkn2a", "chr7:15000000-20000000"))
Docs: function(input_data_folder, analysis_name = "Analysis_1",
output_directory = "./", input_data_type = c("scBED",
"DenseMatrix", "SparseMatrix", "scBAM")[1],
rebin_sparse_matrix = FALSE, feature_count_on =
c("bins", "genebody", "peaks")[1],
feature_count_parameter = 50000, ref_genome =
c("hg38", "mm10")[1], run = c("filter", "CNA",
"cluster", "consensus", "peak_call", "coverage", "DA",
"GSA", "report")[c(1, 3, 6, 7, 8, 9)],
min_reads_per_cell = 1000, max_quantile_read_per_cell
= 99, n_top_features = 40000, norm_type = "CPM",
subsample_n = NULL, exclude_regions = NULL, n_clust =
NULL, corr_threshold = 99, percent_correlation = 1,
maxK = 10, qval.th = 0.1, logFC.th = 1,
enrichment_qval = 0.1, doBatchCorr = FALSE, batch_sels
= NULL, control_samples_CNA = NULL, genes_to_plot =
c("Krt8", "Krt5", "Tgfb1", "Foxq1", "Cdkn2b",
"Cdkn2a", "chr7:15000000-20000000"))
Mismatches in argument names:
Position: 5 Code: feature_count_on Docs: rebin_sparse_matrix
Position: 6 Code: feature_count_parameter Docs: feature_count_on
Position: 7 Code: rebin_sparse_matrix Docs: feature_count_parameter
Mismatches in argument default values:
Name: 'run'
Code: c("filter", "CNA", "cluster", "consensus", "coverage", "DA",
"GSA", "report")[c(1, 3, 5, 6, 7, 8)]
Docs: c("filter", "CNA", "cluster", "consensus", "peak_call", "coverage",
"DA", "GSA", "report")[c(1, 3, 6, 7, 8, 9)]
* checking Rd \usage sections ... WARNING
Undocumented arguments in Rd file 'rebin_matrix.Rd'
‘rebin_function’
Functions with \usage entries need to have the appropriate \alias
entries, and all their arguments documented.
The \usage entries must correspond to syntactically valid R code.
See chapter ‘Writing R documentation files’ in the ‘Writing R
Extensions’ manual.
* checking Rd contents ... OK
* checking for unstated dependencies in examples ... OK
* checking contents of ‘data’ directory ... OK
* checking data for non-ASCII characters ... OK
* checking data for ASCII and uncompressed saves ... OK
* checking line endings in C/C++/Fortran sources/headers ... OK
* checking compiled code ... NOTE
Note: information on .o files is not available
* checking files in ‘vignettes’ ... OK
* checking examples ... OK
Examples with CPU (user + system) or elapsed time > 5s
user system elapsed
plot_gain_or_loss_barplots 38.460 0.424 39.009
get_pathway_mat_scExp 26.634 4.450 31.199
plot_reduced_dim_scExp_CNA 18.293 0.167 18.506
calculate_logRatio_CNA 17.875 0.472 18.409
calculate_gain_or_loss 17.541 0.624 18.213
calculate_CNA 16.958 0.939 17.932
get_most_variable_cyto 16.933 0.140 17.117
calculate_cyto_mat 15.838 0.369 16.219
get_cyto_features 16.037 0.150 16.254
num_cell_after_cor_filt_scExp 8.424 0.138 8.583
filter_correlated_cell_scExp 7.938 0.070 8.030
preprocessing_filtering_and_reduction 6.681 0.208 6.906
create_scDataset_raw 5.776 0.517 6.324
import_scExp 5.295 0.285 5.602
rebin_matrix 5.025 0.055 16.907
enrich_TF_ChEA3_genes 0.422 0.180 7.992
* checking for unstated dependencies in ‘tests’ ... OK
* checking tests ...
Running ‘testthat.R’
OK
* checking for unstated dependencies in vignettes ... OK
* checking package vignettes ... OK
* checking running R code from vignettes ... SKIPPED
* checking re-building of vignette outputs ... SKIPPED
* checking PDF version of manual ... OK
* DONE
Status: 3 WARNINGs, 4 NOTEs
See
‘/Users/biocbuild/bbs-3.20-bioc/meat/ChromSCape.Rcheck/00check.log’
for details.
ChromSCape.Rcheck/00install.out
############################################################################## ############################################################################## ### ### Running command: ### ### /Library/Frameworks/R.framework/Resources/bin/R CMD INSTALL ChromSCape ### ############################################################################## ############################################################################## * installing to library ‘/Library/Frameworks/R.framework/Versions/4.4-x86_64/Resources/library’ * installing *source* package ‘ChromSCape’ ... ** using staged installation ** libs using C++ compiler: ‘Apple clang version 14.0.0 (clang-1400.0.29.202)’ using SDK: ‘MacOSX11.3.sdk’ clang++ -arch x86_64 -std=gnu++17 -I"/Library/Frameworks/R.framework/Resources/include" -DNDEBUG -I'/Library/Frameworks/R.framework/Versions/4.4-x86_64/Resources/library/Rcpp/include' -I/opt/R/x86_64/include -fPIC -falign-functions=64 -Wall -g -O2 -c RcppExports.cpp -o RcppExports.o clang++ -arch x86_64 -std=gnu++17 -I"/Library/Frameworks/R.framework/Resources/include" -DNDEBUG -I'/Library/Frameworks/R.framework/Versions/4.4-x86_64/Resources/library/Rcpp/include' -I/opt/R/x86_64/include -fPIC -falign-functions=64 -Wall -g -O2 -c as_dist.cpp -o as_dist.o clang++ -arch x86_64 -std=gnu++17 -dynamiclib -Wl,-headerpad_max_install_names -undefined dynamic_lookup -L/Library/Frameworks/R.framework/Resources/lib -L/opt/R/x86_64/lib -o ChromSCape.so RcppExports.o as_dist.o -F/Library/Frameworks/R.framework/.. -framework R -Wl,-framework -Wl,CoreFoundation installing to /Library/Frameworks/R.framework/Versions/4.4-x86_64/Resources/library/00LOCK-ChromSCape/00new/ChromSCape/libs ** R ** data ** inst ** byte-compile and prepare package for lazy loading ** help *** installing help indices ** building package indices ** installing vignettes ** testing if installed package can be loaded from temporary location ** checking absolute paths in shared objects and dynamic libraries ** testing if installed package can be loaded from final location ** testing if installed package keeps a record of temporary installation path * DONE (ChromSCape)
ChromSCape.Rcheck/tests/testthat.Rout
R version 4.4.1 (2024-06-14) -- "Race for Your Life"
Copyright (C) 2024 The R Foundation for Statistical Computing
Platform: x86_64-apple-darwin20
R is free software and comes with ABSOLUTELY NO WARRANTY.
You are welcome to redistribute it under certain conditions.
Type 'license()' or 'licence()' for distribution details.
R is a collaborative project with many contributors.
Type 'contributors()' for more information and
'citation()' on how to cite R or R packages in publications.
Type 'demo()' for some demos, 'help()' for on-line help, or
'help.start()' for an HTML browser interface to help.
Type 'q()' to quit R.
> library(testthat)
> library(ChromSCape)
>
> test_check("ChromSCape")
[ FAIL 0 | WARN 2 | SKIP 0 | PASS 11 ]
[ FAIL 0 | WARN 2 | SKIP 0 | PASS 11 ]
>
> proc.time()
user system elapsed
30.762 2.783 33.515
ChromSCape.Rcheck/ChromSCape-Ex.timings
| name | user | system | elapsed | |
| CheA3_TF_nTargets | 0.007 | 0.002 | 0.008 | |
| CompareWilcox | 4.560 | 0.388 | 4.530 | |
| CompareedgeRGLM | 3.922 | 0.300 | 4.264 | |
| annotToCol2 | 1.545 | 0.152 | 1.701 | |
| calculate_CNA | 16.958 | 0.939 | 17.932 | |
| calculate_cyto_mat | 15.838 | 0.369 | 16.219 | |
| calculate_gain_or_loss | 17.541 | 0.624 | 18.213 | |
| calculate_logRatio_CNA | 17.875 | 0.472 | 18.409 | |
| choose_cluster_scExp | 2.695 | 0.596 | 3.304 | |
| colors_scExp | 0.268 | 0.010 | 0.291 | |
| consensus_clustering_scExp | 2.548 | 0.595 | 3.158 | |
| correlation_and_hierarchical_clust_scExp | 0.281 | 0.008 | 0.290 | |
| create_project_folder | 0.001 | 0.002 | 0.003 | |
| create_scDataset_raw | 5.776 | 0.517 | 6.324 | |
| create_scExp | 0.359 | 0.007 | 0.365 | |
| define_feature | 0.144 | 0.076 | 0.220 | |
| detect_samples | 0.851 | 0.041 | 0.895 | |
| differential_activation | 4.587 | 0.049 | 4.660 | |
| differential_analysis_scExp | 2.384 | 0.024 | 2.413 | |
| enrich_TF_ChEA3_genes | 0.422 | 0.180 | 7.992 | |
| enrich_TF_ChEA3_scExp | 0.865 | 0.087 | 4.754 | |
| exclude_features_scExp | 0.343 | 0.004 | 0.347 | |
| feature_annotation_scExp | 1.103 | 0.083 | 1.190 | |
| filter_correlated_cell_scExp | 7.938 | 0.070 | 8.030 | |
| filter_scExp | 0.407 | 0.004 | 0.411 | |
| find_clusters_louvain_scExp | 0.267 | 0.009 | 0.276 | |
| find_top_features | 0.275 | 0.009 | 0.285 | |
| gene_set_enrichment_analysis_scExp | 0.193 | 0.004 | 0.199 | |
| generate_analysis | 0 | 0 | 0 | |
| generate_coverage_tracks | 0 | 0 | 0 | |
| generate_report | 0 | 0 | 0 | |
| getExperimentNames | 0.214 | 0.016 | 0.230 | |
| getMainExperiment | 0.235 | 0.002 | 0.237 | |
| get_cyto_features | 16.037 | 0.150 | 16.254 | |
| get_genomic_coordinates | 0.327 | 0.046 | 0.376 | |
| get_most_variable_cyto | 16.933 | 0.140 | 17.117 | |
| get_pathway_mat_scExp | 26.634 | 4.450 | 31.199 | |
| has_genomic_coordinates | 0.485 | 0.011 | 0.497 | |
| import_scExp | 5.295 | 0.285 | 5.602 | |
| inter_correlation_scExp | 0.297 | 0.011 | 0.308 | |
| intra_correlation_scExp | 0.318 | 0.013 | 0.333 | |
| launchApp | 0 | 0 | 0 | |
| normalize_scExp | 0.318 | 0.018 | 0.336 | |
| num_cell_after_QC_filt_scExp | 0.366 | 0.007 | 0.378 | |
| num_cell_after_cor_filt_scExp | 8.424 | 0.138 | 8.583 | |
| num_cell_before_cor_filt_scExp | 0.193 | 0.003 | 0.197 | |
| num_cell_in_cluster_scExp | 0.336 | 0.012 | 0.349 | |
| num_cell_scExp | 0.268 | 0.003 | 0.272 | |
| plot_cluster_consensus_scExp | 0.679 | 0.015 | 0.696 | |
| plot_correlation_PCA_scExp | 0.873 | 0.037 | 0.917 | |
| plot_coverage_BigWig | 0.194 | 0.014 | 0.209 | |
| plot_differential_summary_scExp | 0.211 | 0.007 | 0.219 | |
| plot_differential_volcano_scExp | 0.253 | 0.019 | 0.277 | |
| plot_distribution_scExp | 0.351 | 0.009 | 0.361 | |
| plot_gain_or_loss_barplots | 38.460 | 0.424 | 39.009 | |
| plot_heatmap_scExp | 0.271 | 0.009 | 0.280 | |
| plot_inter_correlation_scExp | 0.459 | 0.010 | 0.470 | |
| plot_intra_correlation_scExp | 0.424 | 0.010 | 0.436 | |
| plot_most_contributing_features | 0.381 | 0.025 | 0.407 | |
| plot_percent_active_feature_scExp | 1.475 | 0.025 | 1.502 | |
| plot_pie_most_contributing_chr | 0.268 | 0.012 | 0.281 | |
| plot_reduced_dim_scExp | 2.263 | 0.035 | 2.304 | |
| plot_reduced_dim_scExp_CNA | 18.293 | 0.167 | 18.506 | |
| plot_top_TF_scExp | 0.388 | 0.018 | 0.408 | |
| plot_violin_feature_scExp | 1.520 | 0.028 | 1.552 | |
| preprocess_CPM | 0.316 | 0.019 | 0.337 | |
| preprocess_RPKM | 0.353 | 0.049 | 0.404 | |
| preprocess_TFIDF | 0.312 | 0.018 | 0.332 | |
| preprocess_TPM | 0.319 | 0.018 | 0.339 | |
| preprocess_feature_size_only | 0.311 | 0.020 | 0.331 | |
| preprocessing_filtering_and_reduction | 6.681 | 0.208 | 6.906 | |
| read_sparse_matrix | 0.000 | 0.000 | 0.001 | |
| rebin_matrix | 5.025 | 0.055 | 16.907 | |
| reduce_dims_scExp | 1.220 | 0.035 | 1.259 | |
| scExp | 0.773 | 0.025 | 0.800 | |
| subsample_scExp | 0.426 | 0.023 | 0.449 | |
| subset_bam_call_peaks | 0.000 | 0.000 | 0.001 | |
| summary_DA | 0.196 | 0.007 | 0.204 | |
| swapAltExp_sameColData | 0.260 | 0.014 | 0.275 | |
| table_enriched_genes_scExp | 0.178 | 0.003 | 0.182 | |
| wrapper_Signac_FeatureMatrix | 0.000 | 0.000 | 0.001 | |