| Back to Multiple platform build/check report for BioC 3.20: simplified long |
|
This page was generated on 2024-11-20 12:07 -0500 (Wed, 20 Nov 2024).
| Hostname | OS | Arch (*) | R version | Installed pkgs |
|---|---|---|---|---|
| teran2 | Linux (Ubuntu 24.04.1 LTS) | x86_64 | 4.4.2 (2024-10-31) -- "Pile of Leaves" | 4481 |
| nebbiolo2 | Linux (Ubuntu 24.04.1 LTS) | x86_64 | 4.4.2 (2024-10-31) -- "Pile of Leaves" | 4479 |
| palomino8 | Windows Server 2022 Datacenter | x64 | 4.4.2 (2024-10-31 ucrt) -- "Pile of Leaves" | 4359 |
| lconway | macOS 12.7.1 Monterey | x86_64 | 4.4.1 (2024-06-14) -- "Race for Your Life" | 4539 |
| kunpeng2 | Linux (openEuler 22.03 LTS-SP1) | aarch64 | 4.4.1 (2024-06-14) -- "Race for Your Life" | 4493 |
| Click on any hostname to see more info about the system (e.g. compilers) (*) as reported by 'uname -p', except on Windows and Mac OS X | ||||
| Package 348/2289 | Hostname | OS / Arch | INSTALL | BUILD | CHECK | BUILD BIN | ||||||||
| ChromSCape 1.16.0 (landing page) Pacome Prompsy
| teran2 | Linux (Ubuntu 24.04.1 LTS) / x86_64 | OK | OK | WARNINGS | |||||||||
| nebbiolo2 | Linux (Ubuntu 24.04.1 LTS) / x86_64 | OK | OK | WARNINGS | ||||||||||
| palomino8 | Windows Server 2022 Datacenter / x64 | OK | OK | WARNINGS | OK | |||||||||
| lconway | macOS 12.7.1 Monterey / x86_64 | OK | OK | WARNINGS | OK | |||||||||
| kunpeng2 | Linux (openEuler 22.03 LTS-SP1) / aarch64 | OK | OK | WARNINGS | ||||||||||
|
To the developers/maintainers of the ChromSCape package: - Allow up to 24 hours (and sometimes 48 hours) for your latest push to git@git.bioconductor.org:packages/ChromSCape.git to reflect on this report. See Troubleshooting Build Report for more information. - Use the following Renviron settings to reproduce errors and warnings. - If 'R CMD check' started to fail recently on the Linux builder(s) over a missing dependency, add the missing dependency to 'Suggests:' in your DESCRIPTION file. See Renviron.bioc for more information. - See Martin Grigorov's blog post for how to debug Linux ARM64 related issues on a x86_64 host. |
| Package: ChromSCape |
| Version: 1.16.0 |
| Command: /home/biocbuild/R/R/bin/R CMD check --install=check:ChromSCape.install-out.txt --library=/home/biocbuild/R/R/site-library --no-vignettes --timings ChromSCape_1.16.0.tar.gz |
| StartedAt: 2024-11-20 06:13:02 -0000 (Wed, 20 Nov 2024) |
| EndedAt: 2024-11-20 06:29:56 -0000 (Wed, 20 Nov 2024) |
| EllapsedTime: 1013.8 seconds |
| RetCode: 0 |
| Status: WARNINGS |
| CheckDir: ChromSCape.Rcheck |
| Warnings: 3 |
##############################################################################
##############################################################################
###
### Running command:
###
### /home/biocbuild/R/R/bin/R CMD check --install=check:ChromSCape.install-out.txt --library=/home/biocbuild/R/R/site-library --no-vignettes --timings ChromSCape_1.16.0.tar.gz
###
##############################################################################
##############################################################################
* using log directory ‘/home/biocbuild/bbs-3.20-bioc/meat/ChromSCape.Rcheck’
* using R version 4.4.1 (2024-06-14)
* using platform: aarch64-unknown-linux-gnu
* R was compiled by
gcc (GCC) 12.2.1 20220819 (openEuler 12.2.1-14)
GNU Fortran (GCC) 10.3.1
* running under: openEuler 22.03 (LTS-SP1)
* using session charset: UTF-8
* using option ‘--no-vignettes’
* checking for file ‘ChromSCape/DESCRIPTION’ ... OK
* this is package ‘ChromSCape’ version ‘1.16.0’
* package encoding: UTF-8
* checking package namespace information ... OK
* checking package dependencies ... OK
* checking if this is a source package ... OK
* checking if there is a namespace ... OK
* checking for hidden files and directories ... NOTE
Found the following hidden files and directories:
.BBSoptions
These were most likely included in error. See section ‘Package
structure’ in the ‘Writing R Extensions’ manual.
* checking for portable file names ... OK
* checking for sufficient/correct file permissions ... OK
* checking whether package ‘ChromSCape’ can be installed ... OK
* used C++ compiler: ‘g++ (conda-forge gcc 14.2.0-1) 14.2.0’
* checking installed package size ... NOTE
installed size is 5.5Mb
sub-directories of 1Mb or more:
data 1.5Mb
www 2.1Mb
* checking package directory ... OK
* checking ‘build’ directory ... OK
* checking DESCRIPTION meta-information ... OK
* checking top-level files ... OK
* checking for left-over files ... OK
* checking index information ... OK
* checking package subdirectories ... OK
* checking code files for non-ASCII characters ... OK
* checking R files for syntax errors ... OK
* checking whether the package can be loaded ... OK
* checking whether the package can be loaded with stated dependencies ... OK
* checking whether the package can be unloaded cleanly ... OK
* checking whether the namespace can be loaded with stated dependencies ... OK
* checking whether the namespace can be unloaded cleanly ... OK
* checking loading without being on the library search path ... OK
* checking whether startup messages can be suppressed ... OK
* checking dependencies in R code ... WARNING
'library' or 'require' call not declared from: ‘dplyr’
'library' or 'require' call to ‘dplyr’ in package code.
Please use :: or requireNamespace() instead.
See section 'Suggested packages' in the 'Writing R Extensions' manual.
* checking S3 generic/method consistency ... OK
* checking replacement functions ... OK
* checking foreign function calls ... OK
* checking R code for possible problems ... NOTE
bams_to_matrix_indexes: no visible binding for global variable
‘files_dir_list’
enrich_TF_ChEA3_genes: no visible binding for global variable
‘CheA3_TF_nTargets’
filter_correlated_cell_scExp: no visible binding for global variable
‘run_tsne’
generate_analysis: no visible global function definition for ‘head’
generate_analysis: no visible binding for global variable ‘k’
generate_analysis: no visible binding for global variable
‘clusterConsensus’
get_most_variable_cyto: no visible binding for global variable
‘cytoBand’
get_most_variable_cyto: no visible binding for global variable
‘Fri_cyto’
num_cell_after_QC_filt_scExp: no visible binding for global variable
‘sample_id’
num_cell_after_QC_filt_scExp: no visible binding for global variable
‘total_counts’
num_cell_scExp: no visible binding for global variable ‘sample_id’
num_cell_scExp: no visible binding for global variable ‘total_counts’
plot_correlation_PCA_scExp: no visible binding for global variable
‘Component’
plot_coverage_BigWig: no visible binding for global variable ‘molecule’
plot_coverage_BigWig: no visible binding for global variable
‘orientation’
plot_coverage_BigWig: no visible binding for global variable ‘Gene’
plot_gain_or_loss_barplots: no visible binding for global variable
‘Gain_or_Loss’
plot_gain_or_loss_barplots: no visible binding for global variable
‘ncells’
plot_gain_or_loss_barplots: no visible binding for global variable
‘cytoBand’
plot_most_contributing_features: no visible binding for global variable
‘genes’
plot_percent_active_feature_scExp: no visible binding for global
variable ‘group’
plot_percent_active_feature_scExp: no visible binding for global
variable ‘percent_active’
plot_pie_most_contributing_chr: no visible binding for global variable
‘absolute_value’
plot_reduced_dim_scExp: no visible binding for global variable ‘V1’
plot_reduced_dim_scExp: no visible binding for global variable ‘V2’
plot_reduced_dim_scExp: no visible binding for global variable
‘cluster’
plot_top_TF_scExp: no visible binding for global variable ‘TF’
rebin_helper: no visible binding for global variable ‘new_row’
rebin_helper: no visible binding for global variable ‘origin_value’
rebin_matrix: no visible binding for global variable ‘group’
subset_bam_call_peaks: no visible binding for global variable
‘merged_bam’
Undefined global functions or variables:
CheA3_TF_nTargets Component Fri_cyto Gain_or_Loss Gene TF V1 V2
absolute_value cluster clusterConsensus cytoBand files_dir_list genes
group head k merged_bam molecule ncells new_row orientation
origin_value percent_active run_tsne sample_id total_counts
Consider adding
importFrom("utils", "head")
to your NAMESPACE file.
* checking Rd files ... NOTE
prepare_Rd: raw_counts_to_sparse_matrix.Rd:6-8: Dropping empty section \source
* checking Rd metadata ... OK
* checking Rd cross-references ... OK
* checking for missing documentation entries ... OK
* checking for code/documentation mismatches ... WARNING
Codoc mismatches from Rd file 'generate_analysis.Rd':
generate_analysis
Code: function(input_data_folder, analysis_name = "Analysis_1",
output_directory = "./", input_data_type = c("scBED",
"DenseMatrix", "SparseMatrix", "scBAM")[1],
feature_count_on = c("bins", "genebody", "peaks")[1],
feature_count_parameter = 50000, rebin_sparse_matrix =
FALSE, ref_genome = c("hg38", "mm10")[1], run =
c("filter", "CNA", "cluster", "consensus", "coverage",
"DA", "GSA", "report")[c(1, 3, 5, 6, 7, 8)],
min_reads_per_cell = 1000, max_quantile_read_per_cell
= 99, n_top_features = 40000, norm_type = "CPM",
subsample_n = NULL, exclude_regions = NULL, n_clust =
NULL, corr_threshold = 99, percent_correlation = 1,
maxK = 10, qval.th = 0.1, logFC.th = 1,
enrichment_qval = 0.1, doBatchCorr = FALSE, batch_sels
= NULL, control_samples_CNA = NULL, genes_to_plot =
c("Krt8", "Krt5", "Tgfb1", "Foxq1", "Cdkn2b",
"Cdkn2a", "chr7:15000000-20000000"))
Docs: function(input_data_folder, analysis_name = "Analysis_1",
output_directory = "./", input_data_type = c("scBED",
"DenseMatrix", "SparseMatrix", "scBAM")[1],
rebin_sparse_matrix = FALSE, feature_count_on =
c("bins", "genebody", "peaks")[1],
feature_count_parameter = 50000, ref_genome =
c("hg38", "mm10")[1], run = c("filter", "CNA",
"cluster", "consensus", "peak_call", "coverage", "DA",
"GSA", "report")[c(1, 3, 6, 7, 8, 9)],
min_reads_per_cell = 1000, max_quantile_read_per_cell
= 99, n_top_features = 40000, norm_type = "CPM",
subsample_n = NULL, exclude_regions = NULL, n_clust =
NULL, corr_threshold = 99, percent_correlation = 1,
maxK = 10, qval.th = 0.1, logFC.th = 1,
enrichment_qval = 0.1, doBatchCorr = FALSE, batch_sels
= NULL, control_samples_CNA = NULL, genes_to_plot =
c("Krt8", "Krt5", "Tgfb1", "Foxq1", "Cdkn2b",
"Cdkn2a", "chr7:15000000-20000000"))
Mismatches in argument names:
Position: 5 Code: feature_count_on Docs: rebin_sparse_matrix
Position: 6 Code: feature_count_parameter Docs: feature_count_on
Position: 7 Code: rebin_sparse_matrix Docs: feature_count_parameter
Mismatches in argument default values:
Name: 'run'
Code: c("filter", "CNA", "cluster", "consensus", "coverage", "DA",
"GSA", "report")[c(1, 3, 5, 6, 7, 8)]
Docs: c("filter", "CNA", "cluster", "consensus", "peak_call", "coverage",
"DA", "GSA", "report")[c(1, 3, 6, 7, 8, 9)]
* checking Rd \usage sections ... WARNING
Undocumented arguments in Rd file 'rebin_matrix.Rd'
‘rebin_function’
Functions with \usage entries need to have the appropriate \alias
entries, and all their arguments documented.
The \usage entries must correspond to syntactically valid R code.
See chapter ‘Writing R documentation files’ in the ‘Writing R
Extensions’ manual.
* checking Rd contents ... OK
* checking for unstated dependencies in examples ... OK
* checking contents of ‘data’ directory ... OK
* checking data for non-ASCII characters ... OK
* checking data for ASCII and uncompressed saves ... OK
* checking line endings in C/C++/Fortran sources/headers ... OK
* checking compiled code ... NOTE
Note: information on .o files is not available
* checking files in ‘vignettes’ ... OK
* checking examples ... OK
Examples with CPU (user + system) or elapsed time > 5s
user system elapsed
plot_gain_or_loss_barplots 70.212 0.255 70.694
get_pathway_mat_scExp 58.293 0.863 59.415
plot_reduced_dim_scExp_CNA 35.691 0.156 36.001
calculate_CNA 33.420 0.575 34.065
calculate_cyto_mat 32.953 0.259 33.280
calculate_gain_or_loss 31.917 0.228 32.217
get_most_variable_cyto 31.552 0.531 32.228
calculate_logRatio_CNA 31.567 0.151 31.821
get_cyto_features 28.494 0.467 29.077
num_cell_after_cor_filt_scExp 13.289 0.108 13.463
filter_correlated_cell_scExp 12.494 0.383 12.947
create_scDataset_raw 10.834 0.156 11.007
preprocessing_filtering_and_reduction 10.811 0.004 10.881
CompareedgeRGLM 9.113 0.184 7.214
import_scExp 8.254 0.060 8.329
rebin_matrix 8.228 0.018 27.200
CompareWilcox 7.308 0.635 7.388
differential_activation 7.923 0.016 7.955
enrich_TF_ChEA3_scExp 1.497 0.044 8.460
* checking for unstated dependencies in ‘tests’ ... OK
* checking tests ...
Running ‘testthat.R’
OK
* checking for unstated dependencies in vignettes ... OK
* checking package vignettes ... OK
* checking running R code from vignettes ... SKIPPED
* checking re-building of vignette outputs ... SKIPPED
* checking PDF version of manual ... OK
* DONE
Status: 3 WARNINGs, 5 NOTEs
See
‘/home/biocbuild/bbs-3.20-bioc/meat/ChromSCape.Rcheck/00check.log’
for details.
ChromSCape.Rcheck/00install.out
############################################################################## ############################################################################## ### ### Running command: ### ### /home/biocbuild/R/R/bin/R CMD INSTALL ChromSCape ### ############################################################################## ############################################################################## * installing to library ‘/home/biocbuild/R/R-4.4.1/site-library’ * installing *source* package ‘ChromSCape’ ... ** using staged installation ** libs using C++ compiler: ‘g++ (conda-forge gcc 14.2.0-1) 14.2.0’ g++ -std=gnu++17 -I"/home/biocbuild/R/R-4.4.1/include" -DNDEBUG -I'/home/biocbuild/R/R-4.4.1/site-library/Rcpp/include' -I/usr/local/include -fPIC -g -O2 -Wall -c RcppExports.cpp -o RcppExports.o g++ -std=gnu++17 -I"/home/biocbuild/R/R-4.4.1/include" -DNDEBUG -I'/home/biocbuild/R/R-4.4.1/site-library/Rcpp/include' -I/usr/local/include -fPIC -g -O2 -Wall -c as_dist.cpp -o as_dist.o g++ -std=gnu++17 -shared -L/home/biocbuild/R/R-4.4.1/lib -L/usr/local/lib -o ChromSCape.so RcppExports.o as_dist.o -L/home/biocbuild/R/R-4.4.1/lib -lR installing to /home/biocbuild/R/R-4.4.1/site-library/00LOCK-ChromSCape/00new/ChromSCape/libs ** R ** data ** inst ** byte-compile and prepare package for lazy loading ** help *** installing help indices ** building package indices ** installing vignettes ** testing if installed package can be loaded from temporary location ** checking absolute paths in shared objects and dynamic libraries ** testing if installed package can be loaded from final location ** testing if installed package keeps a record of temporary installation path * DONE (ChromSCape)
ChromSCape.Rcheck/tests/testthat.Rout
R version 4.4.1 (2024-06-14) -- "Race for Your Life"
Copyright (C) 2024 The R Foundation for Statistical Computing
Platform: aarch64-unknown-linux-gnu
R is free software and comes with ABSOLUTELY NO WARRANTY.
You are welcome to redistribute it under certain conditions.
Type 'license()' or 'licence()' for distribution details.
R is a collaborative project with many contributors.
Type 'contributors()' for more information and
'citation()' on how to cite R or R packages in publications.
Type 'demo()' for some demos, 'help()' for on-line help, or
'help.start()' for an HTML browser interface to help.
Type 'q()' to quit R.
> library(testthat)
> library(ChromSCape)
>
> test_check("ChromSCape")
[ FAIL 0 | WARN 2 | SKIP 0 | PASS 11 ]
[ FAIL 0 | WARN 2 | SKIP 0 | PASS 11 ]
>
> proc.time()
user system elapsed
52.985 1.884 54.562
ChromSCape.Rcheck/ChromSCape-Ex.timings
| name | user | system | elapsed | |
| CheA3_TF_nTargets | 0.01 | 0.00 | 0.01 | |
| CompareWilcox | 7.308 | 0.635 | 7.388 | |
| CompareedgeRGLM | 9.113 | 0.184 | 7.214 | |
| annotToCol2 | 2.373 | 0.387 | 2.767 | |
| calculate_CNA | 33.420 | 0.575 | 34.065 | |
| calculate_cyto_mat | 32.953 | 0.259 | 33.280 | |
| calculate_gain_or_loss | 31.917 | 0.228 | 32.217 | |
| calculate_logRatio_CNA | 31.567 | 0.151 | 31.821 | |
| choose_cluster_scExp | 4.761 | 0.088 | 4.859 | |
| colors_scExp | 0.359 | 0.000 | 0.359 | |
| consensus_clustering_scExp | 4.466 | 0.060 | 4.535 | |
| correlation_and_hierarchical_clust_scExp | 0.405 | 0.004 | 0.408 | |
| create_project_folder | 0.002 | 0.000 | 0.002 | |
| create_scDataset_raw | 10.834 | 0.156 | 11.007 | |
| create_scExp | 0.643 | 0.000 | 0.644 | |
| define_feature | 0.192 | 0.000 | 0.194 | |
| detect_samples | 2.311 | 0.028 | 2.263 | |
| differential_activation | 7.923 | 0.016 | 7.955 | |
| differential_analysis_scExp | 4.237 | 0.055 | 4.302 | |
| enrich_TF_ChEA3_genes | 0.566 | 0.036 | 3.802 | |
| enrich_TF_ChEA3_scExp | 1.497 | 0.044 | 8.460 | |
| exclude_features_scExp | 0.750 | 0.019 | 0.772 | |
| feature_annotation_scExp | 2.064 | 0.103 | 2.174 | |
| filter_correlated_cell_scExp | 12.494 | 0.383 | 12.947 | |
| filter_scExp | 0.809 | 0.000 | 0.811 | |
| find_clusters_louvain_scExp | 0.386 | 0.004 | 0.389 | |
| find_top_features | 0.399 | 0.008 | 0.408 | |
| gene_set_enrichment_analysis_scExp | 0.264 | 0.000 | 0.265 | |
| generate_analysis | 0 | 0 | 0 | |
| generate_coverage_tracks | 0 | 0 | 0 | |
| generate_report | 0 | 0 | 0 | |
| getExperimentNames | 0.298 | 0.004 | 0.302 | |
| getMainExperiment | 0.347 | 0.000 | 0.347 | |
| get_cyto_features | 28.494 | 0.467 | 29.077 | |
| get_genomic_coordinates | 0.532 | 0.016 | 0.549 | |
| get_most_variable_cyto | 31.552 | 0.531 | 32.228 | |
| get_pathway_mat_scExp | 58.293 | 0.863 | 59.415 | |
| has_genomic_coordinates | 0.998 | 0.031 | 1.032 | |
| import_scExp | 8.254 | 0.060 | 8.329 | |
| inter_correlation_scExp | 0.439 | 0.000 | 0.439 | |
| intra_correlation_scExp | 0.472 | 0.004 | 0.477 | |
| launchApp | 0 | 0 | 0 | |
| normalize_scExp | 0.630 | 0.004 | 0.636 | |
| num_cell_after_QC_filt_scExp | 0.640 | 0.004 | 0.646 | |
| num_cell_after_cor_filt_scExp | 13.289 | 0.108 | 13.463 | |
| num_cell_before_cor_filt_scExp | 0.319 | 0.000 | 0.320 | |
| num_cell_in_cluster_scExp | 0.573 | 0.000 | 0.574 | |
| num_cell_scExp | 0.587 | 0.012 | 0.599 | |
| plot_cluster_consensus_scExp | 1.255 | 0.012 | 1.270 | |
| plot_correlation_PCA_scExp | 1.537 | 0.008 | 1.548 | |
| plot_coverage_BigWig | 0.299 | 0.003 | 0.303 | |
| plot_differential_summary_scExp | 0.358 | 0.000 | 0.358 | |
| plot_differential_volcano_scExp | 0.430 | 0.000 | 0.431 | |
| plot_distribution_scExp | 0.582 | 0.000 | 0.583 | |
| plot_gain_or_loss_barplots | 70.212 | 0.255 | 70.694 | |
| plot_heatmap_scExp | 0.444 | 0.000 | 0.445 | |
| plot_inter_correlation_scExp | 0.747 | 0.000 | 0.750 | |
| plot_intra_correlation_scExp | 0.736 | 0.000 | 0.738 | |
| plot_most_contributing_features | 0.628 | 0.004 | 0.633 | |
| plot_percent_active_feature_scExp | 2.995 | 0.004 | 3.005 | |
| plot_pie_most_contributing_chr | 0.373 | 0.000 | 0.373 | |
| plot_reduced_dim_scExp | 4.397 | 0.008 | 4.412 | |
| plot_reduced_dim_scExp_CNA | 35.691 | 0.156 | 36.001 | |
| plot_top_TF_scExp | 0.631 | 0.004 | 0.636 | |
| plot_violin_feature_scExp | 3.068 | 0.015 | 3.090 | |
| preprocess_CPM | 0.582 | 0.020 | 0.603 | |
| preprocess_RPKM | 0.664 | 0.020 | 0.686 | |
| preprocess_TFIDF | 0.611 | 0.008 | 0.621 | |
| preprocess_TPM | 0.669 | 0.004 | 0.675 | |
| preprocess_feature_size_only | 0.610 | 0.012 | 0.623 | |
| preprocessing_filtering_and_reduction | 10.811 | 0.004 | 10.881 | |
| read_sparse_matrix | 0 | 0 | 0 | |
| rebin_matrix | 8.228 | 0.018 | 27.200 | |
| reduce_dims_scExp | 2.238 | 0.012 | 2.256 | |
| scExp | 1.307 | 0.004 | 1.314 | |
| subsample_scExp | 0.839 | 0.000 | 0.841 | |
| subset_bam_call_peaks | 0 | 0 | 0 | |
| summary_DA | 0.315 | 0.000 | 0.316 | |
| swapAltExp_sameColData | 0.416 | 0.000 | 0.420 | |
| table_enriched_genes_scExp | 0.305 | 0.000 | 0.306 | |
| wrapper_Signac_FeatureMatrix | 0 | 0 | 0 | |