| minfi 1.15.11 Kasper Daniel Hansen
 
 | Snapshot Date: 2015-08-23 16:24:14 -0700 (Sun, 23 Aug 2015) |  | URL: https://hedgehog.fhcrc.org/bioconductor/trunk/madman/Rpacks/minfi |  | Last Changed Rev: 106951 / Revision: 107696 |  | Last Changed Date: 2015-07-31 08:51:31 -0700 (Fri, 31 Jul 2015) | 
 | zin1 | Linux (Ubuntu 14.04.2 LTS) / x86_64 | OK | OK | WARNINGS |  |  | 
| perceval | Mac OS X Snow Leopard (10.6.8) / x86_64 | OK | OK | [ WARNINGS ] | OK |  | 
| oaxaca | Mac OS X Mavericks (10.9.5) / x86_64 | OK | OK | WARNINGS | OK |  | 
##############################################################################
##############################################################################
###
### Running command:
###
###   /Library/Frameworks/R.framework/Versions/Current/Resources/bin/R CMD check --no-vignettes --timings minfi_1.15.11.tar.gz
###
##############################################################################
##############################################################################
* using log directory ‘/Users/biocbuild/bbs-3.2-bioc/meat/minfi.Rcheck’
* using R version 3.2.2 Patched (2015-08-14 r69078)
* using platform: x86_64-apple-darwin10.8.0 (64-bit)
* using session charset: UTF-8
* using option ‘--no-vignettes’
* checking for file ‘minfi/DESCRIPTION’ ... OK
* this is package ‘minfi’ version ‘1.15.11’
* checking package namespace information ... OK
* checking package dependencies ... NOTE
Depends: includes the non-default packages:
  ‘BiocGenerics’ ‘Biobase’ ‘lattice’ ‘GenomicRanges’
  ‘SummarizedExperiment’ ‘Biostrings’ ‘bumphunter’
Adding so many packages to the search path is excessive and importing
selectively is preferable.
* checking if this is a source package ... OK
* checking if there is a namespace ... OK
* checking for hidden files and directories ... OK
* checking for portable file names ... OK
* checking for sufficient/correct file permissions ... OK
* checking whether package ‘minfi’ can be installed ... [30s/31s] WARNING
Found the following significant warnings:
  Warning: /Users/biocbuild/bbs-3.2-bioc/meat/minfi.Rcheck/00_pkg_src/minfi/man/mdsPlot.Rd:68: unexpected END_OF_INPUT '}
See ‘/Users/biocbuild/bbs-3.2-bioc/meat/minfi.Rcheck/00install.out’ for details.
* checking installed package size ... OK
* checking package directory ... OK
* checking ‘build’ directory ... OK
* checking DESCRIPTION meta-information ... OK
* checking top-level files ... OK
* checking for left-over files ... OK
* checking index information ... OK
* checking package subdirectories ... OK
* checking R files for non-ASCII characters ... OK
* checking R files for syntax errors ... OK
* checking whether the package can be loaded ... OK
* checking whether the package can be loaded with stated dependencies ... OK
* checking whether the package can be unloaded cleanly ... OK
* checking whether the namespace can be loaded with stated dependencies ... OK
* checking whether the namespace can be unloaded cleanly ... OK
* checking dependencies in R code ... NOTE
Unexported objects imported by ':::' calls:
  ‘BiocGenerics:::replaceSlots’ ‘bumphunter:::.getEstimate’
  ‘SummarizedExperiment:::.valid.SummarizedExperiment0.assays_ncol’
  See the note in ?`:::` about the use of this operator.
* checking S3 generic/method consistency ... OK
* checking replacement functions ... OK
* checking foreign function calls ... OK
* checking R code for possible problems ... OK
* checking Rd files ... WARNING
prepare_Rd: mdsPlot.Rd:68: unexpected END_OF_INPUT '}
'
* checking Rd metadata ... OK
* checking Rd cross-references ... OK
* checking for missing documentation entries ... OK
* checking for code/documentation mismatches ... OK
* checking Rd \usage sections ... OK
* checking Rd contents ... OK
* checking for unstated dependencies in examples ... OK
* checking sizes of PDF files under ‘inst/doc’ ... OK
* checking installed files from ‘inst/doc’ ... OK
* checking files in ‘vignettes’ ... OK
* checking examples ... [10m/11m] OK
Examples with CPU or elapsed time > 5s
                      user system elapsed
gaphunter          285.194  4.617 363.212
bumphunter          69.908 18.961  90.109
compartments        58.017  4.837  62.901
detectionP          21.013  1.430  22.487
read.450k.exp       11.479  0.768  13.903
getSex              10.555  1.039  19.796
read.450k            9.519  0.629  13.194
densityBeanPlot      9.188  0.730  10.015
preprocessIllumina   8.650  0.828  12.962
minfiQC              7.491  1.314  12.744
preprocessRaw        7.027  1.046  10.124
densityPlot          6.637  1.030   7.677
getAnnotation        3.436  0.346   7.716
* checking for unstated dependencies in ‘tests’ ... OK
* checking tests ...
  Running ‘runTests.R’ [352s/387s]
 [353s/387s] OK
* checking for unstated dependencies in vignettes ... OK
* checking package vignettes in ‘inst/doc’ ... OK
* checking running R code from vignettes ... SKIPPED
* checking re-building of vignette outputs ... SKIPPED
* checking PDF version of manual ... OK
* DONE
Status: 2 WARNINGs, 2 NOTEs
See
  ‘/Users/biocbuild/bbs-3.2-bioc/meat/minfi.Rcheck/00check.log’
for details.
 
* installing *source* package ‘minfi’ ...
** R
** inst
** preparing package for lazy loading
Warning in rgl.init(initValue, onlyNULL) :
  RGL: GLX extension missing on server
Warning in fun(libname, pkgname) : error in rgl_init
** help
Warning: /Users/biocbuild/bbs-3.2-bioc/meat/minfi.Rcheck/00_pkg_src/minfi/man/mdsPlot.Rd:68: unexpected END_OF_INPUT '}
'
*** installing help indices
** building package indices
** installing vignettes
** testing if installed package can be loaded
Warning in rgl.init(initValue, onlyNULL) :
  RGL: GLX extension missing on server
Warning in fun(libname, pkgname) : error in rgl_init
* DONE (minfi)