Back to Multiple platform build/check report for BioC 3.19: simplified long |
|
This page was generated on 2024-10-18 20:40 -0400 (Fri, 18 Oct 2024).
Hostname | OS | Arch (*) | R version | Installed pkgs |
---|---|---|---|---|
nebbiolo1 | Linux (Ubuntu 22.04.3 LTS) | x86_64 | 4.4.1 (2024-06-14) -- "Race for Your Life" | 4763 |
palomino7 | Windows Server 2022 Datacenter | x64 | 4.4.1 (2024-06-14 ucrt) -- "Race for Your Life" | 4500 |
merida1 | macOS 12.7.5 Monterey | x86_64 | 4.4.1 (2024-06-14) -- "Race for Your Life" | 4530 |
kjohnson1 | macOS 13.6.6 Ventura | arm64 | 4.4.1 (2024-06-14) -- "Race for Your Life" | 4480 |
Click on any hostname to see more info about the system (e.g. compilers) (*) as reported by 'uname -p', except on Windows and Mac OS X |
Package 1752/2300 | Hostname | OS / Arch | INSTALL | BUILD | CHECK | BUILD BIN | ||||||||
RGMQL 1.24.0 (landing page) Simone Pallotta
| nebbiolo1 | Linux (Ubuntu 22.04.3 LTS) / x86_64 | OK | OK | ERROR | |||||||||
palomino7 | Windows Server 2022 Datacenter / x64 | OK | OK | ERROR | OK | |||||||||
merida1 | macOS 12.7.5 Monterey / x86_64 | ... NOT SUPPORTED ... | ||||||||||||
kjohnson1 | macOS 13.6.6 Ventura / arm64 | ... NOT SUPPORTED ... | ||||||||||||
To the developers/maintainers of the RGMQL package: - Allow up to 24 hours (and sometimes 48 hours) for your latest push to git@git.bioconductor.org:packages/RGMQL.git to reflect on this report. See Troubleshooting Build Report for more information. - Use the following Renviron settings to reproduce errors and warnings. - If 'R CMD check' started to fail recently on the Linux builder(s) over a missing dependency, add the missing dependency to 'Suggests:' in your DESCRIPTION file. See Renviron.bioc for more information. |
Package: RGMQL |
Version: 1.24.0 |
Command: E:\biocbuild\bbs-3.19-bioc\R\bin\R.exe CMD check --no-multiarch --install=check:RGMQL.install-out.txt --library=E:\biocbuild\bbs-3.19-bioc\R\library --no-vignettes --timings RGMQL_1.24.0.tar.gz |
StartedAt: 2024-10-17 05:01:43 -0400 (Thu, 17 Oct 2024) |
EndedAt: 2024-10-17 05:06:51 -0400 (Thu, 17 Oct 2024) |
EllapsedTime: 307.5 seconds |
RetCode: 1 |
Status: ERROR |
CheckDir: RGMQL.Rcheck |
Warnings: NA |
############################################################################## ############################################################################## ### ### Running command: ### ### E:\biocbuild\bbs-3.19-bioc\R\bin\R.exe CMD check --no-multiarch --install=check:RGMQL.install-out.txt --library=E:\biocbuild\bbs-3.19-bioc\R\library --no-vignettes --timings RGMQL_1.24.0.tar.gz ### ############################################################################## ############################################################################## * using log directory 'E:/biocbuild/bbs-3.19-bioc/meat/RGMQL.Rcheck' * using R version 4.4.1 (2024-06-14 ucrt) * using platform: x86_64-w64-mingw32 * R was compiled by gcc.exe (GCC) 13.2.0 GNU Fortran (GCC) 13.2.0 * running under: Windows Server 2022 x64 (build 20348) * using session charset: UTF-8 * using option '--no-vignettes' * checking for file 'RGMQL/DESCRIPTION' ... OK * checking extension type ... Package * this is package 'RGMQL' version '1.24.0' * package encoding: UTF-8 * checking package namespace information ... OK * checking package dependencies ... OK * checking if this is a source package ... OK * checking if there is a namespace ... OK * checking for hidden files and directories ... NOTE Found the following hidden files and directories: .BBSoptions These were most likely included in error. See section 'Package structure' in the 'Writing R Extensions' manual. * checking for portable file names ... WARNING Found the following file with a non-portable file name: Example of workflows These are not fully portable file names. See section 'Package structure' in the 'Writing R Extensions' manual. * checking whether package 'RGMQL' can be installed ... OK * checking installed package size ... NOTE installed size is 90.0Mb sub-directories of 1Mb or more: example 89.3Mb * checking package directory ... OK * checking 'build' directory ... OK * checking DESCRIPTION meta-information ... OK * checking top-level files ... OK * checking for left-over files ... OK * checking index information ... OK * checking package subdirectories ... OK * checking code files for non-ASCII characters ... OK * checking R files for syntax errors ... OK * checking whether the package can be loaded ... OK * checking whether the package can be loaded with stated dependencies ... OK * checking whether the package can be unloaded cleanly ... OK * checking whether the namespace can be loaded with stated dependencies ... OK * checking whether the namespace can be unloaded cleanly ... OK * checking whether startup messages can be suppressed ... OK * checking dependencies in R code ... OK * checking S3 generic/method consistency ... OK * checking replacement functions ... OK * checking foreign function calls ... OK * checking R code for possible problems ... OK * checking Rd files ... OK * checking Rd metadata ... OK * checking Rd cross-references ... OK * checking for missing documentation entries ... OK * checking for code/documentation mismatches ... OK * checking Rd \usage sections ... OK * checking Rd contents ... OK * checking for unstated dependencies in examples ... OK * checking files in 'vignettes' ... OK * checking examples ... ERROR Running examples in 'RGMQL-Ex.R' failed The error most likely occurred in: > base::assign(".ptime", proc.time(), pos = "CheckExEnv") > ### Name: sample_metadata > ### Title: Show metadata list from dataset sample > ### Aliases: sample_metadata > > ### ** Examples > > ## Login to GMQL REST services suite as guest > > remote_url = "http://www.gmql.eu/gmql-rest/" > login_gmql(remote_url) [1] "your Token is 6d2ed50e-014a-4a42-8541-b79ba58d4fae" > > ## This statement retrieves metadata of sample 'S_00000' from public > ## dataset 'Example_Dataset_1' > > sample_metadata(remote_url, "public.Example_Dataset_1", "S_00000") Error in sample_metadata(remote_url, "public.Example_Dataset_1", "S_00000") : {"error":"Sample not found: Example_Dataset_1-S_00000"} Execution halted * checking for unstated dependencies in vignettes ... OK * checking package vignettes ... OK * checking running R code from vignettes ... SKIPPED * checking re-building of vignette outputs ... SKIPPED * checking PDF version of manual ... OK * DONE Status: 1 ERROR, 1 WARNING, 2 NOTEs See 'E:/biocbuild/bbs-3.19-bioc/meat/RGMQL.Rcheck/00check.log' for details.
RGMQL.Rcheck/00install.out
############################################################################## ############################################################################## ### ### Running command: ### ### E:\biocbuild\bbs-3.19-bioc\R\bin\R.exe CMD INSTALL RGMQL ### ############################################################################## ############################################################################## * installing to library 'E:/biocbuild/bbs-3.19-bioc/R/library' * installing *source* package 'RGMQL' ... ** using staged installation ** R ** inst ** byte-compile and prepare package for lazy loading ** help *** installing help indices ** building package indices ** installing vignettes ** testing if installed package can be loaded from temporary location ** testing if installed package can be loaded from final location ** testing if installed package keeps a record of temporary installation path * DONE (RGMQL)
RGMQL.Rcheck/RGMQL-Ex.timings
name | user | system | elapsed | |
aggr-class | 5.38 | 0.81 | 18.43 | |
aggregate | 0.06 | 0.00 | 0.03 | |
arrange | 0.09 | 0.02 | 0.52 | |
collect | 0.03 | 0.00 | 0.06 | |
compile_query | 0.09 | 0.00 | 1.44 | |
cover-param-class | 0.08 | 0.00 | 0.06 | |
cover | 0.05 | 0.00 | 0.20 | |
delete_dataset | 0 | 0 | 0 | |
distal-class | 0.09 | 0.00 | 0.93 | |
download_dataset | 0 | 0 | 0 | |
execute | 0.03 | 0.00 | 0.03 | |
export_gmql | 0.60 | 0.01 | 0.61 | |
extend | 0.06 | 0.03 | 0.04 | |
filter | 0.08 | 0.03 | 1.10 | |
filter_and_extract | 2.42 | 0.10 | 2.51 | |
group_by | 0.09 | 0.00 | 0.52 | |
import_gmql | 0.18 | 0.03 | 0.20 | |
init_gmql | 0.01 | 0.00 | 0.16 | |
log_job | 0.03 | 0.00 | 0.34 | |
login_gmql | 0.00 | 0.00 | 0.14 | |
logout_gmql | 0.03 | 0.00 | 0.39 | |
map | 0.05 | 0.00 | 0.52 | |
merge | 0.11 | 0.00 | 0.04 | |
operator-class | 0.15 | 0.02 | 0.41 | |
ordering-class | 0.07 | 0.01 | 0.04 | |
read-function | 0.07 | 0.00 | 0.39 | |
register_gmql | 0 | 0 | 0 | |
remote_processing | 0.02 | 0.00 | 0.02 | |
run_query | 0 | 0 | 0 | |