Back to Multiple platform build/check report for BioC 3.19: simplified long |
|
This page was generated on 2024-10-18 20:38 -0400 (Fri, 18 Oct 2024).
Hostname | OS | Arch (*) | R version | Installed pkgs |
---|---|---|---|---|
nebbiolo1 | Linux (Ubuntu 22.04.3 LTS) | x86_64 | 4.4.1 (2024-06-14) -- "Race for Your Life" | 4763 |
palomino7 | Windows Server 2022 Datacenter | x64 | 4.4.1 (2024-06-14 ucrt) -- "Race for Your Life" | 4500 |
merida1 | macOS 12.7.5 Monterey | x86_64 | 4.4.1 (2024-06-14) -- "Race for Your Life" | 4530 |
kjohnson1 | macOS 13.6.6 Ventura | arm64 | 4.4.1 (2024-06-14) -- "Race for Your Life" | 4480 |
Click on any hostname to see more info about the system (e.g. compilers) (*) as reported by 'uname -p', except on Windows and Mac OS X |
Package 1752/2300 | Hostname | OS / Arch | INSTALL | BUILD | CHECK | BUILD BIN | ||||||||
RGMQL 1.24.0 (landing page) Simone Pallotta
| nebbiolo1 | Linux (Ubuntu 22.04.3 LTS) / x86_64 | OK | OK | ERROR | |||||||||
palomino7 | Windows Server 2022 Datacenter / x64 | OK | OK | ERROR | OK | |||||||||
merida1 | macOS 12.7.5 Monterey / x86_64 | ... NOT SUPPORTED ... | ||||||||||||
kjohnson1 | macOS 13.6.6 Ventura / arm64 | ... NOT SUPPORTED ... | ||||||||||||
To the developers/maintainers of the RGMQL package: - Allow up to 24 hours (and sometimes 48 hours) for your latest push to git@git.bioconductor.org:packages/RGMQL.git to reflect on this report. See Troubleshooting Build Report for more information. - Use the following Renviron settings to reproduce errors and warnings. - If 'R CMD check' started to fail recently on the Linux builder(s) over a missing dependency, add the missing dependency to 'Suggests:' in your DESCRIPTION file. See Renviron.bioc for more information. |
Package: RGMQL |
Version: 1.24.0 |
Command: /home/biocbuild/bbs-3.19-bioc/R/bin/R CMD check --install=check:RGMQL.install-out.txt --library=/home/biocbuild/bbs-3.19-bioc/R/site-library --timings RGMQL_1.24.0.tar.gz |
StartedAt: 2024-10-17 04:20:15 -0400 (Thu, 17 Oct 2024) |
EndedAt: 2024-10-17 04:24:36 -0400 (Thu, 17 Oct 2024) |
EllapsedTime: 261.8 seconds |
RetCode: 1 |
Status: ERROR |
CheckDir: RGMQL.Rcheck |
Warnings: NA |
############################################################################## ############################################################################## ### ### Running command: ### ### /home/biocbuild/bbs-3.19-bioc/R/bin/R CMD check --install=check:RGMQL.install-out.txt --library=/home/biocbuild/bbs-3.19-bioc/R/site-library --timings RGMQL_1.24.0.tar.gz ### ############################################################################## ############################################################################## * using log directory ‘/home/biocbuild/bbs-3.19-bioc/meat/RGMQL.Rcheck’ * using R version 4.4.1 (2024-06-14) * using platform: x86_64-pc-linux-gnu * R was compiled by gcc (Ubuntu 11.4.0-1ubuntu1~22.04) 11.4.0 GNU Fortran (Ubuntu 11.4.0-1ubuntu1~22.04) 11.4.0 * running under: Ubuntu 22.04.5 LTS * using session charset: UTF-8 * checking for file ‘RGMQL/DESCRIPTION’ ... OK * checking extension type ... Package * this is package ‘RGMQL’ version ‘1.24.0’ * package encoding: UTF-8 * checking package namespace information ... OK * checking package dependencies ... OK * checking if this is a source package ... OK * checking if there is a namespace ... OK * checking for hidden files and directories ... NOTE Found the following hidden files and directories: .BBSoptions These were most likely included in error. See section ‘Package structure’ in the ‘Writing R Extensions’ manual. * checking for portable file names ... WARNING Found the following file with a non-portable file name: Example of workflows These are not fully portable file names. See section ‘Package structure’ in the ‘Writing R Extensions’ manual. * checking for sufficient/correct file permissions ... OK * checking whether package ‘RGMQL’ can be installed ... OK * checking installed package size ... NOTE installed size is 48.9Mb sub-directories of 1Mb or more: example 48.3Mb * checking package directory ... OK * checking ‘build’ directory ... OK * checking DESCRIPTION meta-information ... OK * checking top-level files ... OK * checking for left-over files ... OK * checking index information ... OK * checking package subdirectories ... OK * checking code files for non-ASCII characters ... OK * checking R files for syntax errors ... OK * checking whether the package can be loaded ... OK * checking whether the package can be loaded with stated dependencies ... OK * checking whether the package can be unloaded cleanly ... OK * checking whether the namespace can be loaded with stated dependencies ... OK * checking whether the namespace can be unloaded cleanly ... OK * checking loading without being on the library search path ... OK * checking whether startup messages can be suppressed ... OK * checking dependencies in R code ... OK * checking S3 generic/method consistency ... OK * checking replacement functions ... OK * checking foreign function calls ... OK * checking R code for possible problems ... OK * checking Rd files ... OK * checking Rd metadata ... OK * checking Rd cross-references ... OK * checking for missing documentation entries ... OK * checking for code/documentation mismatches ... OK * checking Rd \usage sections ... OK * checking Rd contents ... OK * checking for unstated dependencies in examples ... OK * checking files in ‘vignettes’ ... OK * checking examples ... ERROR Running examples in ‘RGMQL-Ex.R’ failed The error most likely occurred in: > base::assign(".ptime", proc.time(), pos = "CheckExEnv") > ### Name: sample_metadata > ### Title: Show metadata list from dataset sample > ### Aliases: sample_metadata > > ### ** Examples > > ## Login to GMQL REST services suite as guest > > remote_url = "http://www.gmql.eu/gmql-rest/" > login_gmql(remote_url) [1] "your Token is 904a0eaa-d298-4a23-9cc5-ebf7592cb1af" > > ## This statement retrieves metadata of sample 'S_00000' from public > ## dataset 'Example_Dataset_1' > > sample_metadata(remote_url, "public.Example_Dataset_1", "S_00000") Error in sample_metadata(remote_url, "public.Example_Dataset_1", "S_00000") : {"error":"Sample not found: Example_Dataset_1-S_00000"} Execution halted * checking for unstated dependencies in vignettes ... OK * checking package vignettes ... OK * checking re-building of vignette outputs ... OK * checking PDF version of manual ... OK * DONE Status: 1 ERROR, 1 WARNING, 2 NOTEs See ‘/home/biocbuild/bbs-3.19-bioc/meat/RGMQL.Rcheck/00check.log’ for details.
RGMQL.Rcheck/00install.out
############################################################################## ############################################################################## ### ### Running command: ### ### /home/biocbuild/bbs-3.19-bioc/R/bin/R CMD INSTALL RGMQL ### ############################################################################## ############################################################################## * installing to library ‘/home/biocbuild/bbs-3.19-bioc/R/site-library’ * installing *source* package ‘RGMQL’ ... ** using staged installation ** R ** inst ** byte-compile and prepare package for lazy loading ** help *** installing help indices ** building package indices ** installing vignettes ** testing if installed package can be loaded from temporary location ** testing if installed package can be loaded from final location ** testing if installed package keeps a record of temporary installation path * DONE (RGMQL)
RGMQL.Rcheck/RGMQL-Ex.timings
name | user | system | elapsed | |
aggr-class | 6.030 | 0.340 | 2.203 | |
aggregate | 0.041 | 0.003 | 0.022 | |
arrange | 0.032 | 0.004 | 0.025 | |
collect | 0.036 | 0.003 | 0.022 | |
compile_query | 0.113 | 0.009 | 2.249 | |
cover-param-class | 0.099 | 0.004 | 0.076 | |
cover | 0.058 | 0.000 | 0.038 | |
delete_dataset | 0.000 | 0.000 | 0.001 | |
distal-class | 0.062 | 0.007 | 0.054 | |
download_dataset | 0.001 | 0.000 | 0.001 | |
execute | 0.036 | 0.001 | 0.023 | |
export_gmql | 0.349 | 0.060 | 0.405 | |
extend | 0.038 | 0.008 | 0.027 | |
filter | 0.097 | 0.008 | 0.071 | |
filter_and_extract | 1.399 | 0.021 | 1.415 | |
group_by | 0.043 | 0.004 | 0.039 | |
import_gmql | 0.123 | 0.000 | 0.124 | |
init_gmql | 0.016 | 0.000 | 0.161 | |
log_job | 0.015 | 0.004 | 0.345 | |
login_gmql | 0.010 | 0.000 | 0.152 | |
logout_gmql | 0.026 | 0.000 | 0.408 | |
map | 0.048 | 0.008 | 0.045 | |
merge | 0.060 | 0.001 | 0.036 | |
operator-class | 0.107 | 0.023 | 0.071 | |
ordering-class | 0.060 | 0.000 | 0.026 | |
read-function | 0.085 | 0.000 | 0.373 | |
register_gmql | 0 | 0 | 0 | |
remote_processing | 0.000 | 0.006 | 0.005 | |
run_query | 0.000 | 0.001 | 0.001 | |