Back to Multiple platform build/check report for BioC 3.19: simplified long |
|
This page was generated on 2024-03-07 12:01:37 -0500 (Thu, 07 Mar 2024).
Hostname | OS | Arch (*) | R version | Installed pkgs |
---|---|---|---|---|
nebbiolo1 | Linux (Ubuntu 22.04.3 LTS) | x86_64 | R Under development (unstable) (2024-01-16 r85808) -- "Unsuffered Consequences" | 4685 |
lconway | macOS 12.7.1 Monterey | x86_64 | R Under development (unstable) (2024-03-04 r86048) -- "Unsuffered Consequences" | 4429 |
kunpeng2 | Linux (openEuler 22.03 LTS-SP1) | aarch64 | R Under development (unstable) (2024-01-16 r85812) -- "Unsuffered Consequences" | 4428 |
Click on any hostname to see more info about the system (e.g. compilers) (*) as reported by 'uname -p', except on Windows and Mac OS X |
Package 1534/2255 | Hostname | OS / Arch | INSTALL | BUILD | CHECK | BUILD BIN | ||||||||
Pi 2.15.0 (landing page) Hai Fang
| nebbiolo1 | Linux (Ubuntu 22.04.3 LTS) / x86_64 | OK | OK | WARNINGS | ![]() | ||||||||
lconway | macOS 12.7.1 Monterey / x86_64 | ERROR | ERROR | skipped | skipped | |||||||||
kunpeng2 | Linux (openEuler 22.03 LTS-SP1) / aarch64 | OK | OK | WARNINGS | ||||||||||
To the developers/maintainers of the Pi package: - Allow up to 24 hours (and sometimes 48 hours) for your latest push to git@git.bioconductor.org:packages/Pi.git to reflect on this report. See Troubleshooting Build Report for more information. - Use the following Renviron settings to reproduce errors and warnings. - If 'R CMD check' started to fail recently on the Linux builder(s) over a missing dependency, add the missing dependency to 'Suggests:' in your DESCRIPTION file. See Renviron.bioc for more information. |
Package: Pi |
Version: 2.15.0 |
Command: /home/biocbuild/bbs-3.19-bioc/R/bin/R CMD check --install=check:Pi.install-out.txt --library=/home/biocbuild/bbs-3.19-bioc/R/site-library --timings Pi_2.15.0.tar.gz |
StartedAt: 2024-03-07 01:08:04 -0500 (Thu, 07 Mar 2024) |
EndedAt: 2024-03-07 01:11:14 -0500 (Thu, 07 Mar 2024) |
EllapsedTime: 190.2 seconds |
RetCode: 0 |
Status: WARNINGS |
CheckDir: Pi.Rcheck |
Warnings: 2 |
############################################################################## ############################################################################## ### ### Running command: ### ### /home/biocbuild/bbs-3.19-bioc/R/bin/R CMD check --install=check:Pi.install-out.txt --library=/home/biocbuild/bbs-3.19-bioc/R/site-library --timings Pi_2.15.0.tar.gz ### ############################################################################## ############################################################################## * using log directory ‘/home/biocbuild/bbs-3.19-bioc/meat/Pi.Rcheck’ * using R Under development (unstable) (2024-01-16 r85808) * using platform: x86_64-pc-linux-gnu * R was compiled by gcc (Ubuntu 11.4.0-1ubuntu1~22.04) 11.4.0 GNU Fortran (Ubuntu 11.4.0-1ubuntu1~22.04) 11.4.0 * running under: Ubuntu 22.04.4 LTS * using session charset: UTF-8 * checking for file ‘Pi/DESCRIPTION’ ... OK * checking extension type ... Package * this is package ‘Pi’ version ‘2.15.0’ * checking package namespace information ... OK * checking package dependencies ... OK * checking if this is a source package ... OK * checking if there is a namespace ... OK * checking for hidden files and directories ... OK * checking for portable file names ... OK * checking for sufficient/correct file permissions ... OK * checking whether package ‘Pi’ can be installed ... WARNING Found the following significant warnings: Warning: replacing previous import ‘ROCR::plot’ by ‘graphics::plot’ when loading ‘Pi’ See ‘/home/biocbuild/bbs-3.19-bioc/meat/Pi.Rcheck/00install.out’ for details. * checking installed package size ... OK * checking package directory ... OK * checking ‘build’ directory ... OK * checking DESCRIPTION meta-information ... OK * checking top-level files ... OK * checking for left-over files ... OK * checking index information ... OK * checking package subdirectories ... OK * checking R files for non-ASCII characters ... OK * checking R files for syntax errors ... OK * checking whether the package can be loaded ... OK * checking whether the package can be loaded with stated dependencies ... OK * checking whether the package can be unloaded cleanly ... OK * checking whether the namespace can be loaded with stated dependencies ... OK * checking whether the namespace can be unloaded cleanly ... OK * checking loading without being on the library search path ... OK * checking dependencies in R code ... WARNING '::' or ':::' import not declared from: 'pbapply' * checking S3 generic/method consistency ... OK * checking replacement functions ... OK * checking foreign function calls ... OK * checking R code for possible problems ... OK * checking Rd files ... OK * checking Rd metadata ... OK * checking Rd cross-references ... OK * checking for missing documentation entries ... OK * checking for code/documentation mismatches ... OK * checking Rd \usage sections ... OK * checking Rd contents ... OK * checking for unstated dependencies in examples ... OK * checking files in ‘vignettes’ ... OK * checking examples ... OK * checking for unstated dependencies in vignettes ... OK * checking package vignettes ... OK * checking re-building of vignette outputs ... OK * checking PDF version of manual ... OK * DONE Status: 2 WARNINGs See ‘/home/biocbuild/bbs-3.19-bioc/meat/Pi.Rcheck/00check.log’ for details.
Pi.Rcheck/00install.out
############################################################################## ############################################################################## ### ### Running command: ### ### /home/biocbuild/bbs-3.19-bioc/R/bin/R CMD INSTALL Pi ### ############################################################################## ############################################################################## * installing to library ‘/home/biocbuild/bbs-3.19-bioc/R/site-library’ * installing *source* package ‘Pi’ ... ** using staged installation ** R ** inst ** byte-compile and prepare package for lazy loading Warning: replacing previous import ‘ROCR::plot’ by ‘graphics::plot’ when loading ‘Pi’ ** help *** installing help indices ** building package indices ** installing vignettes ** testing if installed package can be loaded from temporary location Warning: replacing previous import ‘ROCR::plot’ by ‘graphics::plot’ when loading ‘Pi’ ** testing if installed package can be loaded from final location Warning: replacing previous import ‘ROCR::plot’ by ‘graphics::plot’ when loading ‘Pi’ ** testing if installed package keeps a record of temporary installation path * DONE (Pi)
Pi.Rcheck/Pi-Ex.timings
name | user | system | elapsed | |
EG | 0 | 0 | 0 | |
GS | 0 | 0 | 0 | |
aOnto | 0 | 0 | 0 | |
cTarget | 0 | 0 | 0 | |
dTarget | 0 | 0 | 0 | |
eGSEA | 0.001 | 0.000 | 0.001 | |
eTarget | 0 | 0 | 0 | |
eTerm | 0.000 | 0.001 | 0.000 | |
iSubg | 0.000 | 0.000 | 0.001 | |
ls_eTerm | 0 | 0 | 0 | |
pNode | 0.000 | 0.001 | 0.000 | |
pPerf | 0.000 | 0.000 | 0.001 | |
sGS | 0 | 0 | 0 | |
sTarget | 0.000 | 0.001 | 0.000 | |
xAggregate | 0 | 0 | 0 | |
xCheckParallel | 0 | 0 | 0 | |
xCircos | 0.000 | 0.000 | 0.001 | |
xColormap | 0.007 | 0.004 | 0.011 | |
xCombineNet | 0 | 0 | 0 | |
xContour | 0.025 | 0.004 | 0.029 | |
xConverter | 0.028 | 0.000 | 0.028 | |
xCorrelation | 0 | 0 | 0 | |
xDAGanno | 0.001 | 0.001 | 0.001 | |
xDefineEQTL | 0 | 0 | 0 | |
xDefineHIC | 0 | 0 | 0 | |
xDefineNet | 0.000 | 0.001 | 0.001 | |
xDefineOntology | 0.000 | 0.000 | 0.001 | |
xEnrichForest | 0.000 | 0.000 | 0.001 | |
xEnrichViewer | 0 | 0 | 0 | |
xEnricher | 0.000 | 0.000 | 0.001 | |
xEnricherGenes | 0.000 | 0.000 | 0.001 | |
xGGnetwork | 0.002 | 0.000 | 0.002 | |
xGR | 0.001 | 0.000 | 0.001 | |
xGR2nGenes | 0.001 | 0.000 | 0.001 | |
xGR2xGeneScores | 0.001 | 0.000 | 0.001 | |
xGR2xGenes | 0.001 | 0.000 | 0.001 | |
xGRscores | 0.001 | 0.000 | 0.001 | |
xGRsort | 0 | 0 | 0 | |
xGSEAbarplot | 0.000 | 0.001 | 0.000 | |
xGSEAconciser | 0 | 0 | 0 | |
xGSEAdotplot | 0.000 | 0.000 | 0.001 | |
xGSsimulator | 0 | 0 | 0 | |
xGeneID2Symbol | 0.000 | 0.001 | 0.000 | |
xHeatmap | 0 | 0 | 0 | |
xLayout | 0.001 | 0.000 | 0.001 | |
xLiftOver | 0.001 | 0.000 | 0.001 | |
xMEabf | 0 | 0 | 0 | |
xMLcaret | 0 | 0 | 0 | |
xMLcompare | 0 | 0 | 0 | |
xMLdensity | 0.001 | 0.000 | 0.001 | |
xMLdotplot | 0 | 0 | 0 | |
xMLfeatureplot | 0 | 0 | 0 | |
xMLglmnet | 0.001 | 0.000 | 0.001 | |
xMLparameters | 0 | 0 | 0 | |
xMLrandomforest | 0 | 0 | 0 | |
xMLrename | 0.000 | 0.001 | 0.001 | |
xMLzoom | 0.000 | 0.000 | 0.001 | |
xPieplot | 0 | 0 | 0 | |
xPier | 0.000 | 0.001 | 0.000 | |
xPierABF | 0.000 | 0.001 | 0.000 | |
xPierABFheatmap | 0 | 0 | 0 | |
xPierAnno | 0.000 | 0.000 | 0.001 | |
xPierCor | 0.000 | 0.000 | 0.001 | |
xPierCross | 0 | 0 | 0 | |
xPierEvidence | 0 | 0 | 0 | |
xPierGRs | 0 | 0 | 0 | |
xPierGSEA | 0.000 | 0.000 | 0.001 | |
xPierGenes | 0.001 | 0.000 | 0.001 | |
xPierMRS | 0 | 0 | 0 | |
xPierManhattan | 0.000 | 0.001 | 0.001 | |
xPierMatrix | 0 | 0 | 0 | |
xPierPathways | 0.000 | 0.001 | 0.000 | |
xPierROCR | 0.000 | 0.001 | 0.000 | |
xPierSNPs | 0.000 | 0.000 | 0.001 | |
xPierSNPsAdv | 0.001 | 0.000 | 0.001 | |
xPierSNPsAdvABF | 0.001 | 0.000 | 0.001 | |
xPierSubnet | 0.001 | 0.000 | 0.001 | |
xPierTrack | 0.001 | 0.000 | 0.001 | |
xPierTrackAdv | 0 | 0 | 0 | |
xPredictCompare | 0 | 0 | 0 | |
xPredictROCR | 0 | 0 | 0 | |
xRDataLoader | 0.000 | 0.000 | 0.001 | |
xRWR | 0.000 | 0.001 | 0.001 | |
xSM2DF | 0.005 | 0.003 | 0.008 | |
xSNP2cGenes | 0 | 0 | 0 | |
xSNP2eGenes | 0.000 | 0.000 | 0.001 | |
xSNP2nGenes | 0.001 | 0.000 | 0.001 | |
xSNPlocations | 0 | 0 | 0 | |
xSNPscores | 0 | 0 | 0 | |
xSparseMatrix | 0.007 | 0.000 | 0.007 | |
xSubneterGenes | 0.001 | 0.000 | 0.001 | |
xSymbol2GeneID | 0.000 | 0.000 | 0.001 | |
xVisEvidence | 0.001 | 0.000 | 0.001 | |
xVisEvidenceAdv | 0 | 0 | 0 | |
xVisKernels | 0.015 | 0.004 | 0.019 | |
xVisNet | 0.000 | 0.000 | 0.001 | |