| Back to Multiple platform build/check report for BioC 3.19: simplified long |
|
This page was generated on 2024-03-12 11:40:53 -0400 (Tue, 12 Mar 2024).
| Hostname | OS | Arch (*) | R version | Installed pkgs |
|---|---|---|---|---|
| nebbiolo1 | Linux (Ubuntu 22.04.3 LTS) | x86_64 | R Under development (unstable) (2024-03-06 r86056) -- "Unsuffered Consequences" | 4471 |
| palomino3 | Windows Server 2022 Datacenter | x64 | R Under development (unstable) (2024-03-06 r86056 ucrt) -- "Unsuffered Consequences" | 4417 |
| lconway | macOS 12.7.1 Monterey | x86_64 | R Under development (unstable) (2024-03-04 r86048) -- "Unsuffered Consequences" | 4444 |
| kunpeng2 | Linux (openEuler 22.03 LTS-SP1) | aarch64 | R Under development (unstable) (2024-01-16 r85812) -- "Unsuffered Consequences" | 4430 |
| Click on any hostname to see more info about the system (e.g. compilers) (*) as reported by 'uname -p', except on Windows and Mac OS X | ||||
| Package 1534/2257 | Hostname | OS / Arch | INSTALL | BUILD | CHECK | BUILD BIN | ||||||||
| Pi 2.15.0 (landing page) Hai Fang
| nebbiolo1 | Linux (Ubuntu 22.04.3 LTS) / x86_64 | ERROR | ERROR | skipped | |||||||||
| palomino3 | Windows Server 2022 Datacenter / x64 | ERROR | ERROR | skipped | skipped | |||||||||
| lconway | macOS 12.7.1 Monterey / x86_64 | ERROR | ERROR | skipped | skipped | |||||||||
| kunpeng2 | Linux (openEuler 22.03 LTS-SP1) / aarch64 | OK | OK | WARNINGS | ||||||||||
|
To the developers/maintainers of the Pi package: - Allow up to 24 hours (and sometimes 48 hours) for your latest push to git@git.bioconductor.org:packages/Pi.git to reflect on this report. See Troubleshooting Build Report for more information. - Use the following Renviron settings to reproduce errors and warnings. - If 'R CMD check' started to fail recently on the Linux builder(s) over a missing dependency, add the missing dependency to 'Suggests:' in your DESCRIPTION file. See Renviron.bioc for more information. - See Martin Grigorov's blog post for how to debug Linux ARM64 related issues on a x86_64 host. |
| Package: Pi |
| Version: 2.15.0 |
| Command: /home/biocbuild/R/R-devel_2024-01-16_r85812/bin/R CMD check --install=check:Pi.install-out.txt --library=/home/biocbuild/R/R-devel_2024-01-16_r85812/site-library --no-vignettes --timings Pi_2.15.0.tar.gz |
| StartedAt: 2024-03-12 07:48:33 -0000 (Tue, 12 Mar 2024) |
| EndedAt: 2024-03-12 07:52:25 -0000 (Tue, 12 Mar 2024) |
| EllapsedTime: 232.4 seconds |
| RetCode: 0 |
| Status: WARNINGS |
| CheckDir: Pi.Rcheck |
| Warnings: 2 |
##############################################################################
##############################################################################
###
### Running command:
###
### /home/biocbuild/R/R-devel_2024-01-16_r85812/bin/R CMD check --install=check:Pi.install-out.txt --library=/home/biocbuild/R/R-devel_2024-01-16_r85812/site-library --no-vignettes --timings Pi_2.15.0.tar.gz
###
##############################################################################
##############################################################################
* using log directory ‘/home/biocbuild/bbs-3.19-bioc/meat/Pi.Rcheck’
* using R Under development (unstable) (2024-01-16 r85812)
* using platform: aarch64-unknown-linux-gnu
* R was compiled by
gcc (GCC) 10.3.1
GNU Fortran (GCC) 10.3.1
* running under: openEuler 22.03 (LTS-SP1)
* using session charset: UTF-8
* using option ‘--no-vignettes’
* checking for file ‘Pi/DESCRIPTION’ ... OK
* checking extension type ... Package
* this is package ‘Pi’ version ‘2.15.0’
* checking package namespace information ... OK
* checking package dependencies ... OK
* checking if this is a source package ... OK
* checking if there is a namespace ... OK
* checking for hidden files and directories ... OK
* checking for portable file names ... OK
* checking for sufficient/correct file permissions ... OK
* checking whether package ‘Pi’ can be installed ... WARNING
Found the following significant warnings:
Warning: replacing previous import ‘ROCR::plot’ by ‘graphics::plot’ when loading ‘Pi’
See ‘/home/biocbuild/bbs-3.19-bioc/meat/Pi.Rcheck/00install.out’ for details.
* checking installed package size ... OK
* checking package directory ... OK
* checking ‘build’ directory ... OK
* checking DESCRIPTION meta-information ... OK
* checking top-level files ... OK
* checking for left-over files ... OK
* checking index information ... OK
* checking package subdirectories ... OK
* checking R files for non-ASCII characters ... OK
* checking R files for syntax errors ... OK
* checking whether the package can be loaded ... OK
* checking whether the package can be loaded with stated dependencies ... OK
* checking whether the package can be unloaded cleanly ... OK
* checking whether the namespace can be loaded with stated dependencies ... OK
* checking whether the namespace can be unloaded cleanly ... OK
* checking loading without being on the library search path ... OK
* checking dependencies in R code ... WARNING
'::' or ':::' import not declared from: 'pbapply'
* checking S3 generic/method consistency ... OK
* checking replacement functions ... OK
* checking foreign function calls ... OK
* checking R code for possible problems ... OK
* checking Rd files ... OK
* checking Rd metadata ... OK
* checking Rd cross-references ... OK
* checking for missing documentation entries ... OK
* checking for code/documentation mismatches ... OK
* checking Rd \usage sections ... OK
* checking Rd contents ... OK
* checking for unstated dependencies in examples ... OK
* checking files in ‘vignettes’ ... OK
* checking examples ... OK
* checking for unstated dependencies in vignettes ... OK
* checking package vignettes ... OK
* checking running R code from vignettes ... SKIPPED
* checking re-building of vignette outputs ... SKIPPED
* checking PDF version of manual ... OK
* DONE
Status: 2 WARNINGs
See
‘/home/biocbuild/bbs-3.19-bioc/meat/Pi.Rcheck/00check.log’
for details.
Pi.Rcheck/00install.out
############################################################################## ############################################################################## ### ### Running command: ### ### /home/biocbuild/R/R-devel_2024-01-16_r85812/bin/R CMD INSTALL Pi ### ############################################################################## ############################################################################## * installing to library ‘/home/biocbuild/R/R-devel_2024-01-16_r85812/site-library’ * installing *source* package ‘Pi’ ... ** using staged installation ** R ** inst ** byte-compile and prepare package for lazy loading Warning: replacing previous import ‘ROCR::plot’ by ‘graphics::plot’ when loading ‘Pi’ ** help *** installing help indices ** building package indices ** installing vignettes ** testing if installed package can be loaded from temporary location Warning: replacing previous import ‘ROCR::plot’ by ‘graphics::plot’ when loading ‘Pi’ ** testing if installed package can be loaded from final location Warning: replacing previous import ‘ROCR::plot’ by ‘graphics::plot’ when loading ‘Pi’ ** testing if installed package keeps a record of temporary installation path * DONE (Pi)
Pi.Rcheck/Pi-Ex.timings
| name | user | system | elapsed | |
| EG | 0.000 | 0.000 | 0.001 | |
| GS | 0 | 0 | 0 | |
| aOnto | 0 | 0 | 0 | |
| cTarget | 0 | 0 | 0 | |
| dTarget | 0 | 0 | 0 | |
| eGSEA | 0.000 | 0.001 | 0.001 | |
| eTarget | 0 | 0 | 0 | |
| eTerm | 0 | 0 | 0 | |
| iSubg | 0 | 0 | 0 | |
| ls_eTerm | 0 | 0 | 0 | |
| pNode | 0 | 0 | 0 | |
| pPerf | 0.001 | 0.000 | 0.000 | |
| sGS | 0 | 0 | 0 | |
| sTarget | 0 | 0 | 0 | |
| xAggregate | 0 | 0 | 0 | |
| xCheckParallel | 0 | 0 | 0 | |
| xCircos | 0.001 | 0.000 | 0.000 | |
| xColormap | 0.014 | 0.000 | 0.014 | |
| xCombineNet | 0 | 0 | 0 | |
| xContour | 0.032 | 0.004 | 0.035 | |
| xConverter | 0.036 | 0.000 | 0.035 | |
| xCorrelation | 0 | 0 | 0 | |
| xDAGanno | 0 | 0 | 0 | |
| xDefineEQTL | 0.000 | 0.001 | 0.000 | |
| xDefineHIC | 0 | 0 | 0 | |
| xDefineNet | 0 | 0 | 0 | |
| xDefineOntology | 0 | 0 | 0 | |
| xEnrichForest | 0 | 0 | 0 | |
| xEnrichViewer | 0 | 0 | 0 | |
| xEnricher | 0.001 | 0.000 | 0.000 | |
| xEnricherGenes | 0 | 0 | 0 | |
| xGGnetwork | 0 | 0 | 0 | |
| xGR | 0 | 0 | 0 | |
| xGR2nGenes | 0.001 | 0.000 | 0.000 | |
| xGR2xGeneScores | 0 | 0 | 0 | |
| xGR2xGenes | 0 | 0 | 0 | |
| xGRscores | 0.001 | 0.000 | 0.000 | |
| xGRsort | 0 | 0 | 0 | |
| xGSEAbarplot | 0.000 | 0.000 | 0.001 | |
| xGSEAconciser | 0 | 0 | 0 | |
| xGSEAdotplot | 0 | 0 | 0 | |
| xGSsimulator | 0.001 | 0.000 | 0.000 | |
| xGeneID2Symbol | 0 | 0 | 0 | |
| xHeatmap | 0 | 0 | 0 | |
| xLayout | 0 | 0 | 0 | |
| xLiftOver | 0 | 0 | 0 | |
| xMEabf | 0.001 | 0.000 | 0.000 | |
| xMLcaret | 0 | 0 | 0 | |
| xMLcompare | 0 | 0 | 0 | |
| xMLdensity | 0 | 0 | 0 | |
| xMLdotplot | 0 | 0 | 0 | |
| xMLfeatureplot | 0 | 0 | 0 | |
| xMLglmnet | 0 | 0 | 0 | |
| xMLparameters | 0 | 0 | 0 | |
| xMLrandomforest | 0 | 0 | 0 | |
| xMLrename | 0.000 | 0.001 | 0.001 | |
| xMLzoom | 0 | 0 | 0 | |
| xPieplot | 0 | 0 | 0 | |
| xPier | 0.000 | 0.001 | 0.001 | |
| xPierABF | 0 | 0 | 0 | |
| xPierABFheatmap | 0 | 0 | 0 | |
| xPierAnno | 0.001 | 0.000 | 0.000 | |
| xPierCor | 0 | 0 | 0 | |
| xPierCross | 0.000 | 0.000 | 0.001 | |
| xPierEvidence | 0 | 0 | 0 | |
| xPierGRs | 0 | 0 | 0 | |
| xPierGSEA | 0.001 | 0.000 | 0.000 | |
| xPierGenes | 0 | 0 | 0 | |
| xPierMRS | 0.000 | 0.000 | 0.001 | |
| xPierManhattan | 0 | 0 | 0 | |
| xPierMatrix | 0 | 0 | 0 | |
| xPierPathways | 0.001 | 0.000 | 0.000 | |
| xPierROCR | 0 | 0 | 0 | |
| xPierSNPs | 0 | 0 | 0 | |
| xPierSNPsAdv | 0 | 0 | 0 | |
| xPierSNPsAdvABF | 0 | 0 | 0 | |
| xPierSubnet | 0.000 | 0.000 | 0.001 | |
| xPierTrack | 0 | 0 | 0 | |
| xPierTrackAdv | 0 | 0 | 0 | |
| xPredictCompare | 0 | 0 | 0 | |
| xPredictROCR | 0 | 0 | 0 | |
| xRDataLoader | 0.000 | 0.000 | 0.001 | |
| xRWR | 0.001 | 0.000 | 0.001 | |
| xSM2DF | 0.011 | 0.000 | 0.012 | |
| xSNP2cGenes | 0 | 0 | 0 | |
| xSNP2eGenes | 0 | 0 | 0 | |
| xSNP2nGenes | 0 | 0 | 0 | |
| xSNPlocations | 0.001 | 0.000 | 0.000 | |
| xSNPscores | 0 | 0 | 0 | |
| xSparseMatrix | 0.009 | 0.000 | 0.010 | |
| xSubneterGenes | 0 | 0 | 0 | |
| xSymbol2GeneID | 0 | 0 | 0 | |
| xVisEvidence | 0 | 0 | 0 | |
| xVisEvidenceAdv | 0 | 0 | 0 | |
| xVisKernels | 0.019 | 0.000 | 0.019 | |
| xVisNet | 0.001 | 0.000 | 0.001 | |