| Back to Multiple platform build/check report for BioC 3.19: simplified long |
|
This page was generated on 2024-06-11 14:42 -0400 (Tue, 11 Jun 2024).
| Hostname | OS | Arch (*) | R version | Installed pkgs |
|---|---|---|---|---|
| nebbiolo1 | Linux (Ubuntu 22.04.3 LTS) | x86_64 | 4.4.0 (2024-04-24) -- "Puppy Cup" | 4757 |
| palomino3 | Windows Server 2022 Datacenter | x64 | 4.4.0 (2024-04-24 ucrt) -- "Puppy Cup" | 4491 |
| lconway | macOS 12.7.1 Monterey | x86_64 | 4.4.0 (2024-04-24) -- "Puppy Cup" | 4522 |
| kjohnson3 | macOS 13.6.5 Ventura | arm64 | 4.4.0 (2024-04-24) -- "Puppy Cup" | 4468 |
| Click on any hostname to see more info about the system (e.g. compilers) (*) as reported by 'uname -p', except on Windows and Mac OS X | ||||
| Package 549/2300 | Hostname | OS / Arch | INSTALL | BUILD | CHECK | BUILD BIN | ||||||||
| DEP 1.26.0 (landing page) Arne Smits
| nebbiolo1 | Linux (Ubuntu 22.04.3 LTS) / x86_64 | OK | OK | WARNINGS | |||||||||
| palomino3 | Windows Server 2022 Datacenter / x64 | OK | OK | WARNINGS | OK | |||||||||
| lconway | macOS 12.7.1 Monterey / x86_64 | OK | OK | WARNINGS | OK | |||||||||
| kjohnson3 | macOS 13.6.5 Ventura / arm64 | OK | OK | WARNINGS | OK | |||||||||
|
To the developers/maintainers of the DEP package: - Allow up to 24 hours (and sometimes 48 hours) for your latest push to git@git.bioconductor.org:packages/DEP.git to reflect on this report. See Troubleshooting Build Report for more information. - Use the following Renviron settings to reproduce errors and warnings. - If 'R CMD check' started to fail recently on the Linux builder(s) over a missing dependency, add the missing dependency to 'Suggests:' in your DESCRIPTION file. See Renviron.bioc for more information. |
| Package: DEP |
| Version: 1.26.0 |
| Command: /Library/Frameworks/R.framework/Resources/bin/R CMD check --install=check:DEP.install-out.txt --library=/Library/Frameworks/R.framework/Resources/library --no-vignettes --timings DEP_1.26.0.tar.gz |
| StartedAt: 2024-06-09 19:55:58 -0400 (Sun, 09 Jun 2024) |
| EndedAt: 2024-06-09 20:03:51 -0400 (Sun, 09 Jun 2024) |
| EllapsedTime: 473.3 seconds |
| RetCode: 0 |
| Status: WARNINGS |
| CheckDir: DEP.Rcheck |
| Warnings: 1 |
##############################################################################
##############################################################################
###
### Running command:
###
### /Library/Frameworks/R.framework/Resources/bin/R CMD check --install=check:DEP.install-out.txt --library=/Library/Frameworks/R.framework/Resources/library --no-vignettes --timings DEP_1.26.0.tar.gz
###
##############################################################################
##############################################################################
* using log directory ‘/Users/biocbuild/bbs-3.19-bioc/meat/DEP.Rcheck’
* using R version 4.4.0 (2024-04-24)
* using platform: x86_64-apple-darwin20
* R was compiled by
Apple clang version 14.0.0 (clang-1400.0.29.202)
GNU Fortran (GCC) 12.2.0
* running under: macOS Monterey 12.7.1
* using session charset: UTF-8
* using option ‘--no-vignettes’
* checking for file ‘DEP/DESCRIPTION’ ... OK
* this is package ‘DEP’ version ‘1.26.0’
* package encoding: UTF-8
* checking package namespace information ... OK
* checking package dependencies ... OK
* checking if this is a source package ... OK
* checking if there is a namespace ... OK
* checking for hidden files and directories ... OK
* checking for portable file names ... OK
* checking for sufficient/correct file permissions ... OK
* checking whether package ‘DEP’ can be installed ... OK
* checking installed package size ... OK
* checking package directory ... OK
* checking ‘build’ directory ... OK
* checking DESCRIPTION meta-information ... OK
* checking top-level files ... OK
* checking for left-over files ... OK
* checking index information ... OK
* checking package subdirectories ... OK
* checking code files for non-ASCII characters ... OK
* checking R files for syntax errors ... OK
* checking whether the package can be loaded ... OK
* checking whether the package can be loaded with stated dependencies ... OK
* checking whether the package can be unloaded cleanly ... OK
* checking whether the namespace can be loaded with stated dependencies ... OK
* checking whether the namespace can be unloaded cleanly ... OK
* checking whether startup messages can be suppressed ... OK
* checking dependencies in R code ... OK
* checking S3 generic/method consistency ... OK
* checking replacement functions ... OK
* checking foreign function calls ... OK
* checking R code for possible problems ... OK
* checking Rd files ... OK
* checking Rd metadata ... OK
* checking Rd cross-references ... WARNING
Missing link or links in Rd file 'LFQ.Rd':
‘[MSnbase:impute-methods]{impute}’
Missing link or links in Rd file 'TMT.Rd':
‘[MSnbase:impute-methods]{impute}’
Missing link or links in Rd file 'impute.Rd':
‘[MSnbase:impute-methods]{impute}’
Missing link or links in Rd file 'process.Rd':
‘[MSnbase:impute-methods]{impute}’
See section 'Cross-references' in the 'Writing R Extensions' manual.
* checking for missing documentation entries ... OK
* checking for code/documentation mismatches ... OK
* checking Rd \usage sections ... OK
* checking Rd contents ... OK
* checking for unstated dependencies in examples ... OK
* checking contents of ‘data’ directory ... OK
* checking data for non-ASCII characters ... OK
* checking LazyData ... OK
* checking data for ASCII and uncompressed saves ... OK
* checking R/sysdata.rda ... OK
* checking files in ‘vignettes’ ... OK
* checking examples ... OK
Examples with CPU (user + system) or elapsed time > 5s
user system elapsed
impute 50.187 0.216 50.486
* checking for unstated dependencies in ‘tests’ ... OK
* checking tests ...
Running ‘testthat.R’
OK
* checking for unstated dependencies in vignettes ... OK
* checking package vignettes ... OK
* checking running R code from vignettes ... SKIPPED
* checking re-building of vignette outputs ... SKIPPED
* checking PDF version of manual ... OK
* DONE
Status: 1 WARNING
See
‘/Users/biocbuild/bbs-3.19-bioc/meat/DEP.Rcheck/00check.log’
for details.
DEP.Rcheck/00install.out
############################################################################## ############################################################################## ### ### Running command: ### ### /Library/Frameworks/R.framework/Resources/bin/R CMD INSTALL DEP ### ############################################################################## ############################################################################## * installing to library ‘/Library/Frameworks/R.framework/Versions/4.4-x86_64/Resources/library’ * installing *source* package ‘DEP’ ... ** using staged installation ** R ** data *** moving datasets to lazyload DB ** inst ** byte-compile and prepare package for lazy loading ** help *** installing help indices ** building package indices ** installing vignettes ** testing if installed package can be loaded from temporary location ** testing if installed package can be loaded from final location ** testing if installed package keeps a record of temporary installation path * DONE (DEP)
DEP.Rcheck/tests/testthat.Rout
R version 4.4.0 (2024-04-24) -- "Puppy Cup"
Copyright (C) 2024 The R Foundation for Statistical Computing
Platform: x86_64-apple-darwin20
R is free software and comes with ABSOLUTELY NO WARRANTY.
You are welcome to redistribute it under certain conditions.
Type 'license()' or 'licence()' for distribution details.
R is a collaborative project with many contributors.
Type 'contributors()' for more information and
'citation()' on how to cite R or R packages in publications.
Type 'demo()' for some demos, 'help()' for on-line help, or
'help.start()' for an HTML browser interface to help.
Type 'q()' to quit R.
> library(testthat)
> library(DEP)
>
> test_check("DEP")
[ FAIL 0 | WARN 14 | SKIP 0 | PASS 333 ]
[ FAIL 0 | WARN 14 | SKIP 0 | PASS 333 ]
>
> proc.time()
user system elapsed
59.886 3.488 64.626
DEP.Rcheck/DEP-Ex.timings
| name | user | system | elapsed | |
| LFQ | 2.145 | 0.074 | 2.225 | |
| TMT | 0 | 0 | 0 | |
| add_rejections | 0.835 | 0.039 | 0.876 | |
| analyze_dep | 2.397 | 0.118 | 2.525 | |
| filter_missval | 0.579 | 0.032 | 0.612 | |
| filter_proteins | 0.372 | 0.017 | 0.391 | |
| get_df_long | 0.882 | 0.040 | 0.924 | |
| get_df_wide | 1.681 | 0.037 | 1.720 | |
| get_prefix | 0.002 | 0.000 | 0.002 | |
| get_results | 1.021 | 0.051 | 1.073 | |
| get_suffix | 0.001 | 0.000 | 0.001 | |
| import_IsobarQuant | 0.000 | 0.001 | 0.001 | |
| import_MaxQuant | 0.052 | 0.000 | 0.053 | |
| impute | 50.187 | 0.216 | 50.486 | |
| make_se | 0.036 | 0.001 | 0.036 | |
| make_se_parse | 0.065 | 0.010 | 0.075 | |
| make_unique | 0.024 | 0.000 | 0.025 | |
| manual_impute | 0.647 | 0.025 | 0.673 | |
| meanSdPlot | 0.812 | 0.082 | 0.900 | |
| normalize_vsn | 0.372 | 0.015 | 0.388 | |
| plot_all | 1.694 | 0.091 | 1.788 | |
| plot_cond | 1.218 | 0.048 | 1.269 | |
| plot_cond_freq | 0.969 | 0.031 | 1.002 | |
| plot_cond_overlap | 1.016 | 0.036 | 1.054 | |
| plot_cor | 1.333 | 0.058 | 1.394 | |
| plot_coverage | 0.585 | 0.024 | 0.611 | |
| plot_detect | 0.851 | 0.031 | 0.885 | |
| plot_dist | 4.168 | 0.054 | 4.232 | |
| plot_frequency | 0.495 | 0.023 | 0.519 | |
| plot_gsea | 0.759 | 0.028 | 0.788 | |
| plot_heatmap | 2.724 | 0.055 | 2.788 | |
| plot_imputation | 1.044 | 0.045 | 1.090 | |
| plot_missval | 1.537 | 0.080 | 1.620 | |
| plot_normalization | 1.484 | 0.083 | 1.572 | |
| plot_numbers | 0.571 | 0.022 | 0.596 | |
| plot_p_hist | 1.423 | 0.038 | 1.466 | |
| plot_pca | 1.395 | 0.063 | 1.462 | |
| plot_single | 1.855 | 0.043 | 1.903 | |
| plot_volcano | 4.095 | 0.058 | 4.162 | |
| process | 1.422 | 0.067 | 1.491 | |
| report | 0.000 | 0.000 | 0.001 | |
| run_app | 0 | 0 | 0 | |
| se2msn | 0.105 | 0.001 | 0.106 | |
| test_diff | 1.045 | 0.054 | 1.101 | |
| test_gsea | 0.790 | 0.026 | 0.816 | |
| theme_DEP1 | 0.477 | 0.021 | 0.499 | |
| theme_DEP2 | 0.559 | 0.030 | 0.591 | |