Back to Multiple platform build/check report for BioC 3.19: simplified long |
|
This page was generated on 2024-06-11 14:43 -0400 (Tue, 11 Jun 2024).
Hostname | OS | Arch (*) | R version | Installed pkgs |
---|---|---|---|---|
nebbiolo1 | Linux (Ubuntu 22.04.3 LTS) | x86_64 | 4.4.0 (2024-04-24) -- "Puppy Cup" | 4757 |
palomino3 | Windows Server 2022 Datacenter | x64 | 4.4.0 (2024-04-24 ucrt) -- "Puppy Cup" | 4491 |
lconway | macOS 12.7.1 Monterey | x86_64 | 4.4.0 (2024-04-24) -- "Puppy Cup" | 4522 |
kjohnson3 | macOS 13.6.5 Ventura | arm64 | 4.4.0 (2024-04-24) -- "Puppy Cup" | 4468 |
Click on any hostname to see more info about the system (e.g. compilers) (*) as reported by 'uname -p', except on Windows and Mac OS X |
Package 549/2300 | Hostname | OS / Arch | INSTALL | BUILD | CHECK | BUILD BIN | ||||||||
DEP 1.26.0 (landing page) Arne Smits
| nebbiolo1 | Linux (Ubuntu 22.04.3 LTS) / x86_64 | OK | OK | WARNINGS | |||||||||
palomino3 | Windows Server 2022 Datacenter / x64 | OK | OK | WARNINGS | OK | |||||||||
lconway | macOS 12.7.1 Monterey / x86_64 | OK | OK | WARNINGS | OK | |||||||||
kjohnson3 | macOS 13.6.5 Ventura / arm64 | OK | OK | WARNINGS | OK | |||||||||
To the developers/maintainers of the DEP package: - Allow up to 24 hours (and sometimes 48 hours) for your latest push to git@git.bioconductor.org:packages/DEP.git to reflect on this report. See Troubleshooting Build Report for more information. - Use the following Renviron settings to reproduce errors and warnings. - If 'R CMD check' started to fail recently on the Linux builder(s) over a missing dependency, add the missing dependency to 'Suggests:' in your DESCRIPTION file. See Renviron.bioc for more information. |
Package: DEP |
Version: 1.26.0 |
Command: /Library/Frameworks/R.framework/Resources/bin/R CMD check --install=check:DEP.install-out.txt --library=/Library/Frameworks/R.framework/Resources/library --no-vignettes --timings DEP_1.26.0.tar.gz |
StartedAt: 2024-06-10 13:28:23 -0400 (Mon, 10 Jun 2024) |
EndedAt: 2024-06-10 13:40:31 -0400 (Mon, 10 Jun 2024) |
EllapsedTime: 727.5 seconds |
RetCode: 0 |
Status: WARNINGS |
CheckDir: DEP.Rcheck |
Warnings: 1 |
############################################################################## ############################################################################## ### ### Running command: ### ### /Library/Frameworks/R.framework/Resources/bin/R CMD check --install=check:DEP.install-out.txt --library=/Library/Frameworks/R.framework/Resources/library --no-vignettes --timings DEP_1.26.0.tar.gz ### ############################################################################## ############################################################################## * using log directory ‘/Users/biocbuild/bbs-3.19-bioc/meat/DEP.Rcheck’ * using R version 4.4.0 (2024-04-24) * using platform: aarch64-apple-darwin20 * R was compiled by Apple clang version 14.0.0 (clang-1400.0.29.202) GNU Fortran (GCC) 12.2.0 * running under: macOS Ventura 13.6.5 * using session charset: UTF-8 * using option ‘--no-vignettes’ * checking for file ‘DEP/DESCRIPTION’ ... OK * this is package ‘DEP’ version ‘1.26.0’ * package encoding: UTF-8 * checking package namespace information ... OK * checking package dependencies ... OK * checking if this is a source package ... OK * checking if there is a namespace ... OK * checking for hidden files and directories ... OK * checking for portable file names ... OK * checking for sufficient/correct file permissions ... OK * checking whether package ‘DEP’ can be installed ... OK * checking installed package size ... OK * checking package directory ... OK * checking ‘build’ directory ... OK * checking DESCRIPTION meta-information ... OK * checking top-level files ... OK * checking for left-over files ... OK * checking index information ... OK * checking package subdirectories ... OK * checking code files for non-ASCII characters ... OK * checking R files for syntax errors ... OK * checking whether the package can be loaded ... OK * checking whether the package can be loaded with stated dependencies ... OK * checking whether the package can be unloaded cleanly ... OK * checking whether the namespace can be loaded with stated dependencies ... OK * checking whether the namespace can be unloaded cleanly ... OK * checking whether startup messages can be suppressed ... OK * checking dependencies in R code ... OK * checking S3 generic/method consistency ... OK * checking replacement functions ... OK * checking foreign function calls ... OK * checking R code for possible problems ... OK * checking Rd files ... OK * checking Rd metadata ... OK * checking Rd cross-references ... WARNING Missing link or links in Rd file 'LFQ.Rd': ‘[MSnbase:impute-methods]{impute}’ Missing link or links in Rd file 'TMT.Rd': ‘[MSnbase:impute-methods]{impute}’ Missing link or links in Rd file 'impute.Rd': ‘[MSnbase:impute-methods]{impute}’ Missing link or links in Rd file 'process.Rd': ‘[MSnbase:impute-methods]{impute}’ See section 'Cross-references' in the 'Writing R Extensions' manual. * checking for missing documentation entries ... OK * checking for code/documentation mismatches ... OK * checking Rd \usage sections ... OK * checking Rd contents ... OK * checking for unstated dependencies in examples ... OK * checking contents of ‘data’ directory ... OK * checking data for non-ASCII characters ... OK * checking LazyData ... OK * checking data for ASCII and uncompressed saves ... OK * checking R/sysdata.rda ... OK * checking files in ‘vignettes’ ... OK * checking examples ... OK Examples with CPU (user + system) or elapsed time > 5s user system elapsed impute 30.994 0.280 47.057 plot_dist 3.973 0.059 6.151 plot_volcano 3.671 0.063 5.783 * checking for unstated dependencies in ‘tests’ ... OK * checking tests ... Running ‘testthat.R’ OK * checking for unstated dependencies in vignettes ... OK * checking package vignettes ... OK * checking running R code from vignettes ... SKIPPED * checking re-building of vignette outputs ... SKIPPED * checking PDF version of manual ... OK * DONE Status: 1 WARNING See ‘/Users/biocbuild/bbs-3.19-bioc/meat/DEP.Rcheck/00check.log’ for details.
DEP.Rcheck/00install.out
############################################################################## ############################################################################## ### ### Running command: ### ### /Library/Frameworks/R.framework/Resources/bin/R CMD INSTALL DEP ### ############################################################################## ############################################################################## * installing to library ‘/Library/Frameworks/R.framework/Versions/4.4-arm64/Resources/library’ * installing *source* package ‘DEP’ ... ** using staged installation ** R ** data *** moving datasets to lazyload DB ** inst ** byte-compile and prepare package for lazy loading ** help *** installing help indices ** building package indices ** installing vignettes ** testing if installed package can be loaded from temporary location ** testing if installed package can be loaded from final location ** testing if installed package keeps a record of temporary installation path * DONE (DEP)
DEP.Rcheck/tests/testthat.Rout
R version 4.4.0 (2024-04-24) -- "Puppy Cup" Copyright (C) 2024 The R Foundation for Statistical Computing Platform: aarch64-apple-darwin20 R is free software and comes with ABSOLUTELY NO WARRANTY. You are welcome to redistribute it under certain conditions. Type 'license()' or 'licence()' for distribution details. R is a collaborative project with many contributors. Type 'contributors()' for more information and 'citation()' on how to cite R or R packages in publications. Type 'demo()' for some demos, 'help()' for on-line help, or 'help.start()' for an HTML browser interface to help. Type 'q()' to quit R. > library(testthat) > library(DEP) > > test_check("DEP") [ FAIL 0 | WARN 14 | SKIP 0 | PASS 333 ] [ FAIL 0 | WARN 14 | SKIP 0 | PASS 333 ] > > proc.time() user system elapsed 65.110 3.765 108.705
DEP.Rcheck/DEP-Ex.timings
name | user | system | elapsed | |
LFQ | 2.784 | 0.076 | 4.301 | |
TMT | 0 | 0 | 0 | |
add_rejections | 0.828 | 0.024 | 1.319 | |
analyze_dep | 2.382 | 0.089 | 3.834 | |
filter_missval | 0.502 | 0.016 | 0.789 | |
filter_proteins | 0.342 | 0.011 | 0.522 | |
get_df_long | 0.880 | 0.027 | 1.413 | |
get_df_wide | 2.248 | 0.031 | 3.538 | |
get_prefix | 0.002 | 0.000 | 0.003 | |
get_results | 1.021 | 0.032 | 1.565 | |
get_suffix | 0.001 | 0.000 | 0.002 | |
import_IsobarQuant | 0 | 0 | 0 | |
import_MaxQuant | 0.049 | 0.002 | 0.075 | |
impute | 30.994 | 0.280 | 47.057 | |
make_se | 0.041 | 0.001 | 0.055 | |
make_se_parse | 0.086 | 0.003 | 0.123 | |
make_unique | 0.019 | 0.001 | 0.031 | |
manual_impute | 0.682 | 0.016 | 0.985 | |
meanSdPlot | 0.792 | 0.080 | 1.242 | |
normalize_vsn | 0.345 | 0.009 | 0.512 | |
plot_all | 1.694 | 0.058 | 2.585 | |
plot_cond | 1.096 | 0.036 | 1.643 | |
plot_cond_freq | 0.923 | 0.020 | 1.373 | |
plot_cond_overlap | 0.963 | 0.022 | 1.478 | |
plot_cor | 1.344 | 0.045 | 2.072 | |
plot_coverage | 0.495 | 0.015 | 0.793 | |
plot_detect | 0.819 | 0.018 | 1.260 | |
plot_dist | 3.973 | 0.059 | 6.151 | |
plot_frequency | 0.434 | 0.013 | 0.658 | |
plot_gsea | 0.772 | 0.020 | 1.177 | |
plot_heatmap | 2.733 | 0.060 | 4.253 | |
plot_imputation | 1.082 | 0.035 | 1.722 | |
plot_missval | 1.624 | 0.044 | 2.508 | |
plot_normalization | 1.634 | 0.050 | 2.583 | |
plot_numbers | 0.495 | 0.014 | 0.785 | |
plot_p_hist | 1.412 | 0.030 | 2.223 | |
plot_pca | 1.425 | 0.037 | 2.176 | |
plot_single | 1.839 | 0.037 | 2.908 | |
plot_volcano | 3.671 | 0.063 | 5.783 | |
process | 1.598 | 0.040 | 2.509 | |
report | 0 | 0 | 0 | |
run_app | 0 | 0 | 0 | |
se2msn | 0.137 | 0.002 | 0.197 | |
test_diff | 1.071 | 0.035 | 1.754 | |
test_gsea | 0.790 | 0.019 | 1.263 | |
theme_DEP1 | 0.444 | 0.015 | 0.717 | |
theme_DEP2 | 0.557 | 0.018 | 0.908 | |