| Back to Multiple platform build/check report for BioC 3.19: simplified long |
|
This page was generated on 2024-10-18 20:38 -0400 (Fri, 18 Oct 2024).
| Hostname | OS | Arch (*) | R version | Installed pkgs |
|---|---|---|---|---|
| nebbiolo1 | Linux (Ubuntu 22.04.3 LTS) | x86_64 | 4.4.1 (2024-06-14) -- "Race for Your Life" | 4763 |
| palomino7 | Windows Server 2022 Datacenter | x64 | 4.4.1 (2024-06-14 ucrt) -- "Race for Your Life" | 4500 |
| merida1 | macOS 12.7.5 Monterey | x86_64 | 4.4.1 (2024-06-14) -- "Race for Your Life" | 4530 |
| kjohnson1 | macOS 13.6.6 Ventura | arm64 | 4.4.1 (2024-06-14) -- "Race for Your Life" | 4480 |
| Click on any hostname to see more info about the system (e.g. compilers) (*) as reported by 'uname -p', except on Windows and Mac OS X | ||||
| Package 70/2300 | Hostname | OS / Arch | INSTALL | BUILD | CHECK | BUILD BIN | ||||||||
| AnnotationDbi 1.66.0 (landing page) Bioconductor Package Maintainer
| nebbiolo1 | Linux (Ubuntu 22.04.3 LTS) / x86_64 | OK | OK | WARNINGS | |||||||||
| palomino7 | Windows Server 2022 Datacenter / x64 | OK | OK | WARNINGS | OK | |||||||||
| merida1 | macOS 12.7.5 Monterey / x86_64 | OK | OK | WARNINGS | OK | |||||||||
| kjohnson1 | macOS 13.6.6 Ventura / arm64 | OK | OK | WARNINGS | OK | |||||||||
|
To the developers/maintainers of the AnnotationDbi package: - Allow up to 24 hours (and sometimes 48 hours) for your latest push to git@git.bioconductor.org:packages/AnnotationDbi.git to reflect on this report. See Troubleshooting Build Report for more information. - Use the following Renviron settings to reproduce errors and warnings. - If 'R CMD check' started to fail recently on the Linux builder(s) over a missing dependency, add the missing dependency to 'Suggests:' in your DESCRIPTION file. See Renviron.bioc for more information. |
| Package: AnnotationDbi |
| Version: 1.66.0 |
| Command: /home/biocbuild/bbs-3.19-bioc/R/bin/R CMD check --install=check:AnnotationDbi.install-out.txt --library=/home/biocbuild/bbs-3.19-bioc/R/site-library --timings AnnotationDbi_1.66.0.tar.gz |
| StartedAt: 2024-10-16 21:36:50 -0400 (Wed, 16 Oct 2024) |
| EndedAt: 2024-10-16 21:41:10 -0400 (Wed, 16 Oct 2024) |
| EllapsedTime: 259.7 seconds |
| RetCode: 0 |
| Status: WARNINGS |
| CheckDir: AnnotationDbi.Rcheck |
| Warnings: 1 |
##############################################################################
##############################################################################
###
### Running command:
###
### /home/biocbuild/bbs-3.19-bioc/R/bin/R CMD check --install=check:AnnotationDbi.install-out.txt --library=/home/biocbuild/bbs-3.19-bioc/R/site-library --timings AnnotationDbi_1.66.0.tar.gz
###
##############################################################################
##############################################################################
* using log directory ‘/home/biocbuild/bbs-3.19-bioc/meat/AnnotationDbi.Rcheck’
* using R version 4.4.1 (2024-06-14)
* using platform: x86_64-pc-linux-gnu
* R was compiled by
gcc (Ubuntu 11.4.0-1ubuntu1~22.04) 11.4.0
GNU Fortran (Ubuntu 11.4.0-1ubuntu1~22.04) 11.4.0
* running under: Ubuntu 22.04.5 LTS
* using session charset: UTF-8
* checking for file ‘AnnotationDbi/DESCRIPTION’ ... OK
* this is package ‘AnnotationDbi’ version ‘1.66.0’
* package encoding: UTF-8
* checking package namespace information ... OK
* checking package dependencies ... OK
* checking if this is a source package ... OK
* checking if there is a namespace ... OK
* checking for hidden files and directories ... OK
* checking for portable file names ... OK
* checking for sufficient/correct file permissions ... OK
* checking whether package ‘AnnotationDbi’ can be installed ... OK
* checking installed package size ... NOTE
installed size is 6.0Mb
sub-directories of 1Mb or more:
extdata 4.3Mb
* checking package directory ... OK
* checking ‘build’ directory ... OK
* checking DESCRIPTION meta-information ... OK
* checking top-level files ... OK
* checking for left-over files ... OK
* checking index information ... OK
* checking package subdirectories ... OK
* checking code files for non-ASCII characters ... OK
* checking R files for syntax errors ... OK
* checking whether the package can be loaded ... OK
* checking whether the package can be loaded with stated dependencies ... OK
* checking whether the package can be unloaded cleanly ... OK
* checking whether the namespace can be loaded with stated dependencies ... OK
* checking whether the namespace can be unloaded cleanly ... OK
* checking loading without being on the library search path ... OK
* checking dependencies in R code ... NOTE
Unexported object imported by a ':::' call: ‘BiocGenerics:::testPackage’
See the note in ?`:::` about the use of this operator.
* checking S3 generic/method consistency ... OK
* checking replacement functions ... OK
* checking foreign function calls ... OK
* checking R code for possible problems ... NOTE
createORGANISMSeeds: no visible global function definition for
‘makeAnnDbMapSeeds’
Undefined global functions or variables:
makeAnnDbMapSeeds
* checking Rd files ... WARNING
checkRd: (5) AnnDbObj-class.Rd:58-61: \item in \describe must have non-empty label
checkRd: (5) AnnDbObj-class.Rd:64-68: \item in \describe must have non-empty label
checkRd: (5) AnnDbObj-class.Rd:71-75: \item in \describe must have non-empty label
checkRd: (5) AnnDbObj-class.Rd:78-89: \item in \describe must have non-empty label
checkRd: (5) AnnDbObj-class.Rd:92-96: \item in \describe must have non-empty label
checkRd: (5) Bimap.Rd:79-82: \item in \describe must have non-empty label
checkRd: (5) Bimap.Rd:84-87: \item in \describe must have non-empty label
checkRd: (-1) inpIDMapper.Rd:91: Escaped LaTeX specials: \#
checkRd: (-1) inpIDMapper.Rd:95: Escaped LaTeX specials: \#
checkRd: (-1) inpIDMapper.Rd:99: Escaped LaTeX specials: \#
* checking Rd metadata ... OK
* checking Rd cross-references ... OK
* checking for missing documentation entries ... OK
* checking for code/documentation mismatches ... OK
* checking Rd \usage sections ... OK
* checking Rd contents ... OK
* checking for unstated dependencies in examples ... OK
* checking files in ‘vignettes’ ... OK
* checking examples ... OK
Examples with CPU (user + system) or elapsed time > 5s
user system elapsed
AnnDbPkg-checker 40.269 0.760 41.254
organismKEGGFrame 0.205 0.056 5.911
* checking for unstated dependencies in ‘tests’ ... OK
* checking tests ...
Running ‘AnnotationDbi_unit_tests.R’
OK
* checking for unstated dependencies in vignettes ... OK
* checking package vignettes ... OK
* checking re-building of vignette outputs ... OK
* checking PDF version of manual ... OK
* DONE
Status: 1 WARNING, 3 NOTEs
See
‘/home/biocbuild/bbs-3.19-bioc/meat/AnnotationDbi.Rcheck/00check.log’
for details.
AnnotationDbi.Rcheck/00install.out
############################################################################## ############################################################################## ### ### Running command: ### ### /home/biocbuild/bbs-3.19-bioc/R/bin/R CMD INSTALL AnnotationDbi ### ############################################################################## ############################################################################## * installing to library ‘/home/biocbuild/bbs-3.19-bioc/R/site-library’ * installing *source* package ‘AnnotationDbi’ ... ** using staged installation ** R ** inst ** byte-compile and prepare package for lazy loading Creating a new generic function for ‘packageName’ in package ‘AnnotationDbi’ Creating a generic function for ‘ls’ from package ‘base’ in package ‘AnnotationDbi’ Creating a generic function for ‘eapply’ from package ‘base’ in package ‘AnnotationDbi’ Creating a generic function for ‘exists’ from package ‘base’ in package ‘AnnotationDbi’ Creating a generic function for ‘sample’ from package ‘base’ in package ‘AnnotationDbi’ ** help *** installing help indices ** building package indices ** installing vignettes ** testing if installed package can be loaded from temporary location ** testing if installed package can be loaded from final location ** testing if installed package keeps a record of temporary installation path * DONE (AnnotationDbi)
AnnotationDbi.Rcheck/tests/AnnotationDbi_unit_tests.Rout
R version 4.4.1 (2024-06-14) -- "Race for Your Life"
Copyright (C) 2024 The R Foundation for Statistical Computing
Platform: x86_64-pc-linux-gnu
R is free software and comes with ABSOLUTELY NO WARRANTY.
You are welcome to redistribute it under certain conditions.
Type 'license()' or 'licence()' for distribution details.
R is a collaborative project with many contributors.
Type 'contributors()' for more information and
'citation()' on how to cite R or R packages in publications.
Type 'demo()' for some demos, 'help()' for on-line help, or
'help.start()' for an HTML browser interface to help.
Type 'q()' to quit R.
> require("AnnotationDbi") || stop("unable to load AnnotationDbi package")
Loading required package: AnnotationDbi
Loading required package: stats4
Loading required package: BiocGenerics
Attaching package: 'BiocGenerics'
The following objects are masked from 'package:stats':
IQR, mad, sd, var, xtabs
The following objects are masked from 'package:base':
Filter, Find, Map, Position, Reduce, anyDuplicated, aperm, append,
as.data.frame, basename, cbind, colnames, dirname, do.call,
duplicated, eval, evalq, get, grep, grepl, intersect, is.unsorted,
lapply, mapply, match, mget, order, paste, pmax, pmax.int, pmin,
pmin.int, rank, rbind, rownames, sapply, setdiff, table, tapply,
union, unique, unsplit, which.max, which.min
Loading required package: Biobase
Welcome to Bioconductor
Vignettes contain introductory material; view with
'browseVignettes()'. To cite Bioconductor, see
'citation("Biobase")', and for packages 'citation("pkgname")'.
Loading required package: IRanges
Loading required package: S4Vectors
Attaching package: 'S4Vectors'
The following object is masked from 'package:utils':
findMatches
The following objects are masked from 'package:base':
I, expand.grid, unname
[1] TRUE
>
> AnnotationDbi:::.test()
Loading required package: org.Hs.eg.db
'select()' returned 1:1 mapping between keys and columns
'select()' returned 1:many mapping between keys and columns
'select()' returned 1:1 mapping between keys and columns
'select()' returned 1:many mapping between keys and columns
'select()' returned 1:many mapping between keys and columns
'select()' returned 1:many mapping between keys and columns
'select()' returned 1:many mapping between keys and columns
'select()' returned 1:many mapping between keys and columns
'select()' returned 1:many mapping between keys and columns
'select()' returned 1:many mapping between keys and columns
Loading required package: RSQLite
Loading required package: org.At.tair.db
Loading required package: org.Sc.sgd.db
Loading required package: GO.db
Loading required package: hgu95av2.db
'select()' returned many:many mapping between keys and columns
'select()' returned 1:many mapping between keys and columns
'select()' returned 1:1 mapping between keys and columns
'select()' returned 1:1 mapping between keys and columns
'select()' returned many:1 mapping between keys and columns
'select()' returned 1:1 mapping between keys and columns
'select()' returned many:1 mapping between keys and columns
'select()' returned 1:1 mapping between keys and columns
'select()' returned many:1 mapping between keys and columns
'select()' returned 1:many mapping between keys and columns
'select()' returned 1:many mapping between keys and columns
'select()' returned 1:many mapping between keys and columns
'select()' returned 1:many mapping between keys and columns
'select()' returned 1:1 mapping between keys and columns
'select()' returned 1:1 mapping between keys and columns
'select()' returned 1:1 mapping between keys and columns
'select()' returned 1:1 mapping between keys and columns
'select()' returned 1:1 mapping between keys and columns
'select()' returned 1:1 mapping between keys and columns
'select()' returned 1:many mapping between keys and columns
'select()' returned 1:many mapping between keys and columns
'select()' returned 1:many mapping between keys and columns
'select()' returned 1:many mapping between keys and columns
'select()' returned 1:many mapping between keys and columns
'select()' returned 1:1 mapping between keys and columns
Warning: You have selected the following columns that can have a many to one
relationship with the primary key: ACCNUM, ALIAS, ENSEMBL,
ENSEMBLPROT, ENSEMBLTRANS, ENZYME, EVIDENCE, EVIDENCEALL, GO, GOALL,
IPI, MAP, OMIM, ONTOLOGY, ONTOLOGYALL, PATH, PFAM, PMID, PROSITE,
REFSEQ, UCSCKG, UNIPROT . Because you have selected more than a few
such columns there is a risk that this selection may balloon up into
a very large result as the number of rows returned multiplies
accordingly. To experience smaller/more manageable results and faster
retrieval times, you might want to consider selecting these columns
separately.
'select()' returned 1:many mapping between keys and columns
'select()' returned 1:1 mapping between keys and columns
'select()' returned 1:many mapping between keys and columns
'select()' returned 1:many mapping between keys and columns
'select()' returned 1:many mapping between keys and columns
'select()' returned 1:1 mapping between keys and columns
'select()' returned many:1 mapping between keys and columns
'select()' returned 1:1 mapping between keys and columns
'select()' returned many:1 mapping between keys and columns
'select()' returned 1:1 mapping between keys and columns
'select()' returned many:many mapping between keys and columns
'select()' returned 1:1 mapping between keys and columns
'select()' returned 1:1 mapping between keys and columns
'select()' returned 1:many mapping between keys and columns
'select()' returned 1:1 mapping between keys and columns
'select()' returned 1:1 mapping between keys and columns
'select()' returned 1:1 mapping between keys and columns
'select()' returned 1:many mapping between keys and columns
Loading required package: reactome.db
'select()' returned 1:many mapping between keys and columns
'select()' returned 1:1 mapping between keys and columns
'select()' returned 1:1 mapping between keys and columns
'select()' returned 1:many mapping between keys and columns
'select()' returned 1:many mapping between keys and columns
RUNIT TEST PROTOCOL -- Wed Oct 16 21:40:28 2024
***********************************************
Number of test functions: 64
Number of errors: 0
Number of failures: 0
1 Test Suite :
AnnotationDbi RUnit Tests - 64 test functions, 0 errors, 0 failures
Number of test functions: 64
Number of errors: 0
Number of failures: 0
Warning messages:
1: In .local(x, ...) : returned vector has duplicated names
2: In .local(x, ...) : returned vector has duplicated names
3: call dbDisconnect() when finished working with a connection
4: In .deprecatedColsMessage() :
Accessing gene location information via 'CHR','CHRLOC','CHRLOCEND' is
deprecated. Please use a range based accessor like genes(), or select()
with columns values like TXCHROM and TXSTART on a TxDb or OrganismDb
object instead.
5: In .deprecatedColsMessage() :
Accessing gene location information via 'CHR','CHRLOC','CHRLOCEND' is
deprecated. Please use a range based accessor like genes(), or select()
with columns values like TXCHROM and TXSTART on a TxDb or OrganismDb
object instead.
6: In .deprecatedColsMessage() :
Accessing gene location information via 'CHR','CHRLOC','CHRLOCEND' is
deprecated. Please use a range based accessor like genes(), or select()
with columns values like TXCHROM and TXSTART on a TxDb or OrganismDb
object instead.
>
> proc.time()
user system elapsed
60.885 2.615 63.515
AnnotationDbi.Rcheck/AnnotationDbi-Ex.timings
| name | user | system | elapsed | |
| AnnDbObj-class | 0.427 | 0.024 | 0.451 | |
| AnnDbPkg-checker | 40.269 | 0.760 | 41.254 | |
| AnnotationDb-class | 2.113 | 0.200 | 2.315 | |
| Bimap-direction | 2.663 | 0.768 | 3.431 | |
| Bimap-envirAPI | 0.240 | 0.284 | 0.526 | |
| Bimap-keys | 0.573 | 0.012 | 0.585 | |
| Bimap-toTable | 1.915 | 0.240 | 2.172 | |
| Bimap | 1.459 | 0.364 | 1.823 | |
| BimapFiltering | 0.108 | 0.020 | 0.128 | |
| BimapFormatting | 0.270 | 0.016 | 0.286 | |
| GOColsAndKeytypes | 0.153 | 0.000 | 0.152 | |
| GOFrame | 1.067 | 0.232 | 1.302 | |
| GOTerms-class | 0.000 | 0.000 | 0.001 | |
| KEGGFrame | 0.103 | 0.005 | 2.358 | |
| colsAndKeytypes | 0.163 | 0.047 | 0.213 | |
| createSimpleBimap | 0.112 | 0.004 | 0.116 | |
| inpIDMapper | 0 | 0 | 0 | |
| makeGOGraph | 0.262 | 0.039 | 0.300 | |
| make_eg_to_go_map | 0.172 | 0.016 | 0.188 | |
| organismKEGGFrame | 0.205 | 0.056 | 5.911 | |
| print.probetable | 0.501 | 0.693 | 1.195 | |
| toSQLStringSet | 0.001 | 0.000 | 0.000 | |
| unlist2 | 0.205 | 0.032 | 0.237 | |