| Back to Multiple platform build/check report for BioC 3.19: simplified long |
|
This page was generated on 2024-10-18 20:41 -0400 (Fri, 18 Oct 2024).
| Hostname | OS | Arch (*) | R version | Installed pkgs |
|---|---|---|---|---|
| nebbiolo1 | Linux (Ubuntu 22.04.3 LTS) | x86_64 | 4.4.1 (2024-06-14) -- "Race for Your Life" | 4763 |
| palomino7 | Windows Server 2022 Datacenter | x64 | 4.4.1 (2024-06-14 ucrt) -- "Race for Your Life" | 4500 |
| merida1 | macOS 12.7.5 Monterey | x86_64 | 4.4.1 (2024-06-14) -- "Race for Your Life" | 4530 |
| kjohnson1 | macOS 13.6.6 Ventura | arm64 | 4.4.1 (2024-06-14) -- "Race for Your Life" | 4480 |
| Click on any hostname to see more info about the system (e.g. compilers) (*) as reported by 'uname -p', except on Windows and Mac OS X | ||||
| Package 70/2300 | Hostname | OS / Arch | INSTALL | BUILD | CHECK | BUILD BIN | ||||||||
| AnnotationDbi 1.66.0 (landing page) Bioconductor Package Maintainer
| nebbiolo1 | Linux (Ubuntu 22.04.3 LTS) / x86_64 | OK | OK | WARNINGS | |||||||||
| palomino7 | Windows Server 2022 Datacenter / x64 | OK | OK | WARNINGS | OK | |||||||||
| merida1 | macOS 12.7.5 Monterey / x86_64 | OK | OK | WARNINGS | OK | |||||||||
| kjohnson1 | macOS 13.6.6 Ventura / arm64 | OK | OK | WARNINGS | OK | |||||||||
|
To the developers/maintainers of the AnnotationDbi package: - Allow up to 24 hours (and sometimes 48 hours) for your latest push to git@git.bioconductor.org:packages/AnnotationDbi.git to reflect on this report. See Troubleshooting Build Report for more information. - Use the following Renviron settings to reproduce errors and warnings. - If 'R CMD check' started to fail recently on the Linux builder(s) over a missing dependency, add the missing dependency to 'Suggests:' in your DESCRIPTION file. See Renviron.bioc for more information. |
| Package: AnnotationDbi |
| Version: 1.66.0 |
| Command: /Library/Frameworks/R.framework/Resources/bin/R CMD check --install=check:AnnotationDbi.install-out.txt --library=/Library/Frameworks/R.framework/Resources/library --no-vignettes --timings AnnotationDbi_1.66.0.tar.gz |
| StartedAt: 2024-10-17 12:15:05 -0400 (Thu, 17 Oct 2024) |
| EndedAt: 2024-10-17 12:19:56 -0400 (Thu, 17 Oct 2024) |
| EllapsedTime: 291.2 seconds |
| RetCode: 0 |
| Status: WARNINGS |
| CheckDir: AnnotationDbi.Rcheck |
| Warnings: 1 |
##############################################################################
##############################################################################
###
### Running command:
###
### /Library/Frameworks/R.framework/Resources/bin/R CMD check --install=check:AnnotationDbi.install-out.txt --library=/Library/Frameworks/R.framework/Resources/library --no-vignettes --timings AnnotationDbi_1.66.0.tar.gz
###
##############################################################################
##############################################################################
* using log directory ‘/Users/biocbuild/bbs-3.19-bioc/meat/AnnotationDbi.Rcheck’
* using R version 4.4.1 (2024-06-14)
* using platform: aarch64-apple-darwin20
* R was compiled by
Apple clang version 14.0.0 (clang-1400.0.29.202)
GNU Fortran (GCC) 12.2.0
* running under: macOS Ventura 13.6.6
* using session charset: UTF-8
* using option ‘--no-vignettes’
* checking for file ‘AnnotationDbi/DESCRIPTION’ ... OK
* this is package ‘AnnotationDbi’ version ‘1.66.0’
* package encoding: UTF-8
* checking package namespace information ... OK
* checking package dependencies ... OK
* checking if this is a source package ... OK
* checking if there is a namespace ... OK
* checking for hidden files and directories ... OK
* checking for portable file names ... OK
* checking for sufficient/correct file permissions ... OK
* checking whether package ‘AnnotationDbi’ can be installed ... OK
* checking installed package size ... NOTE
installed size is 8.2Mb
sub-directories of 1Mb or more:
R 1.0Mb
extdata 6.0Mb
* checking package directory ... OK
* checking ‘build’ directory ... OK
* checking DESCRIPTION meta-information ... OK
* checking top-level files ... OK
* checking for left-over files ... OK
* checking index information ... OK
* checking package subdirectories ... OK
* checking code files for non-ASCII characters ... OK
* checking R files for syntax errors ... OK
* checking whether the package can be loaded ... OK
* checking whether the package can be loaded with stated dependencies ... OK
* checking whether the package can be unloaded cleanly ... OK
* checking whether the namespace can be loaded with stated dependencies ... OK
* checking whether the namespace can be unloaded cleanly ... OK
* checking dependencies in R code ... NOTE
Unexported object imported by a ':::' call: ‘BiocGenerics:::testPackage’
See the note in ?`:::` about the use of this operator.
* checking S3 generic/method consistency ... OK
* checking replacement functions ... OK
* checking foreign function calls ... OK
* checking R code for possible problems ... NOTE
createORGANISMSeeds: no visible global function definition for
‘makeAnnDbMapSeeds’
Undefined global functions or variables:
makeAnnDbMapSeeds
* checking Rd files ... WARNING
checkRd: (5) AnnDbObj-class.Rd:58-61: \item in \describe must have non-empty label
checkRd: (5) AnnDbObj-class.Rd:64-68: \item in \describe must have non-empty label
checkRd: (5) AnnDbObj-class.Rd:71-75: \item in \describe must have non-empty label
checkRd: (5) AnnDbObj-class.Rd:78-89: \item in \describe must have non-empty label
checkRd: (5) AnnDbObj-class.Rd:92-96: \item in \describe must have non-empty label
checkRd: (5) Bimap.Rd:79-82: \item in \describe must have non-empty label
checkRd: (5) Bimap.Rd:84-87: \item in \describe must have non-empty label
checkRd: (-1) inpIDMapper.Rd:91: Escaped LaTeX specials: \#
checkRd: (-1) inpIDMapper.Rd:95: Escaped LaTeX specials: \#
checkRd: (-1) inpIDMapper.Rd:99: Escaped LaTeX specials: \#
* checking Rd metadata ... OK
* checking Rd cross-references ... OK
* checking for missing documentation entries ... OK
* checking for code/documentation mismatches ... OK
* checking Rd \usage sections ... OK
* checking Rd contents ... OK
* checking for unstated dependencies in examples ... OK
* checking sizes of PDF files under ‘inst/doc’ ... OK
* checking files in ‘vignettes’ ... OK
* checking examples ... OK
Examples with CPU (user + system) or elapsed time > 5s
user system elapsed
AnnDbPkg-checker 53.795 1.141 55.660
Bimap-direction 4.586 0.741 5.414
organismKEGGFrame 0.184 0.011 6.578
* checking for unstated dependencies in ‘tests’ ... OK
* checking tests ...
Running ‘AnnotationDbi_unit_tests.R’
OK
* checking for unstated dependencies in vignettes ... OK
* checking package vignettes ... OK
* checking running R code from vignettes ... SKIPPED
* checking re-building of vignette outputs ... SKIPPED
* checking PDF version of manual ... OK
* DONE
Status: 1 WARNING, 3 NOTEs
See
‘/Users/biocbuild/bbs-3.19-bioc/meat/AnnotationDbi.Rcheck/00check.log’
for details.
AnnotationDbi.Rcheck/00install.out
############################################################################## ############################################################################## ### ### Running command: ### ### /Library/Frameworks/R.framework/Resources/bin/R CMD INSTALL AnnotationDbi ### ############################################################################## ############################################################################## * installing to library ‘/Library/Frameworks/R.framework/Versions/4.4-arm64/Resources/library’ * installing *source* package ‘AnnotationDbi’ ... ** using staged installation ** R ** inst ** byte-compile and prepare package for lazy loading Creating a new generic function for ‘packageName’ in package ‘AnnotationDbi’ Creating a generic function for ‘ls’ from package ‘base’ in package ‘AnnotationDbi’ Creating a generic function for ‘eapply’ from package ‘base’ in package ‘AnnotationDbi’ Creating a generic function for ‘exists’ from package ‘base’ in package ‘AnnotationDbi’ Creating a generic function for ‘sample’ from package ‘base’ in package ‘AnnotationDbi’ ** help *** installing help indices ** building package indices ** installing vignettes ** testing if installed package can be loaded from temporary location ** testing if installed package can be loaded from final location ** testing if installed package keeps a record of temporary installation path * DONE (AnnotationDbi)
AnnotationDbi.Rcheck/tests/AnnotationDbi_unit_tests.Rout
R version 4.4.1 (2024-06-14) -- "Race for Your Life"
Copyright (C) 2024 The R Foundation for Statistical Computing
Platform: aarch64-apple-darwin20
R is free software and comes with ABSOLUTELY NO WARRANTY.
You are welcome to redistribute it under certain conditions.
Type 'license()' or 'licence()' for distribution details.
R is a collaborative project with many contributors.
Type 'contributors()' for more information and
'citation()' on how to cite R or R packages in publications.
Type 'demo()' for some demos, 'help()' for on-line help, or
'help.start()' for an HTML browser interface to help.
Type 'q()' to quit R.
> require("AnnotationDbi") || stop("unable to load AnnotationDbi package")
Loading required package: AnnotationDbi
Loading required package: stats4
Loading required package: BiocGenerics
Attaching package: 'BiocGenerics'
The following objects are masked from 'package:stats':
IQR, mad, sd, var, xtabs
The following objects are masked from 'package:base':
Filter, Find, Map, Position, Reduce, anyDuplicated, aperm, append,
as.data.frame, basename, cbind, colnames, dirname, do.call,
duplicated, eval, evalq, get, grep, grepl, intersect, is.unsorted,
lapply, mapply, match, mget, order, paste, pmax, pmax.int, pmin,
pmin.int, rank, rbind, rownames, sapply, setdiff, table, tapply,
union, unique, unsplit, which.max, which.min
Loading required package: Biobase
Welcome to Bioconductor
Vignettes contain introductory material; view with
'browseVignettes()'. To cite Bioconductor, see
'citation("Biobase")', and for packages 'citation("pkgname")'.
Loading required package: IRanges
Loading required package: S4Vectors
Attaching package: 'S4Vectors'
The following object is masked from 'package:utils':
findMatches
The following objects are masked from 'package:base':
I, expand.grid, unname
[1] TRUE
>
> AnnotationDbi:::.test()
Loading required package: org.Hs.eg.db
'select()' returned 1:1 mapping between keys and columns
'select()' returned 1:many mapping between keys and columns
'select()' returned 1:1 mapping between keys and columns
'select()' returned 1:many mapping between keys and columns
'select()' returned 1:many mapping between keys and columns
'select()' returned 1:many mapping between keys and columns
'select()' returned 1:many mapping between keys and columns
'select()' returned 1:many mapping between keys and columns
'select()' returned 1:many mapping between keys and columns
'select()' returned 1:many mapping between keys and columns
Loading required package: RSQLite
Loading required package: org.At.tair.db
Loading required package: org.Sc.sgd.db
Loading required package: GO.db
Loading required package: hgu95av2.db
'select()' returned many:many mapping between keys and columns
'select()' returned 1:many mapping between keys and columns
'select()' returned 1:1 mapping between keys and columns
'select()' returned 1:1 mapping between keys and columns
'select()' returned many:1 mapping between keys and columns
'select()' returned 1:1 mapping between keys and columns
'select()' returned many:1 mapping between keys and columns
'select()' returned 1:1 mapping between keys and columns
'select()' returned many:1 mapping between keys and columns
'select()' returned 1:many mapping between keys and columns
'select()' returned 1:many mapping between keys and columns
'select()' returned 1:many mapping between keys and columns
'select()' returned 1:many mapping between keys and columns
'select()' returned 1:1 mapping between keys and columns
'select()' returned 1:1 mapping between keys and columns
'select()' returned 1:1 mapping between keys and columns
'select()' returned 1:1 mapping between keys and columns
'select()' returned 1:1 mapping between keys and columns
'select()' returned 1:1 mapping between keys and columns
'select()' returned 1:many mapping between keys and columns
'select()' returned 1:many mapping between keys and columns
'select()' returned 1:many mapping between keys and columns
'select()' returned 1:many mapping between keys and columns
'select()' returned 1:many mapping between keys and columns
'select()' returned 1:1 mapping between keys and columns
Warning: You have selected the following columns that can have a many to one
relationship with the primary key: ACCNUM, ALIAS, ENSEMBL,
ENSEMBLPROT, ENSEMBLTRANS, ENZYME, EVIDENCE, EVIDENCEALL, GO, GOALL,
IPI, MAP, OMIM, ONTOLOGY, ONTOLOGYALL, PATH, PFAM, PMID, PROSITE,
REFSEQ, UCSCKG, UNIPROT . Because you have selected more than a few
such columns there is a risk that this selection may balloon up into
a very large result as the number of rows returned multiplies
accordingly. To experience smaller/more manageable results and faster
retrieval times, you might want to consider selecting these columns
separately.
'select()' returned 1:many mapping between keys and columns
'select()' returned 1:1 mapping between keys and columns
'select()' returned 1:many mapping between keys and columns
'select()' returned 1:many mapping between keys and columns
'select()' returned 1:many mapping between keys and columns
'select()' returned 1:1 mapping between keys and columns
'select()' returned many:1 mapping between keys and columns
'select()' returned 1:1 mapping between keys and columns
'select()' returned many:1 mapping between keys and columns
'select()' returned 1:1 mapping between keys and columns
'select()' returned many:many mapping between keys and columns
'select()' returned 1:1 mapping between keys and columns
'select()' returned 1:1 mapping between keys and columns
'select()' returned 1:many mapping between keys and columns
'select()' returned 1:1 mapping between keys and columns
'select()' returned 1:1 mapping between keys and columns
'select()' returned 1:1 mapping between keys and columns
'select()' returned 1:many mapping between keys and columns
Loading required package: reactome.db
'select()' returned 1:many mapping between keys and columns
'select()' returned 1:1 mapping between keys and columns
'select()' returned 1:1 mapping between keys and columns
'select()' returned 1:many mapping between keys and columns
'select()' returned 1:many mapping between keys and columns
RUNIT TEST PROTOCOL -- Thu Oct 17 12:19:44 2024
***********************************************
Number of test functions: 64
Number of errors: 0
Number of failures: 0
1 Test Suite :
AnnotationDbi RUnit Tests - 64 test functions, 0 errors, 0 failures
Number of test functions: 64
Number of errors: 0
Number of failures: 0
Warning messages:
1: In .local(x, ...) : returned vector has duplicated names
2: In .local(x, ...) : returned vector has duplicated names
3: call dbDisconnect() when finished working with a connection
4: In .deprecatedColsMessage() :
Accessing gene location information via 'CHR','CHRLOC','CHRLOCEND' is
deprecated. Please use a range based accessor like genes(), or select()
with columns values like TXCHROM and TXSTART on a TxDb or OrganismDb
object instead.
5: In .deprecatedColsMessage() :
Accessing gene location information via 'CHR','CHRLOC','CHRLOCEND' is
deprecated. Please use a range based accessor like genes(), or select()
with columns values like TXCHROM and TXSTART on a TxDb or OrganismDb
object instead.
6: In .deprecatedColsMessage() :
Accessing gene location information via 'CHR','CHRLOC','CHRLOCEND' is
deprecated. Please use a range based accessor like genes(), or select()
with columns values like TXCHROM and TXSTART on a TxDb or OrganismDb
object instead.
>
> proc.time()
user system elapsed
79.192 6.127 87.428
AnnotationDbi.Rcheck/AnnotationDbi-Ex.timings
| name | user | system | elapsed | |
| AnnDbObj-class | 0.573 | 0.041 | 0.648 | |
| AnnDbPkg-checker | 53.795 | 1.141 | 55.660 | |
| AnnotationDb-class | 3.372 | 0.618 | 4.111 | |
| Bimap-direction | 4.586 | 0.741 | 5.414 | |
| Bimap-envirAPI | 0.319 | 0.255 | 0.580 | |
| Bimap-keys | 0.836 | 0.046 | 0.896 | |
| Bimap-toTable | 2.250 | 0.123 | 2.402 | |
| Bimap | 2.319 | 0.392 | 2.740 | |
| BimapFiltering | 0.145 | 0.005 | 0.150 | |
| BimapFormatting | 0.318 | 0.009 | 0.330 | |
| GOColsAndKeytypes | 0.130 | 0.007 | 0.141 | |
| GOFrame | 1.270 | 0.407 | 1.709 | |
| GOTerms-class | 0 | 0 | 0 | |
| KEGGFrame | 0.054 | 0.008 | 1.753 | |
| colsAndKeytypes | 0.188 | 0.008 | 0.210 | |
| createSimpleBimap | 0.106 | 0.003 | 0.112 | |
| inpIDMapper | 0.000 | 0.000 | 0.001 | |
| makeGOGraph | 0.266 | 0.010 | 0.279 | |
| make_eg_to_go_map | 0.160 | 0.009 | 0.179 | |
| organismKEGGFrame | 0.184 | 0.011 | 6.578 | |
| print.probetable | 0.680 | 0.482 | 1.201 | |
| toSQLStringSet | 0 | 0 | 0 | |
| unlist2 | 0.266 | 0.012 | 0.301 | |