| Back to Using R 4.1.3 to BUILD/CHECK a small subset of 3.18 packages | 
This page was generated on 2024-03-08 16:41:48 -0500 (Fri, 08 Mar 2024).
| Hostname | OS | Arch (*) | R version | Installed pkgs | 
|---|---|---|---|---|
| nebbiolo2 | Linux (Ubuntu 22.04.3 LTS) | x86_64 | 4.1.3 (2022-03-10) -- "One Push-Up" | 655 | 
| Click on any hostname to see more info about the system (e.g. compilers) (*) as reported by 'uname -p', except on Windows and Mac OS X | ||||
| Package 77/118 | Hostname | OS / Arch | INSTALL | BUILD | CHECK | BUILD BIN | |||||||
| multtest 2.58.0  (landing page) Katherine S. Pollard 
  | nebbiolo2 | Linux (Ubuntu 22.04.3 LTS) / x86_64 | OK | OK | WARNINGS | ||||||||
| 
To the developers/maintainers of the multtest package: - Use the following Renviron settings to reproduce errors and warnings. - If 'R CMD check' started to fail recently on the Linux builder(s) over a missing dependency, add the missing dependency to 'Suggests:' in your DESCRIPTION file. See Renviron.bioc for more information.  | 
| Package: multtest | 
| Version: 2.58.0 | 
| Command: /home/hpages/bbs-3.18-bioc-R41/R/bin/R CMD check --install=check:multtest.install-out.txt --library=/home/hpages/bbs-3.18-bioc-R41/R/site-library --timings multtest_2.58.0.tar.gz | 
| StartedAt: 2024-03-08 16:11:23 -0500 (Fri, 08 Mar 2024) | 
| EndedAt: 2024-03-08 16:12:28 -0500 (Fri, 08 Mar 2024) | 
| EllapsedTime: 64.7 seconds | 
| RetCode: 0 | 
| Status: WARNINGS | 
| CheckDir: multtest.Rcheck | 
| Warnings: 3 | 
##############################################################################
##############################################################################
###
### Running command:
###
###   /home/hpages/bbs-3.18-bioc-R41/R/bin/R CMD check --install=check:multtest.install-out.txt --library=/home/hpages/bbs-3.18-bioc-R41/R/site-library --timings multtest_2.58.0.tar.gz
###
##############################################################################
##############################################################################
* using log directory ‘/home/hpages/bbs-3.18-bioc-R41/meat/multtest.Rcheck’
* using R version 4.1.3 (2022-03-10)
* using platform: x86_64-pc-linux-gnu (64-bit)
* using session charset: UTF-8
* checking for file ‘multtest/DESCRIPTION’ ... OK
* this is package ‘multtest’ version ‘2.58.0’
* checking package namespace information ... OK
* checking package dependencies ... OK
* checking if this is a source package ... OK
* checking if there is a namespace ... OK
* checking for hidden files and directories ... OK
* checking for portable file names ... OK
* checking for sufficient/correct file permissions ... OK
* checking whether package ‘multtest’ can be installed ... WARNING
Found the following significant warnings:
  stat_func.c:703:3: warning: ignoring return value of ‘fscanf’ declared with attribute ‘warn_unused_result’ [-Wunused-result]
  stat_func.c:705:5: warning: ignoring return value of ‘fscanf’ declared with attribute ‘warn_unused_result’ [-Wunused-result]
  stat_func.c:710:5: warning: ignoring return value of ‘fscanf’ declared with attribute ‘warn_unused_result’ [-Wunused-result]
  stat_func.c:714:7: warning: ignoring return value of ‘fscanf’ declared with attribute ‘warn_unused_result’ [-Wunused-result]
See ‘/home/hpages/bbs-3.18-bioc-R41/meat/multtest.Rcheck/00install.out’ for details.
* checking installed package size ... OK
* checking package directory ... OK
* checking DESCRIPTION meta-information ... OK
* checking top-level files ... OK
* checking for left-over files ... OK
* checking index information ... OK
* checking package subdirectories ... OK
* checking R files for non-ASCII characters ... OK
* checking R files for syntax errors ... OK
* checking whether the package can be loaded ... OK
* checking whether the package can be loaded with stated dependencies ... OK
* checking whether the package can be unloaded cleanly ... OK
* checking whether the namespace can be loaded with stated dependencies ... OK
* checking whether the namespace can be unloaded cleanly ... OK
* checking loading without being on the library search path ... OK
* checking dependencies in R code ... NOTE
'library' or 'require' call to ‘methods’ which was already attached by Depends.
  Please remove these calls from your code.
* checking S3 generic/method consistency ... OK
* checking replacement functions ... OK
* checking foreign function calls ... OK
* checking R code for possible problems ... NOTE
File ‘multtest/R/zzz.R’:
  .onLoad calls:
    require(methods)
Package startup functions should not change the search path.
See section ‘Good practice’ in '?.onAttach'.
EBMTP: no visible global function definition for ‘makeCluster’
EBMTP: no visible global function definition for ‘clusterEvalQ’
EBMTP: no visible global function definition for ‘stopCluster’
MTP: no visible global function definition for ‘makeCluster’
MTP: no visible global function definition for ‘clusterEvalQ’
MTP: no visible global function definition for ‘stopCluster’
boot.null: no visible global function definition for ‘clusterApply’
boot.null: no visible global function definition for ‘clusterApplyLB’
EBupdate,EBMTP: no visible binding for global variable ‘y’
update,MTP: no visible binding for global variable ‘y’
Undefined global functions or variables:
  clusterApply clusterApplyLB clusterEvalQ makeCluster stopCluster y
* checking Rd files ... OK
* checking Rd metadata ... OK
* checking Rd cross-references ... OK
* checking for missing documentation entries ... WARNING
Undocumented S4 methods:
  generic '[' and siglist 'EBMTP,ANY,ANY,ANY'
  generic '[' and siglist 'MTP,ANY,ANY,ANY'
All user-level objects in a package (including S4 classes and methods)
should have documentation entries.
See chapter ‘Writing R documentation files’ in the ‘Writing R
Extensions’ manual.
* checking for code/documentation mismatches ... OK
* checking Rd \usage sections ... OK
* checking Rd contents ... OK
* checking for unstated dependencies in examples ... OK
* checking contents of ‘data’ directory ... OK
* checking data for non-ASCII characters ... OK
* checking data for ASCII and uncompressed saves ... OK
* checking line endings in C/C++/Fortran sources/headers ... OK
* checking line endings in Makefiles ... OK
* checking compilation flags in Makevars ... OK
* checking for GNU extensions in Makefiles ... OK
* checking for portable use of $(BLAS_LIBS) and $(LAPACK_LIBS) ... OK
* checking use of PKG_*FLAGS in Makefiles ... OK
* checking compiled code ... NOTE
Note: information on .o files is not available
File ‘/home/hpages/bbs-3.18-bioc-R41/R/site-library/multtest/libs/multtest.so’:
  Found ‘stderr’, possibly from ‘stderr’ (C)
Compiled code should not call entry points which might terminate R nor
write to stdout/stderr instead of to the console, nor use Fortran I/O
nor system RNGs. The detected symbols are linked into the code but
might come from libraries and not actually be called.
See ‘Writing portable packages’ in the ‘Writing R Extensions’ manual.
* checking files in ‘vignettes’ ... WARNING
Files in the 'vignettes' directory but no files in 'inst/doc':
  ‘MTP.pdf’, ‘MTP.tex’, ‘MTPALL.pdf’, ‘golub.R’, ‘multtest.bib’,
    ‘multtest.pdf’
Package has no Sweave vignette sources and no VignetteBuilder field.
* checking examples ... OK
* checking PDF version of manual ... OK
* DONE
Status: 3 WARNINGs, 3 NOTEs
See
  ‘/home/hpages/bbs-3.18-bioc-R41/meat/multtest.Rcheck/00check.log’
for details.
multtest.Rcheck/00install.out
##############################################################################
##############################################################################
###
### Running command:
###
###   /home/hpages/bbs-3.18-bioc-R41/R/bin/R CMD INSTALL multtest
###
##############################################################################
##############################################################################
* installing to library ‘/home/hpages/bbs-3.18-bioc-R41/R/site-library’
* installing *source* package ‘multtest’ ...
** using staged installation
** libs
gcc -I"/home/hpages/bbs-3.18-bioc-R41/R/include" -DNDEBUG   -I/usr/local/include  -DUSEDOUBLE -fpic  -g -O2  -Wall -c Rpack.c -o Rpack.o
gcc -I"/home/hpages/bbs-3.18-bioc-R41/R/include" -DNDEBUG   -I/usr/local/include  -DUSEDOUBLE -fpic  -g -O2  -Wall -c VScount.c -o VScount.o
gcc -I"/home/hpages/bbs-3.18-bioc-R41/R/include" -DNDEBUG   -I/usr/local/include  -DUSEDOUBLE -fpic  -g -O2  -Wall -c block_sampling_fixed.c -o block_sampling_fixed.o
gcc -I"/home/hpages/bbs-3.18-bioc-R41/R/include" -DNDEBUG   -I/usr/local/include  -DUSEDOUBLE -fpic  -g -O2  -Wall -c bootloop.c -o bootloop.o
gcc -I"/home/hpages/bbs-3.18-bioc-R41/R/include" -DNDEBUG   -I/usr/local/include  -DUSEDOUBLE -fpic  -g -O2  -Wall -c mt.c -o mt.o
gcc -I"/home/hpages/bbs-3.18-bioc-R41/R/include" -DNDEBUG   -I/usr/local/include  -DUSEDOUBLE -fpic  -g -O2  -Wall -c pairt_sampling.c -o pairt_sampling.o
gcc -I"/home/hpages/bbs-3.18-bioc-R41/R/include" -DNDEBUG   -I/usr/local/include  -DUSEDOUBLE -fpic  -g -O2  -Wall -c pairt_sampling_fixed.c -o pairt_sampling_fixed.o
gcc -I"/home/hpages/bbs-3.18-bioc-R41/R/include" -DNDEBUG   -I/usr/local/include  -DUSEDOUBLE -fpic  -g -O2  -Wall -c random.c -o random.o
gcc -I"/home/hpages/bbs-3.18-bioc-R41/R/include" -DNDEBUG   -I/usr/local/include  -DUSEDOUBLE -fpic  -g -O2  -Wall -c sampling.c -o sampling.o
gcc -I"/home/hpages/bbs-3.18-bioc-R41/R/include" -DNDEBUG   -I/usr/local/include  -DUSEDOUBLE -fpic  -g -O2  -Wall -c sampling_fixed.c -o sampling_fixed.o
gcc -I"/home/hpages/bbs-3.18-bioc-R41/R/include" -DNDEBUG   -I/usr/local/include  -DUSEDOUBLE -fpic  -g -O2  -Wall -c stat_func.c -o stat_func.o
stat_func.c: In function ‘read_infile’:
stat_func.c:703:3: warning: ignoring return value of ‘fscanf’ declared with attribute ‘warn_unused_result’ [-Wunused-result]
  703 |   fscanf(fh, "%s", pdata->name);
      |   ^~~~~~~~~~~~~~~~~~~~~~~~~~~~~
stat_func.c:705:5: warning: ignoring return value of ‘fscanf’ declared with attribute ‘warn_unused_result’ [-Wunused-result]
  705 |     fscanf(fh, "%d", pdata->L+j);
      |     ^~~~~~~~~~~~~~~~~~~~~~~~~~~~
stat_func.c:710:5: warning: ignoring return value of ‘fscanf’ declared with attribute ‘warn_unused_result’ [-Wunused-result]
  710 |     fscanf(fh, "%s", pdata->id[i]);
      |     ^~~~~~~~~~~~~~~~~~~~~~~~~~~~~~
stat_func.c:714:7: warning: ignoring return value of ‘fscanf’ declared with attribute ‘warn_unused_result’ [-Wunused-result]
  714 |       fscanf(fh, "%lg",&ftemp);
      |       ^~~~~~~~~~~~~~~~~~~~~~~~
gcc -I"/home/hpages/bbs-3.18-bioc-R41/R/include" -DNDEBUG   -I/usr/local/include  -DUSEDOUBLE -fpic  -g -O2  -Wall -c stat_order.c -o stat_order.o
gcc -shared -L/home/hpages/bbs-3.18-bioc-R41/R/lib -L/usr/local/lib -o multtest.so Rpack.o VScount.o block_sampling_fixed.o bootloop.o mt.o pairt_sampling.o pairt_sampling_fixed.o random.o sampling.o sampling_fixed.o stat_func.o stat_order.o -lm -L/home/hpages/bbs-3.18-bioc-R41/R/lib -lR
installing to /home/hpages/bbs-3.18-bioc-R41/R/site-library/00LOCK-multtest/00new/multtest/libs
** R
** data
** inst
** byte-compile and prepare package for lazy loading
** help
*** installing help indices
** building package indices
** installing vignettes
** testing if installed package can be loaded from temporary location
** checking absolute paths in shared objects and dynamic libraries
** testing if installed package can be loaded from final location
** testing if installed package keeps a record of temporary installation path
* DONE (multtest)
multtest.Rcheck/multtest-Ex.timings
| name | user | system | elapsed | |
| EBMTP-class | 0 | 0 | 0 | |
| EBMTP | 0.160 | 0.028 | 0.188 | |
| Hsets | 0.172 | 0.000 | 0.172 | |
| MTP-class | 0 | 0 | 0 | |
| MTP | 0.435 | 0.000 | 0.435 | |
| boot.null | 0.024 | 0.000 | 0.024 | |
| corr.null | 0.016 | 0.000 | 0.015 | |
| fwer2gfwer | 1.901 | 0.004 | 1.904 | |
| get.index | 0.237 | 0.008 | 0.245 | |
| meanX | 0.008 | 0.000 | 0.008 | |
| mt.maxT | 3.156 | 0.020 | 3.176 | |
| mt.plot | 0.277 | 0.000 | 0.278 | |
| mt.rawp2adjp | 0.243 | 0.004 | 0.248 | |
| mt.reject | 0.246 | 0.000 | 0.246 | |
| mt.sample.teststat | 0.109 | 0.008 | 0.117 | |
| mt.teststat | 0.207 | 0.004 | 0.211 | |
| ss.maxT | 0 | 0 | 0 | |
| wapply | 0.001 | 0.000 | 0.001 | |