| Back to Using R 4.1.3 to BUILD/CHECK a small subset of 3.18 packages | 
This page was generated on 2024-03-08 16:41:48 -0500 (Fri, 08 Mar 2024).
| Hostname | OS | Arch (*) | R version | Installed pkgs | 
|---|---|---|---|---|
| nebbiolo2 | Linux (Ubuntu 22.04.3 LTS) | x86_64 | 4.1.3 (2022-03-10) -- "One Push-Up" | 655 | 
| Click on any hostname to see more info about the system (e.g. compilers) (*) as reported by 'uname -p', except on Windows and Mac OS X | ||||
| Package 58/118 | Hostname | OS / Arch | INSTALL | BUILD | CHECK | BUILD BIN | |||||||
| ggbio 1.50.0  (landing page) Michael Lawrence 
 | nebbiolo2 | Linux (Ubuntu 22.04.3 LTS) / x86_64 | OK | OK | WARNINGS | ||||||||
| To the developers/maintainers of the ggbio package: - Use the following Renviron settings to reproduce errors and warnings. - If 'R CMD check' started to fail recently on the Linux builder(s) over a missing dependency, add the missing dependency to 'Suggests:' in your DESCRIPTION file. See Renviron.bioc for more information. | 
| Package: ggbio | 
| Version: 1.50.0 | 
| Command: /home/hpages/bbs-3.18-bioc-R41/R/bin/R CMD check --install=check:ggbio.install-out.txt --library=/home/hpages/bbs-3.18-bioc-R41/R/site-library --timings ggbio_1.50.0.tar.gz | 
| StartedAt: 2024-03-08 16:08:00 -0500 (Fri, 08 Mar 2024) | 
| EndedAt: 2024-03-08 16:22:18 -0500 (Fri, 08 Mar 2024) | 
| EllapsedTime: 857.2 seconds | 
| RetCode: 0 | 
| Status: WARNINGS | 
| CheckDir: ggbio.Rcheck | 
| Warnings: 2 | 
##############################################################################
##############################################################################
###
### Running command:
###
###   /home/hpages/bbs-3.18-bioc-R41/R/bin/R CMD check --install=check:ggbio.install-out.txt --library=/home/hpages/bbs-3.18-bioc-R41/R/site-library --timings ggbio_1.50.0.tar.gz
###
##############################################################################
##############################################################################
* using log directory ‘/home/hpages/bbs-3.18-bioc-R41/meat/ggbio.Rcheck’
* using R version 4.1.3 (2022-03-10)
* using platform: x86_64-pc-linux-gnu (64-bit)
* using session charset: UTF-8
* checking for file ‘ggbio/DESCRIPTION’ ... OK
* this is package ‘ggbio’ version ‘1.50.0’
* checking package namespace information ... OK
* checking package dependencies ... OK
* checking if this is a source package ... OK
* checking if there is a namespace ... OK
* checking for hidden files and directories ... OK
* checking for portable file names ... OK
* checking for sufficient/correct file permissions ... OK
* checking whether package ‘ggbio’ can be installed ... OK
* checking installed package size ... OK
* checking package directory ... OK
* checking ‘build’ directory ... OK
* checking DESCRIPTION meta-information ... OK
* checking top-level files ... OK
* checking for left-over files ... OK
* checking index information ... OK
* checking package subdirectories ... OK
* checking R files for non-ASCII characters ... OK
* checking R files for syntax errors ... OK
* checking whether the package can be loaded ... OK
* checking whether the package can be loaded with stated dependencies ... OK
* checking whether the package can be unloaded cleanly ... OK
* checking whether the namespace can be loaded with stated dependencies ... OK
* checking whether the namespace can be unloaded cleanly ... OK
* checking loading without being on the library search path ... OK
* checking dependencies in R code ... NOTE
':::' call which should be '::': 'ggplot2:::set_last_plot'
  See the note in ?`:::` about the use of this operator.
Unexported objects imported by ':::' calls:
  'S4Vectors:::top_prenv' 'ggplot2:::add_ggplot' 'ggplot2:::cunion'
  'ggplot2:::rescale01'
  See the note in ?`:::` about the use of this operator.
* checking S3 generic/method consistency ... OK
* checking replacement functions ... OK
* checking foreign function calls ... OK
* checking R code for possible problems ... NOTE
.combineNames: no visible binding for global variable
  '.layout_circle.stats'
Ideogram: no visible global function definition for 'data'
Ideogram: no visible binding for global variable 'ideoCyto'
getNR: no visible global function definition for 'se'
getNR: no visible global function definition for 'indexProbesProcessed'
getNR: no visible global function definition for 'coefs'
scale_x_sequnit: no visible binding for global variable '.x'
autoplot,ExpressionSet: no visible binding for global variable
  'variable'
autoplot,RangedSummarizedExperiment: no visible binding for global
  variable 'variable'
autoplot,VCF: no visible binding for global variable 'stepping'
autoplot,VCF: no visible binding for global variable 'value'
autoplot,VRanges: no visible binding for global variable 'midpoint'
autoplot,Views: no visible binding for global variable 'x'
autoplot,Views: no visible binding for global variable 'value'
geom_alignment,BamFile: no visible binding for global variable 'fl'
geom_alignment,BamFile: no visible binding for global variable
  'stepping'
height,GGbio: no visible binding for global variable 'mt'
height,Tracked: no visible binding for global variable 'mt'
height,gg: no visible binding for global variable 'mt'
layout_karyogram,GRanges: no visible binding for global variable
  'gieStain'
layout_karyogram,GRanges: no visible binding for global variable 'x'
layout_karyogram,GRanges: no visible binding for global variable 'xend'
layout_karyogram,GRanges: no visible binding for global variable 'y2'
layout_karyogram,GRanges: no visible binding for global variable
  'yend2'
layout_karyogram,GRanges: no visible binding for global variable 'name'
plotFragLength,character-GRanges: no visible binding for global
  variable '.fragLength'
plotSpliceSum,character-EnsDb: possible error in GRangesFilter(which,
  condition = "overlapping"): unused argument (condition =
  "overlapping")
stat_mismatch,GRanges: no visible binding for global variable 'sts'
stat_mismatch,GRanges: no visible binding for global variable 'eds'
stat_mismatch,GRanges: no visible binding for global variable 'read'
Undefined global functions or variables:
  .fragLength .layout_circle.stats .x coefs data eds fl gieStain
  ideoCyto indexProbesProcessed midpoint mt name read se stepping sts
  value variable x xend y2 yend2
Consider adding
  importFrom("utils", "data")
to your NAMESPACE file.
* checking Rd files ... OK
* checking Rd metadata ... OK
* checking Rd cross-references ... OK
* checking for missing documentation entries ... WARNING
Undocumented S4 methods:
  generic '+' and siglist 'Tracks,ANY'
  generic '+' and siglist 'Tracks,Tracks'
  generic '+' and siglist 'Tracks,cartesian'
  generic '+' and siglist 'Tracks,position_c'
  generic '+' and siglist 'Tracks,theme'
  generic '+' and siglist 'Tracks,zoom'
All user-level objects in a package (including S4 classes and methods)
should have documentation entries.
See chapter ‘Writing R documentation files’ in the ‘Writing R
Extensions’ manual.
* checking for code/documentation mismatches ... WARNING
Codoc mismatches from documentation object 'geom_alignment':
\S4method{geom_alignment}{GRanges}
  Code: function(data, ..., xlab, ylab, main, facets = NULL, stat =
                 c("stepping", "identity"), range.geom = c("rect",
                 "arrowrect"), gap.geom = c("chevron", "arrow",
                 "segment"), rect.height = NULL, group.selfish = TRUE)
  Docs: function(data, ..., xlab, ylab, main, facets = NULL, stat =
                 c("stepping", "identity"), range.geom = c("rect",
                 "arrowrect"), gap.geom = c("chevron", "arrow",
                 "segment"), rect.height = NULL, group.selfish = TRUE,
                 label = TRUE)
  Argument names in docs not in code:
    label
Codoc mismatches from documentation object 'ggsave':
ggsave
  Code: function(filename, plot = last_plot(), device = NULL, path =
                 NULL, scale = 1, width = NA, height = NA, units =
                 c("in", "cm", "mm"), dpi = 300, limitsize = TRUE, ...)
  Docs: function(filename, plot = last_plot(), device =
                 default_device(filename), path = NULL, scale = 1,
                 width = par("din")[1], height = par("din")[2], units =
                 c("in", "cm", "mm"), dpi = 300, limitsize = TRUE, ...)
  Mismatches in argument default values:
    Name: 'device' Code: NULL Docs: default_device(filename)
    Name: 'width' Code: NA Docs: par("din")[1]
    Name: 'height' Code: NA Docs: par("din")[2]
* checking Rd \usage sections ... OK
* checking Rd contents ... OK
* checking for unstated dependencies in examples ... OK
* checking line endings in Makefiles ... OK
* checking for GNU extensions in Makefiles ... OK
* checking include directives in Makefiles ... OK
* checking files in ‘vignettes’ ... OK
* checking examples ... OK
Examples with CPU (user + system) or elapsed time > 5s
                          user system elapsed
autoplot-method         79.958  1.274  81.236
geom_alignment-method   35.043  0.572  35.616
tracks                  24.229  0.164  24.396
layout_karyogram-method 16.142  0.048  16.237
plotRangesLinkedToData   9.817  0.152   9.969
plotGrandLinear          8.088  0.064   8.155
stat_reduce-method       7.620  0.112   7.732
ggplot-method            7.333  0.068   7.401
stat_aggregate-method    6.715  0.040   6.758
layout_circle-method     5.452  0.028   5.480
geom_arrow-method        5.176  0.032   5.209
* checking for unstated dependencies in ‘tests’ ... OK
* checking tests ...
  Running ‘test-all.R’
 OK
* checking for unstated dependencies in vignettes ... OK
* checking package vignettes in ‘inst/doc’ ... OK
* checking running R code from vignettes ...
  ‘ggbio.Rnw’... OK
 NONE
* checking re-building of vignette outputs ... OK
* checking PDF version of manual ... OK
* DONE
Status: 2 WARNINGs, 2 NOTEs
See
  ‘/home/hpages/bbs-3.18-bioc-R41/meat/ggbio.Rcheck/00check.log’
for details.
ggbio.Rcheck/00install.out
############################################################################## ############################################################################## ### ### Running command: ### ### /home/hpages/bbs-3.18-bioc-R41/R/bin/R CMD INSTALL ggbio ### ############################################################################## ############################################################################## * installing to library ‘/home/hpages/bbs-3.18-bioc-R41/R/site-library’ * installing *source* package ‘ggbio’ ... ** using staged installation ** R ** inst ** byte-compile and prepare package for lazy loading Creating a new generic function for 'rescale' in package 'ggbio' Creating a new generic function for 'xlim' in package 'ggbio' Creating a new generic function for 'geom_rect' in package 'ggbio' Creating a new generic function for 'geom_segment' in package 'ggbio' Creating a new generic function for 'geom_bar' in package 'ggbio' Creating a new generic function for 'stat_identity' in package 'ggbio' Creating a new generic function for 'stat_bin' in package 'ggbio' ** help *** installing help indices ** building package indices ** installing vignettes ** testing if installed package can be loaded from temporary location ** testing if installed package can be loaded from final location ** testing if installed package keeps a record of temporary installation path * DONE (ggbio)
ggbio.Rcheck/tests/test-all.Rout
R version 4.1.3 (2022-03-10) -- "One Push-Up"
Copyright (C) 2022 The R Foundation for Statistical Computing
Platform: x86_64-pc-linux-gnu (64-bit)
R is free software and comes with ABSOLUTELY NO WARRANTY.
You are welcome to redistribute it under certain conditions.
Type 'license()' or 'licence()' for distribution details.
R is a collaborative project with many contributors.
Type 'contributors()' for more information and
'citation()' on how to cite R or R packages in publications.
Type 'demo()' for some demos, 'help()' for on-line help, or
'help.start()' for an HTML browser interface to help.
Type 'q()' to quit R.
> library(testthat)
> test_check("ggbio")
Loading required package: ggbio
Loading required package: BiocGenerics
Attaching package: 'BiocGenerics'
The following objects are masked from 'package:stats':
    IQR, mad, sd, var, xtabs
The following objects are masked from 'package:base':
    Filter, Find, Map, Position, Reduce, anyDuplicated, aperm, append,
    as.data.frame, basename, cbind, colnames, dirname, do.call,
    duplicated, eval, evalq, get, grep, grepl, intersect, is.unsorted,
    lapply, mapply, match, mget, order, paste, pmax, pmax.int, pmin,
    pmin.int, rank, rbind, rownames, sapply, setdiff, sort, table,
    tapply, union, unique, unsplit, which.max, which.min
Loading required package: ggplot2
Need specific help about ggbio? try mailing 
 the maintainer or visit https://lawremi.github.io/ggbio/
Attaching package: 'ggbio'
The following objects are masked from 'package:ggplot2':
    geom_bar, geom_rect, geom_segment, ggsave, stat_bin, stat_identity,
    xlim
[ FAIL 0 | WARN 0 | SKIP 0 | PASS 0 ]
> 
> proc.time()
   user  system elapsed 
 19.831   0.945  20.766 
ggbio.Rcheck/ggbio-Ex.timings
| name | user | system | elapsed | |
| arrangeGrobByParsingLegend | 2.782 | 0.140 | 2.921 | |
| autoplot-method | 79.958 | 1.274 | 81.236 | |
| geom_alignment-method | 35.043 | 0.572 | 35.616 | |
| geom_arch-method | 1.221 | 0.012 | 1.234 | |
| geom_arrow-method | 5.176 | 0.032 | 5.209 | |
| geom_arrowrect-method | 3.295 | 0.056 | 3.352 | |
| geom_bar-method | 1.003 | 0.004 | 1.007 | |
| geom_chevron-method | 4.535 | 0.020 | 4.555 | |
| geom_rect-method | 3.201 | 0.024 | 3.225 | |
| geom_segment-method | 3.104 | 0.011 | 3.116 | |
| ggbio-class | 0.009 | 0.000 | 0.010 | |
| ggplot-method | 7.333 | 0.068 | 7.401 | |
| layout_circle-method | 5.452 | 0.028 | 5.480 | |
| layout_karyogram-method | 16.142 | 0.048 | 16.237 | |
| plotFragLength | 0.000 | 0.000 | 0.001 | |
| plotGrandLinear | 8.088 | 0.064 | 8.155 | |
| plotRangesLinkedToData | 9.817 | 0.152 | 9.969 | |
| plotSingleChrom | 0 | 0 | 0 | |
| plotSpliceSum | 0 | 0 | 0 | |
| plotStackedOverview | 0 | 0 | 0 | |
| rescale-method | 0.096 | 0.000 | 0.096 | |
| scale_fill_fold_change | 0.359 | 0.004 | 0.364 | |
| scale_fill_giemsa | 2.640 | 0.000 | 2.641 | |
| scale_x_sequnit | 0.276 | 0.000 | 0.277 | |
| stat_aggregate-method | 6.715 | 0.040 | 6.758 | |
| stat_bin-method | 4.449 | 0.020 | 4.469 | |
| stat_coverage-method | 2.173 | 0.016 | 2.189 | |
| stat_gene-method | 0 | 0 | 0 | |
| stat_identity-method | 2.983 | 0.024 | 3.007 | |
| stat_reduce-method | 7.620 | 0.112 | 7.732 | |
| stat_slice-method | 2.848 | 0.005 | 2.853 | |
| stat_stepping-method | 2.484 | 0.004 | 2.488 | |
| stat_table-method | 1.561 | 0.004 | 1.566 | |
| theme | 1.570 | 0.008 | 1.577 | |
| tracks | 24.229 | 0.164 | 24.396 | |