| Back to Using R 4.1.3 to BUILD/CHECK a small subset of 3.18 packages |
This page was generated on 2024-03-08 16:41:47 -0500 (Fri, 08 Mar 2024).
| Hostname | OS | Arch (*) | R version | Installed pkgs |
|---|---|---|---|---|
| nebbiolo2 | Linux (Ubuntu 22.04.3 LTS) | x86_64 | 4.1.3 (2022-03-10) -- "One Push-Up" | 655 |
| Click on any hostname to see more info about the system (e.g. compilers) (*) as reported by 'uname -p', except on Windows and Mac OS X | ||||
| Package 2/118 | Hostname | OS / Arch | INSTALL | BUILD | CHECK | BUILD BIN | |||||||
| affy 1.80.0 (landing page) Robert D. Shear
| nebbiolo2 | Linux (Ubuntu 22.04.3 LTS) / x86_64 | OK | OK | WARNINGS | ||||||||
|
To the developers/maintainers of the affy package: - Use the following Renviron settings to reproduce errors and warnings. - If 'R CMD check' started to fail recently on the Linux builder(s) over a missing dependency, add the missing dependency to 'Suggests:' in your DESCRIPTION file. See Renviron.bioc for more information. |
| Package: affy |
| Version: 1.80.0 |
| Command: /home/hpages/bbs-3.18-bioc-R41/R/bin/R CMD check --install=check:affy.install-out.txt --library=/home/hpages/bbs-3.18-bioc-R41/R/site-library --timings affy_1.80.0.tar.gz |
| StartedAt: 2024-03-08 16:01:13 -0500 (Fri, 08 Mar 2024) |
| EndedAt: 2024-03-08 16:05:07 -0500 (Fri, 08 Mar 2024) |
| EllapsedTime: 234.3 seconds |
| RetCode: 0 |
| Status: WARNINGS |
| CheckDir: affy.Rcheck |
| Warnings: 1 |
##############################################################################
##############################################################################
###
### Running command:
###
### /home/hpages/bbs-3.18-bioc-R41/R/bin/R CMD check --install=check:affy.install-out.txt --library=/home/hpages/bbs-3.18-bioc-R41/R/site-library --timings affy_1.80.0.tar.gz
###
##############################################################################
##############################################################################
* using log directory ‘/home/hpages/bbs-3.18-bioc-R41/meat/affy.Rcheck’
* using R version 4.1.3 (2022-03-10)
* using platform: x86_64-pc-linux-gnu (64-bit)
* using session charset: UTF-8
* checking for file ‘affy/DESCRIPTION’ ... OK
* this is package ‘affy’ version ‘1.80.0’
* checking package namespace information ... OK
* checking package dependencies ... OK
* checking if this is a source package ... OK
* checking if there is a namespace ... OK
* checking for hidden files and directories ... OK
* checking for portable file names ... OK
* checking for sufficient/correct file permissions ... OK
* checking whether package ‘affy’ can be installed ... OK
* checking installed package size ... OK
* checking package directory ... OK
* checking ‘build’ directory ... OK
* checking DESCRIPTION meta-information ... OK
* checking top-level files ... OK
* checking for left-over files ... OK
* checking index information ... OK
* checking package subdirectories ... OK
* checking R files for non-ASCII characters ... OK
* checking R files for syntax errors ... OK
* checking whether the package can be loaded ... OK
* checking whether the package can be loaded with stated dependencies ... OK
* checking whether the package can be unloaded cleanly ... OK
* checking whether the namespace can be loaded with stated dependencies ... OK
* checking whether the namespace can be unloaded cleanly ... OK
* checking loading without being on the library search path ... OK
* checking dependencies in R code ... NOTE
Unexported objects imported by ':::' calls:
‘stats:::C_loess_raw’ ‘stats:::C_lowesp’ ‘stats:::C_lowesw’
See the note in ?`:::` about the use of this operator.
* checking S3 generic/method consistency ... OK
* checking replacement functions ... OK
* checking foreign function calls ... WARNING
Foreign function calls to a base package:
.C(stats:::C_loess_raw, ...)
.Fortran(stats:::C_lowesp, ...)
.Fortran(stats:::C_lowesw, ...)
Packages should not make .C/.Call/.External/.Fortran calls to a base
package. They are not part of the API, for use only by R itself and
subject to change without notice.
* checking R code for possible problems ... OK
* checking Rd files ... OK
* checking Rd metadata ... OK
* checking Rd cross-references ... OK
* checking for missing documentation entries ... OK
* checking for code/documentation mismatches ... OK
* checking Rd \usage sections ... OK
* checking Rd contents ... OK
* checking for unstated dependencies in examples ... OK
* checking contents of ‘data’ directory ... OK
* checking data for non-ASCII characters ... OK
* checking data for ASCII and uncompressed saves ... OK
* checking line endings in shell scripts ... OK
* checking line endings in C/C++/Fortran sources/headers ... OK
* checking line endings in Makefiles ... OK
* checking compilation flags in Makevars ... OK
* checking for GNU extensions in Makefiles ... OK
* checking for portable use of $(BLAS_LIBS) and $(LAPACK_LIBS) ... OK
* checking use of PKG_*FLAGS in Makefiles ... OK
* checking compiled code ... NOTE
Note: information on .o files is not available
* checking files in ‘vignettes’ ... OK
* checking examples ... OK
Examples with CPU (user + system) or elapsed time > 5s
user system elapsed
mas5 18.633 0.196 18.829
MAplot 13.379 0.379 13.759
expresso 8.343 0.072 8.415
ProgressBarText-class 1.068 0.016 16.577
* checking for unstated dependencies in vignettes ... OK
* checking package vignettes in ‘inst/doc’ ... OK
* checking running R code from vignettes ...
‘affy.Rnw’... OK
‘builtinMethods.Rnw’... OK
‘customMethods.Rnw’... OK
‘vim.Rnw’... OK
OK
* checking re-building of vignette outputs ... OK
* checking PDF version of manual ... OK
* DONE
Status: 1 WARNING, 2 NOTEs
See
‘/home/hpages/bbs-3.18-bioc-R41/meat/affy.Rcheck/00check.log’
for details.
affy.Rcheck/00install.out
############################################################################## ############################################################################## ### ### Running command: ### ### /home/hpages/bbs-3.18-bioc-R41/R/bin/R CMD INSTALL affy ### ############################################################################## ############################################################################## * installing to library ‘/home/hpages/bbs-3.18-bioc-R41/R/site-library’ * installing *source* package ‘affy’ ... ** using staged installation creating cache ./config.cache checking how to run the C preprocessor... cc -E checking for main in -lz... yes checking for zlib.h... yes checking if zlib version >= 1.1.3... yes updating cache ./config.cache creating ./config.status creating src/Makevars ** libs gcc -I"/home/hpages/bbs-3.18-bioc-R41/R/include" -DNDEBUG -DHAVE_ZLIB=1 -I'/home/hpages/bbs-3.18-bioc-R41/R/site-library/preprocessCore/include' -I/usr/local/include -fpic -g -O2 -Wall -c chipbackground.c -o chipbackground.o gcc -I"/home/hpages/bbs-3.18-bioc-R41/R/include" -DNDEBUG -DHAVE_ZLIB=1 -I'/home/hpages/bbs-3.18-bioc-R41/R/site-library/preprocessCore/include' -I/usr/local/include -fpic -g -O2 -Wall -c getall_locations.c -o getall_locations.o gcc -I"/home/hpages/bbs-3.18-bioc-R41/R/include" -DNDEBUG -DHAVE_ZLIB=1 -I'/home/hpages/bbs-3.18-bioc-R41/R/site-library/preprocessCore/include' -I/usr/local/include -fpic -g -O2 -Wall -c mas5calls.c -o mas5calls.o gcc -I"/home/hpages/bbs-3.18-bioc-R41/R/include" -DNDEBUG -DHAVE_ZLIB=1 -I'/home/hpages/bbs-3.18-bioc-R41/R/site-library/preprocessCore/include' -I/usr/local/include -fpic -g -O2 -Wall -c rma2.c -o rma2.o gcc -I"/home/hpages/bbs-3.18-bioc-R41/R/include" -DNDEBUG -DHAVE_ZLIB=1 -I'/home/hpages/bbs-3.18-bioc-R41/R/site-library/preprocessCore/include' -I/usr/local/include -fpic -g -O2 -Wall -c rma_common.c -o rma_common.o gcc -shared -L/home/hpages/bbs-3.18-bioc-R41/R/lib -L/usr/local/lib -o affy.so chipbackground.o getall_locations.o mas5calls.o rma2.o rma_common.o -lz -L/home/hpages/bbs-3.18-bioc-R41/R/lib -lR installing to /home/hpages/bbs-3.18-bioc-R41/R/site-library/00LOCK-affy/00new/affy/libs ** R ** data ** demo ** inst ** byte-compile and prepare package for lazy loading ** help *** installing help indices ** building package indices ** installing vignettes ** testing if installed package can be loaded from temporary location ** checking absolute paths in shared objects and dynamic libraries ** testing if installed package can be loaded from final location ** testing if installed package keeps a record of temporary installation path * DONE (affy)
affy.Rcheck/affy-Ex.timings
| name | user | system | elapsed | |
| AffyBatch-class | 4.315 | 0.207 | 4.522 | |
| AffyRNAdeg | 1.663 | 0.136 | 1.799 | |
| MAplot | 13.379 | 0.379 | 13.759 | |
| ProbeSet-class | 0.293 | 0.007 | 0.300 | |
| ProgressBarText-class | 1.068 | 0.016 | 16.577 | |
| affy-options | 0 | 0 | 0 | |
| barplot.ProbeSet | 0.543 | 0.011 | 0.556 | |
| bgc | 3.916 | 0.056 | 3.973 | |
| cleancdfname | 0.007 | 0.000 | 0.006 | |
| expresso | 8.343 | 0.072 | 8.415 | |
| expressoWidget | 0.001 | 0.000 | 0.000 | |
| fit.li.wong | 3.367 | 0.044 | 3.411 | |
| generateExprSet-methods | 0.424 | 0.012 | 0.435 | |
| generateExprVal-methods | 0.330 | 0.012 | 0.342 | |
| generateExprVal.method.avgdiff | 0.157 | 0.020 | 0.177 | |
| list.celfiles | 0 | 0 | 0 | |
| maffy.subset | 0.01 | 0.00 | 0.01 | |
| mas5 | 18.633 | 0.196 | 18.829 | |
| mas5calls | 1.654 | 0.044 | 1.697 | |
| mva.pairs | 0.086 | 0.000 | 0.085 | |
| normalize-methods | 0.229 | 0.000 | 0.229 | |
| normalize.loess | 0.014 | 0.000 | 0.014 | |
| plot.ProbeSet | 0.012 | 0.000 | 0.013 | |
| plot.density | 0.474 | 0.012 | 0.487 | |
| plotLocation | 1.711 | 0.040 | 1.751 | |
| pmcorrect | 0.245 | 0.000 | 0.245 | |
| ppsetApply | 0.001 | 0.000 | 0.000 | |
| read.affybatch | 1.318 | 0.028 | 1.346 | |
| rma | 1.515 | 0.012 | 1.527 | |
| setAffyOptions | 0.000 | 0.001 | 0.000 | |
| xy2indices | 1.755 | 0.062 | 1.818 | |