Back to Using R 4.1.3 to BUILD/CHECK a small subset of 3.18 packages

This page was generated on 2024-03-08 16:41:48 -0500 (Fri, 08 Mar 2024).

HostnameOSArch (*)R versionInstalled pkgs
nebbiolo2Linux (Ubuntu 22.04.3 LTS)x86_644.1.3 (2022-03-10) -- "One Push-Up" 655
Click on any hostname to see more info about the system (e.g. compilers)      (*) as reported by 'uname -p', except on Windows and Mac OS X

Package 68/118HostnameOS / ArchINSTALLBUILDCHECKBUILD BIN
IRanges 2.36.0  (landing page)
Hervé Pagès
Snapshot Date: 2024-03-08 15:25:35 -0500 (Fri, 08 Mar 2024)
git_url: https://git.bioconductor.org/packages/IRanges
git_branch: RELEASE_3_18
git_last_commit: 1dabee3
git_last_commit_date: 2023-10-24 09:32:51 -0500 (Tue, 24 Oct 2023)
nebbiolo2Linux (Ubuntu 22.04.3 LTS) / x86_64  OK    OK    WARNINGS  

CHECK results for IRanges on nebbiolo2


To the developers/maintainers of the IRanges package:
- Use the following Renviron settings to reproduce errors and warnings.
- If 'R CMD check' started to fail recently on the Linux builder(s) over a missing dependency, add the missing dependency to 'Suggests:' in your DESCRIPTION file. See Renviron.bioc for more information.

raw results


Summary

Package: IRanges
Version: 2.36.0
Command: /home/hpages/bbs-3.18-bioc-R41/R/bin/R CMD check --install=check:IRanges.install-out.txt --library=/home/hpages/bbs-3.18-bioc-R41/R/site-library --timings IRanges_2.36.0.tar.gz
StartedAt: 2024-03-08 16:10:27 -0500 (Fri, 08 Mar 2024)
EndedAt: 2024-03-08 16:13:45 -0500 (Fri, 08 Mar 2024)
EllapsedTime: 197.5 seconds
RetCode: 0
Status:   WARNINGS  
CheckDir: IRanges.Rcheck
Warnings: 3

Command output

##############################################################################
##############################################################################
###
### Running command:
###
###   /home/hpages/bbs-3.18-bioc-R41/R/bin/R CMD check --install=check:IRanges.install-out.txt --library=/home/hpages/bbs-3.18-bioc-R41/R/site-library --timings IRanges_2.36.0.tar.gz
###
##############################################################################
##############################################################################


* using log directory ‘/home/hpages/bbs-3.18-bioc-R41/meat/IRanges.Rcheck’
* using R version 4.1.3 (2022-03-10)
* using platform: x86_64-pc-linux-gnu (64-bit)
* using session charset: UTF-8
* checking for file ‘IRanges/DESCRIPTION’ ... OK
* this is package ‘IRanges’ version ‘2.36.0’
* package encoding: UTF-8
* checking package namespace information ... OK
* checking package dependencies ... OK
* checking if this is a source package ... OK
* checking if there is a namespace ... OK
* checking for hidden files and directories ... OK
* checking for portable file names ... OK
* checking for sufficient/correct file permissions ... OK
* checking whether package ‘IRanges’ can be installed ... OK
* checking installed package size ... OK
* checking package directory ... OK
* checking ‘build’ directory ... OK
* checking DESCRIPTION meta-information ... OK
* checking top-level files ... OK
* checking for left-over files ... OK
* checking index information ... OK
* checking package subdirectories ... OK
* checking R files for non-ASCII characters ... OK
* checking R files for syntax errors ... OK
* checking whether the package can be loaded ... OK
* checking whether the package can be loaded with stated dependencies ... OK
* checking whether the package can be unloaded cleanly ... OK
* checking whether the namespace can be loaded with stated dependencies ... OK
* checking whether the namespace can be unloaded cleanly ... OK
* checking loading without being on the library search path ... OK
* checking dependencies in R code ... OK
* checking S3 generic/method consistency ... OK
* checking replacement functions ... OK
* checking foreign function calls ... OK
* checking R code for possible problems ... NOTE
setCompressedListSummaryMethod : <anonymous>: no visible binding for
  global variable ‘C_fun’
setCompressedListWhichSummaryMethod : def: no visible binding for
  global variable ‘C_fun’
Undefined global functions or variables:
  C_fun
* checking Rd files ... OK
* checking Rd metadata ... OK
* checking Rd cross-references ... WARNING
Missing link or links in documentation object 'IntegerRangesList-class.Rd':
  ‘[IRanges]{RangesList}’

Missing link or links in documentation object 'intra-range-methods.Rd':
  ‘RangesList’

See section 'Cross-references' in the 'Writing R Extensions' manual.
* checking for missing documentation entries ... WARNING
Undocumented code objects:
  ‘%poutside%’ ‘%pover%’ ‘%pwithin%’ ‘cvg’ ‘heads’ ‘slidingIRanges’
  ‘slidingViews’ ‘tails’ ‘windows’
Undocumented S4 classes:
  ‘SimpleRangesList’ ‘IPosList’ ‘SimpleIPosList’ ‘Pos’
  ‘CompressedIPosList’ ‘RangesList’ ‘BaseManyToManyGrouping’ ‘Ranges’
  ‘CompressedRangesList’ ‘CompressedIntegerRangesList’ ‘SimplePosList’
  ‘PosList’ ‘CompressedPosList’
Undocumented S4 methods:
  generic 'anyDuplicated' and siglist 'RangesNSBS'
  generic 'as.factor' and siglist 'ManyToOneGrouping'
  generic 'as.integer' and siglist 'NormalIRanges'
  generic 'as.integer' and siglist 'Pos'
  generic 'as.integer' and siglist 'RangesNSBS'
  generic 'cbind' and siglist 'Rle'
  generic 'cbind' and siglist 'RleList'
  generic 'chartr' and siglist 'ANY,ANY,CharacterList'
  generic 'chartr' and siglist 'ANY,ANY,RleList'
  generic 'coerce' and siglist 'ANY,IPosRanges'
  generic 'coerce' and siglist 'AtomicList,RleViews'
  generic 'coerce' and siglist 'IPosRanges,CompressedIntegerList'
  generic 'coerce' and siglist 'IPosRanges,IntegerList'
  generic 'coerce' and siglist 'IRanges,IPosList'
  generic 'coerce' and siglist 'IntegerRanges,CompressedIPosList'
  generic 'coerce' and siglist 'IntegerRanges,IPosList'
  generic 'coerce' and siglist 'PartitioningByEnd,PartitioningMap'
  generic 'coerce' and siglist 'factor,ManyToOneGrouping'
  generic 'commonColnames<-' and siglist 'SplitDataFrameList'
  generic 'cvg' and siglist 'IntegerRanges'
  generic 'cvg' and siglist 'IntegerRangesList'
  generic 'endsWith' and siglist 'CharacterList'
  generic 'endsWith' and siglist 'RleList'
  generic 'extractROWS' and siglist 'CompressedList,ANY'
  generic 'extractROWS' and siglist 'IPos,ANY'
  generic 'extractROWS' and siglist 'MaskCollection,ANY'
  generic 'extractROWS' and siglist 'NormalIRanges,ANY'
  generic 'extractROWS' and siglist 'Partitioning,ANY'
  generic 'extractROWS' and siglist 'Rle,RangesNSBS'
  generic 'extractROWS' and siglist 'vector_OR_factor,RangesNSBS'
  generic 'getListElement' and siglist 'CompressedList'
  generic 'getListElement' and siglist 'CompressedNormalIRangesList'
  generic 'getListElement' and siglist 'H2LGrouping'
  generic 'getListElement' and siglist 'MaskCollection'
  generic 'getListElement' and siglist 'NCLists'
  generic 'getListElement' and siglist 'Partitioning'
  generic 'getListElement' and siglist 'Views'
  generic 'gsub' and siglist 'ANY,ANY,CharacterList'
  generic 'gsub' and siglist 'ANY,ANY,RleList'
  generic 'ifelse2' and siglist 'ANY,List,List'
  generic 'is.unsorted' and siglist 'CompressedIntegerList'
  generic 'is.unsorted' and siglist 'CompressedLogicalList'
  generic 'is.unsorted' and siglist 'CompressedNumericList'
  generic 'isNormal' and siglist 'IntegerRanges'
  generic 'length' and siglist 'RangesNSBS'
  generic 'nchar' and siglist 'CharacterList'
  generic 'nchar' and siglist 'RleList'
  generic 'pcompareRecursively' and siglist 'IPosRanges'
  generic 'range' and siglist 'CompressedRleList'
  generic 'relist' and siglist 'grouping,missing'
  generic 'replaceROWS' and siglist 'IRanges'
  generic 'replaceROWS' and siglist 'NormalIRanges'
  generic 'slidingWindows' and siglist 'IntegerRanges'
  generic 'startsWith' and siglist 'CharacterList'
  generic 'startsWith' and siglist 'RleList'
  generic 'sub' and siglist 'ANY,ANY,CharacterList'
  generic 'sub' and siglist 'ANY,ANY,RleList'
  generic 'tile' and siglist 'IntegerRanges'
  generic 'tolower' and siglist 'CharacterList'
  generic 'tolower' and siglist 'RleList'
  generic 'toupper' and siglist 'CharacterList'
  generic 'toupper' and siglist 'RleList'
  generic 'updateObject' and siglist 'CompressedList'
  generic 'updateObject' and siglist 'IPosRanges'
  generic 'whichFirstNotNormal' and siglist 'IntegerRanges'
  generic 'windows' and siglist 'list_OR_List'
All user-level objects in a package (including S4 classes and methods)
should have documentation entries.
See chapter ‘Writing R documentation files’ in the ‘Writing R
Extensions’ manual.
* checking for code/documentation mismatches ... OK
* checking Rd \usage sections ... WARNING
Documented arguments not in \usage in documentation object 'nearest-methods':
  ‘hits’ ‘...’

Functions with \usage entries need to have the appropriate \alias
entries, and all their arguments documented.
The \usage entries must correspond to syntactically valid R code.
See chapter ‘Writing R documentation files’ in the ‘Writing R
Extensions’ manual.
* checking Rd contents ... OK
* checking for unstated dependencies in examples ... OK
* checking line endings in C/C++/Fortran sources/headers ... OK
* checking compiled code ... NOTE
Note: information on .o files is not available
* checking files in ‘vignettes’ ... OK
* checking examples ... OK
Examples with CPU (user + system) or elapsed time > 5s
            user system elapsed
IPos-class 8.861  0.328   9.189
* checking for unstated dependencies in ‘tests’ ... OK
* checking tests ...
  Running ‘run_unitTests.R’
 OK
* checking for unstated dependencies in vignettes ... OK
* checking package vignettes in ‘inst/doc’ ... OK
* checking running R code from vignettes ...
  ‘IRangesOverview.Rnw’ using ‘UTF-8’... OK
 OK
* checking re-building of vignette outputs ... OK
* checking PDF version of manual ... OK
* DONE

Status: 3 WARNINGs, 2 NOTEs
See
  ‘/home/hpages/bbs-3.18-bioc-R41/meat/IRanges.Rcheck/00check.log’
for details.



Installation output

IRanges.Rcheck/00install.out

##############################################################################
##############################################################################
###
### Running command:
###
###   /home/hpages/bbs-3.18-bioc-R41/R/bin/R CMD INSTALL IRanges
###
##############################################################################
##############################################################################


* installing to library ‘/home/hpages/bbs-3.18-bioc-R41/R/site-library’
* installing *source* package ‘IRanges’ ...
** using staged installation
** libs
gcc -I"/home/hpages/bbs-3.18-bioc-R41/R/include" -DNDEBUG  -I'/home/hpages/bbs-3.18-bioc-R41/R/site-library/S4Vectors/include' -I/usr/local/include   -fpic  -g -O2  -Wall -c CompressedAtomicList_utils.c -o CompressedAtomicList_utils.o
gcc -I"/home/hpages/bbs-3.18-bioc-R41/R/include" -DNDEBUG  -I'/home/hpages/bbs-3.18-bioc-R41/R/site-library/S4Vectors/include' -I/usr/local/include   -fpic  -g -O2  -Wall -c CompressedIRangesList_class.c -o CompressedIRangesList_class.o
gcc -I"/home/hpages/bbs-3.18-bioc-R41/R/include" -DNDEBUG  -I'/home/hpages/bbs-3.18-bioc-R41/R/site-library/S4Vectors/include' -I/usr/local/include   -fpic  -g -O2  -Wall -c CompressedList_class.c -o CompressedList_class.o
gcc -I"/home/hpages/bbs-3.18-bioc-R41/R/include" -DNDEBUG  -I'/home/hpages/bbs-3.18-bioc-R41/R/site-library/S4Vectors/include' -I/usr/local/include   -fpic  -g -O2  -Wall -c Grouping_class.c -o Grouping_class.o
gcc -I"/home/hpages/bbs-3.18-bioc-R41/R/include" -DNDEBUG  -I'/home/hpages/bbs-3.18-bioc-R41/R/site-library/S4Vectors/include' -I/usr/local/include   -fpic  -g -O2  -Wall -c IPosRanges_comparison.c -o IPosRanges_comparison.o
gcc -I"/home/hpages/bbs-3.18-bioc-R41/R/include" -DNDEBUG  -I'/home/hpages/bbs-3.18-bioc-R41/R/site-library/S4Vectors/include' -I/usr/local/include   -fpic  -g -O2  -Wall -c IRanges_class.c -o IRanges_class.o
gcc -I"/home/hpages/bbs-3.18-bioc-R41/R/include" -DNDEBUG  -I'/home/hpages/bbs-3.18-bioc-R41/R/site-library/S4Vectors/include' -I/usr/local/include   -fpic  -g -O2  -Wall -c IRanges_constructor.c -o IRanges_constructor.o
gcc -I"/home/hpages/bbs-3.18-bioc-R41/R/include" -DNDEBUG  -I'/home/hpages/bbs-3.18-bioc-R41/R/site-library/S4Vectors/include' -I/usr/local/include   -fpic  -g -O2  -Wall -c NCList.c -o NCList.o
NCList.c:1173:13: warning: ‘NCList_get_y_overlaps_rec’ defined but not used [-Wunused-function]
 1173 | static void NCList_get_y_overlaps_rec(const NCList *x_nclist,
      |             ^~~~~~~~~~~~~~~~~~~~~~~~~
NCList.c:202:22: warning: ‘next_top_down’ defined but not used [-Wunused-function]
  202 | static const NCList *next_top_down(const NCList *nclist)
      |                      ^~~~~~~~~~~~~
gcc -I"/home/hpages/bbs-3.18-bioc-R41/R/include" -DNDEBUG  -I'/home/hpages/bbs-3.18-bioc-R41/R/site-library/S4Vectors/include' -I/usr/local/include   -fpic  -g -O2  -Wall -c R_init_IRanges.c -o R_init_IRanges.o
gcc -I"/home/hpages/bbs-3.18-bioc-R41/R/include" -DNDEBUG  -I'/home/hpages/bbs-3.18-bioc-R41/R/site-library/S4Vectors/include' -I/usr/local/include   -fpic  -g -O2  -Wall -c Ranges_class.c -o Ranges_class.o
gcc -I"/home/hpages/bbs-3.18-bioc-R41/R/include" -DNDEBUG  -I'/home/hpages/bbs-3.18-bioc-R41/R/site-library/S4Vectors/include' -I/usr/local/include   -fpic  -g -O2  -Wall -c RleViews_utils.c -o RleViews_utils.o
gcc -I"/home/hpages/bbs-3.18-bioc-R41/R/include" -DNDEBUG  -I'/home/hpages/bbs-3.18-bioc-R41/R/site-library/S4Vectors/include' -I/usr/local/include   -fpic  -g -O2  -Wall -c S4Vectors_stubs.c -o S4Vectors_stubs.o
gcc -I"/home/hpages/bbs-3.18-bioc-R41/R/include" -DNDEBUG  -I'/home/hpages/bbs-3.18-bioc-R41/R/site-library/S4Vectors/include' -I/usr/local/include   -fpic  -g -O2  -Wall -c SimpleIRangesList_class.c -o SimpleIRangesList_class.o
gcc -I"/home/hpages/bbs-3.18-bioc-R41/R/include" -DNDEBUG  -I'/home/hpages/bbs-3.18-bioc-R41/R/site-library/S4Vectors/include' -I/usr/local/include   -fpic  -g -O2  -Wall -c coverage_methods.c -o coverage_methods.o
coverage_methods.c: In function ‘compute_coverage_from_IRanges_holder’:
coverage_methods.c:579:35: warning: ‘x_end’ may be used uninitialized in this function [-Wmaybe-uninitialized]
  579 |         if (*out_ranges_are_tiles && x_end != cvg_len)
      |             ~~~~~~~~~~~~~~~~~~~~~~^~~~~~~~~~~~~~~~~~~
coverage_methods.c:495:28: note: ‘x_end’ was declared here
  495 |             i, j, x_start, x_end, shift_elt, tmp;
      |                            ^~~~~
gcc -I"/home/hpages/bbs-3.18-bioc-R41/R/include" -DNDEBUG  -I'/home/hpages/bbs-3.18-bioc-R41/R/site-library/S4Vectors/include' -I/usr/local/include   -fpic  -g -O2  -Wall -c extractListFragments.c -o extractListFragments.o
extractListFragments.c: In function ‘C_find_partition_overlaps’:
extractListFragments.c:66:33: warning: ‘split_partitions_buf’ may be used uninitialized in this function [-Wmaybe-uninitialized]
   66 |                                 IntAE_insert_at(split_partitions_buf,
      |                                 ^~~~~~~~~~~~~~~~~~~~~~~~~~~~~~~~~~~~~
   67 |                                         IntAE_get_nelt(split_partitions_buf),
      |                                         ~~~~~~~~~~~~~~~~~~~~~~~~~~~~~~~~~~~~~
   68 |                                         q_prev_end);
      |                                         ~~~~~~~~~~~
gcc -I"/home/hpages/bbs-3.18-bioc-R41/R/include" -DNDEBUG  -I'/home/hpages/bbs-3.18-bioc-R41/R/site-library/S4Vectors/include' -I/usr/local/include   -fpic  -g -O2  -Wall -c inter_range_methods.c -o inter_range_methods.o
gcc -shared -L/home/hpages/bbs-3.18-bioc-R41/R/lib -L/usr/local/lib -o IRanges.so CompressedAtomicList_utils.o CompressedIRangesList_class.o CompressedList_class.o Grouping_class.o IPosRanges_comparison.o IRanges_class.o IRanges_constructor.o NCList.o R_init_IRanges.o Ranges_class.o RleViews_utils.o S4Vectors_stubs.o SimpleIRangesList_class.o coverage_methods.o extractListFragments.o inter_range_methods.o -L/home/hpages/bbs-3.18-bioc-R41/R/lib -lR
installing to /home/hpages/bbs-3.18-bioc-R41/R/site-library/00LOCK-IRanges/00new/IRanges/libs
** R
** inst
** byte-compile and prepare package for lazy loading
Creating a generic function for ‘drop’ from package ‘base’ in package ‘IRanges’
Creating a generic function for ‘runmed’ from package ‘stats’ in package ‘IRanges’
Creating a generic function for ‘chartr’ from package ‘base’ in package ‘IRanges’
Creating a generic function for ‘toupper’ from package ‘base’ in package ‘IRanges’
Creating a generic function for ‘tolower’ from package ‘base’ in package ‘IRanges’
Creating a generic function for ‘sub’ from package ‘base’ in package ‘IRanges’
Creating a generic function for ‘gsub’ from package ‘base’ in package ‘IRanges’
Creating a generic function for ‘startsWith’ from package ‘base’ in package ‘IRanges’
Creating a generic function for ‘endsWith’ from package ‘base’ in package ‘IRanges’
Creating a generic function for ‘smoothEnds’ from package ‘stats’ in package ‘IRanges’
** help
*** installing help indices
** building package indices
** installing vignettes
** testing if installed package can be loaded from temporary location
** checking absolute paths in shared objects and dynamic libraries
** testing if installed package can be loaded from final location
** testing if installed package keeps a record of temporary installation path
* DONE (IRanges)

Tests output

IRanges.Rcheck/tests/run_unitTests.Rout


R version 4.1.3 (2022-03-10) -- "One Push-Up"
Copyright (C) 2022 The R Foundation for Statistical Computing
Platform: x86_64-pc-linux-gnu (64-bit)

R is free software and comes with ABSOLUTELY NO WARRANTY.
You are welcome to redistribute it under certain conditions.
Type 'license()' or 'licence()' for distribution details.

R is a collaborative project with many contributors.
Type 'contributors()' for more information and
'citation()' on how to cite R or R packages in publications.

Type 'demo()' for some demos, 'help()' for on-line help, or
'help.start()' for an HTML browser interface to help.
Type 'q()' to quit R.

> require("IRanges") || stop("unable to load IRanges package")
Loading required package: IRanges
Loading required package: BiocGenerics

Attaching package: 'BiocGenerics'

The following objects are masked from 'package:stats':

    IQR, mad, sd, var, xtabs

The following objects are masked from 'package:base':

    Filter, Find, Map, Position, Reduce, anyDuplicated, aperm, append,
    as.data.frame, basename, cbind, colnames, dirname, do.call,
    duplicated, eval, evalq, get, grep, grepl, intersect, is.unsorted,
    lapply, mapply, match, mget, order, paste, pmax, pmax.int, pmin,
    pmin.int, rank, rbind, rownames, sapply, setdiff, sort, table,
    tapply, union, unique, unsplit, which.max, which.min

Loading required package: S4Vectors
Loading required package: stats4

Attaching package: 'S4Vectors'

The following objects are masked from 'package:base':

    I, expand.grid, unname

[1] TRUE
> IRanges:::.test()


RUNIT TEST PROTOCOL -- Fri Mar  8 16:13:12 2024 
*********************************************** 
Number of test functions: 98 
Number of errors: 0 
Number of failures: 0 

 
1 Test Suite : 
IRanges RUnit Tests - 98 test functions, 0 errors, 0 failures
Number of test functions: 98 
Number of errors: 0 
Number of failures: 0 
Warning messages:
1: In recycleListElements(e1, en) :
  Some element lengths are not multiples of their corresponding element length in e1
2: In x + y :
  longer object length is not a multiple of shorter object length
3: In recycleListElements(e1, en) :
  Some element lengths are not multiples of their corresponding element length in e1
4: In x + y :
  longer object length is not a multiple of shorter object length
> 
> proc.time()
   user  system elapsed 
 83.662   0.397  84.061 

Example timings

IRanges.Rcheck/IRanges-Ex.timings

nameusersystemelapsed
AtomicList-class0.1940.0010.195
AtomicList-utils0.0420.0000.043
CompressedList-class0.0270.0030.031
DataFrameList-class0.1070.0010.107
Grouping-class0.0350.0040.038
Hits-class-leftovers0.0620.0000.061
IPos-class8.8610.3289.189
IPosRanges-class0.0370.0040.041
IPosRanges-comparison0.0460.0000.046
IRanges-class3.6050.0243.629
IRanges-constructor0.0560.0000.055
IRanges-utils3.420.023.44
IRangesList-class0.0390.0000.039
IntegerRangesList-class0.0620.0000.062
MaskCollection-class0.0670.0000.066
NCList-class0.020.000.02
RangedSelection-class0.0170.0000.016
Rle-class-leftovers0.0040.0000.003
RleViews-class0.0380.0040.042
RleViewsList-class0.0430.0000.043
Views-class0.0350.0000.036
ViewsList-class0.0010.0000.001
coverage-methods0.1670.0110.179
extractList0.0590.0120.071
extractListFragments0.5740.0410.613
findOverlaps-methods0.2600.0080.268
inter-range-methods0.6070.0000.607
intra-range-methods0.4490.0000.448
multisplit0.0140.0000.014
nearest-methods0.1050.0000.105
range-squeezers000
read.Mask0.0250.0000.026
reverse-methods0.0460.0000.046
setops-methods0.1950.0000.194
slice-methods0.0110.0000.010
view-summarization-methods0.0140.0000.014