| Back to Using R 4.1.3 to BUILD/CHECK a small subset of 3.18 packages |
This page was generated on 2024-03-08 16:41:47 -0500 (Fri, 08 Mar 2024).
| Hostname | OS | Arch (*) | R version | Installed pkgs |
|---|---|---|---|---|
| nebbiolo2 | Linux (Ubuntu 22.04.3 LTS) | x86_64 | 4.1.3 (2022-03-10) -- "One Push-Up" | 655 |
| Click on any hostname to see more info about the system (e.g. compilers) (*) as reported by 'uname -p', except on Windows and Mac OS X | ||||
| Package 14/118 | Hostname | OS / Arch | INSTALL | BUILD | CHECK | BUILD BIN | |||||||
| Biobase 2.62.0 (landing page) Bioconductor Package Maintainer
| nebbiolo2 | Linux (Ubuntu 22.04.3 LTS) / x86_64 | OK | OK | WARNINGS | ||||||||
|
To the developers/maintainers of the Biobase package: - Use the following Renviron settings to reproduce errors and warnings. - If 'R CMD check' started to fail recently on the Linux builder(s) over a missing dependency, add the missing dependency to 'Suggests:' in your DESCRIPTION file. See Renviron.bioc for more information. |
| Package: Biobase |
| Version: 2.62.0 |
| Command: /home/hpages/bbs-3.18-bioc-R41/R/bin/R CMD check --install=check:Biobase.install-out.txt --library=/home/hpages/bbs-3.18-bioc-R41/R/site-library --timings Biobase_2.62.0.tar.gz |
| StartedAt: 2024-03-08 16:01:13 -0500 (Fri, 08 Mar 2024) |
| EndedAt: 2024-03-08 16:02:39 -0500 (Fri, 08 Mar 2024) |
| EllapsedTime: 86.2 seconds |
| RetCode: 0 |
| Status: WARNINGS |
| CheckDir: Biobase.Rcheck |
| Warnings: 1 |
##############################################################################
##############################################################################
###
### Running command:
###
### /home/hpages/bbs-3.18-bioc-R41/R/bin/R CMD check --install=check:Biobase.install-out.txt --library=/home/hpages/bbs-3.18-bioc-R41/R/site-library --timings Biobase_2.62.0.tar.gz
###
##############################################################################
##############################################################################
* using log directory ‘/home/hpages/bbs-3.18-bioc-R41/meat/Biobase.Rcheck’
* using R version 4.1.3 (2022-03-10)
* using platform: x86_64-pc-linux-gnu (64-bit)
* using session charset: UTF-8
* checking for file ‘Biobase/DESCRIPTION’ ... OK
* this is package ‘Biobase’ version ‘2.62.0’
* checking package namespace information ... OK
* checking package dependencies ... OK
* checking if this is a source package ... OK
* checking if there is a namespace ... OK
* checking for hidden files and directories ... OK
* checking for portable file names ... OK
* checking for sufficient/correct file permissions ... OK
* checking whether package ‘Biobase’ can be installed ... OK
* checking installed package size ... OK
* checking package directory ... OK
* checking ‘build’ directory ... OK
* checking DESCRIPTION meta-information ... OK
* checking top-level files ... OK
* checking for left-over files ... OK
* checking index information ... OK
* checking package subdirectories ... OK
* checking R files for non-ASCII characters ... OK
* checking R files for syntax errors ... OK
* checking whether the package can be loaded ... OK
* checking whether the package can be loaded with stated dependencies ... OK
* checking whether the package can be unloaded cleanly ... OK
* checking whether the namespace can be loaded with stated dependencies ... OK
* checking whether the namespace can be unloaded cleanly ... OK
* checking loading without being on the library search path ... OK
* checking dependencies in R code ... OK
* checking S3 generic/method consistency ... OK
* checking replacement functions ... OK
* checking foreign function calls ... OK
* checking R code for possible problems ... OK
* checking Rd files ... OK
* checking Rd metadata ... OK
* checking Rd cross-references ... OK
* checking for missing documentation entries ... OK
* checking for code/documentation mismatches ... OK
* checking Rd \usage sections ... OK
* checking Rd contents ... OK
* checking for unstated dependencies in examples ... OK
* checking contents of ‘data’ directory ... OK
* checking data for non-ASCII characters ... WARNING
Error loading dataset 'SW':
Error in .requirePackage(package) :
unable to find required package 'limma'
The dataset(s) may use package(s) not declared in Depends/Imports.
* checking data for ASCII and uncompressed saves ... OK
* checking line endings in C/C++/Fortran sources/headers ... OK
* checking compiled code ... NOTE
Note: information on .o files is not available
* checking files in ‘vignettes’ ... OK
* checking examples ... OK
* checking for unstated dependencies in ‘tests’ ... OK
* checking tests ...
Running ‘test-all.R’
Running ‘test-rowMedians.R’
OK
* checking for unstated dependencies in vignettes ... OK
* checking package vignettes in ‘inst/doc’ ... OK
* checking running R code from vignettes ...
‘BiobaseDevelopment.Rmd’ using ‘UTF-8’... OK
‘esApply.Rmd’ using ‘UTF-8’... OK
‘ExpressionSetIntroduction.Rnw’... OK
OK
* checking re-building of vignette outputs ... OK
* checking PDF version of manual ... OK
* DONE
Status: 1 WARNING, 1 NOTE
See
‘/home/hpages/bbs-3.18-bioc-R41/meat/Biobase.Rcheck/00check.log’
for details.
Biobase.Rcheck/00install.out
############################################################################## ############################################################################## ### ### Running command: ### ### /home/hpages/bbs-3.18-bioc-R41/R/bin/R CMD INSTALL Biobase ### ############################################################################## ############################################################################## * installing to library ‘/home/hpages/bbs-3.18-bioc-R41/R/site-library’ * installing *source* package ‘Biobase’ ... ** using staged installation ** libs gcc -I"/home/hpages/bbs-3.18-bioc-R41/R/include" -DNDEBUG -I/usr/local/include -fpic -g -O2 -Wall -c Rinit.c -o Rinit.o gcc -I"/home/hpages/bbs-3.18-bioc-R41/R/include" -DNDEBUG -I/usr/local/include -fpic -g -O2 -Wall -c anyMissing.c -o anyMissing.o gcc -I"/home/hpages/bbs-3.18-bioc-R41/R/include" -DNDEBUG -I/usr/local/include -fpic -g -O2 -Wall -c envir.c -o envir.o gcc -I"/home/hpages/bbs-3.18-bioc-R41/R/include" -DNDEBUG -I/usr/local/include -fpic -g -O2 -Wall -c matchpt.c -o matchpt.o gcc -I"/home/hpages/bbs-3.18-bioc-R41/R/include" -DNDEBUG -I/usr/local/include -fpic -g -O2 -Wall -c rowMedians.c -o rowMedians.o gcc -I"/home/hpages/bbs-3.18-bioc-R41/R/include" -DNDEBUG -I/usr/local/include -fpic -g -O2 -Wall -c sublist_extract.c -o sublist_extract.o gcc -shared -L/home/hpages/bbs-3.18-bioc-R41/R/lib -L/usr/local/lib -o Biobase.so Rinit.o anyMissing.o envir.o matchpt.o rowMedians.o sublist_extract.o -L/home/hpages/bbs-3.18-bioc-R41/R/lib -lR installing to /home/hpages/bbs-3.18-bioc-R41/R/site-library/00LOCK-Biobase/00new/Biobase/libs ** R ** data ** inst ** byte-compile and prepare package for lazy loading ** help *** installing help indices ** building package indices ** installing vignettes ** testing if installed package can be loaded from temporary location ** checking absolute paths in shared objects and dynamic libraries ** testing if installed package can be loaded from final location ** testing if installed package keeps a record of temporary installation path * DONE (Biobase)
Biobase.Rcheck/tests/test-all.Rout
R version 4.1.3 (2022-03-10) -- "One Push-Up"
Copyright (C) 2022 The R Foundation for Statistical Computing
Platform: x86_64-pc-linux-gnu (64-bit)
R is free software and comes with ABSOLUTELY NO WARRANTY.
You are welcome to redistribute it under certain conditions.
Type 'license()' or 'licence()' for distribution details.
R is a collaborative project with many contributors.
Type 'contributors()' for more information and
'citation()' on how to cite R or R packages in publications.
Type 'demo()' for some demos, 'help()' for on-line help, or
'help.start()' for an HTML browser interface to help.
Type 'q()' to quit R.
> BiocGenerics:::testPackage("Biobase")
Attaching package: 'BiocGenerics'
The following objects are masked from 'package:stats':
IQR, mad, sd, var, xtabs
The following objects are masked from 'package:base':
Filter, Find, Map, Position, Reduce, anyDuplicated, aperm, append,
as.data.frame, basename, cbind, colnames, dirname, do.call,
duplicated, eval, evalq, get, grep, grepl, intersect, is.unsorted,
lapply, mapply, match, mget, order, paste, pmax, pmax.int, pmin,
pmin.int, rank, rbind, rownames, sapply, setdiff, sort, table,
tapply, union, unique, unsplit, which.max, which.min
Welcome to Bioconductor
Vignettes contain introductory material; view with
'browseVignettes()'. To cite Bioconductor, see
'citation("Biobase")', and for packages 'citation("pkgname")'.
RUNIT TEST PROTOCOL -- Fri Mar 8 16:02:05 2024
***********************************************
Number of test functions: 101
Number of errors: 0
Number of failures: 0
1 Test Suite :
Biobase RUnit Tests - 101 test functions, 0 errors, 0 failures
Number of test functions: 101
Number of errors: 0
Number of failures: 0
>
> proc.time()
user system elapsed
10.306 0.087 10.385
Biobase.Rcheck/tests/test-rowMedians.Rout
R version 4.1.3 (2022-03-10) -- "One Push-Up"
Copyright (C) 2022 The R Foundation for Statistical Computing
Platform: x86_64-pc-linux-gnu (64-bit)
R is free software and comes with ABSOLUTELY NO WARRANTY.
You are welcome to redistribute it under certain conditions.
Type 'license()' or 'licence()' for distribution details.
R is a collaborative project with many contributors.
Type 'contributors()' for more information and
'citation()' on how to cite R or R packages in publications.
Type 'demo()' for some demos, 'help()' for on-line help, or
'help.start()' for an HTML browser interface to help.
Type 'q()' to quit R.
> library(Biobase)
Loading required package: BiocGenerics
Attaching package: 'BiocGenerics'
The following objects are masked from 'package:stats':
IQR, mad, sd, var, xtabs
The following objects are masked from 'package:base':
Filter, Find, Map, Position, Reduce, anyDuplicated, aperm, append,
as.data.frame, basename, cbind, colnames, dirname, do.call,
duplicated, eval, evalq, get, grep, grepl, intersect, is.unsorted,
lapply, mapply, match, mget, order, paste, pmax, pmax.int, pmin,
pmin.int, rank, rbind, rownames, sapply, setdiff, sort, table,
tapply, union, unique, unsplit, which.max, which.min
Welcome to Bioconductor
Vignettes contain introductory material; view with
'browseVignettes()'. To cite Bioconductor, see
'citation("Biobase")', and for packages 'citation("pkgname")'.
> set.seed(1)
>
> # - - - - - - - - - - - - - - - - - - - - - - - - - - - -
> # Consistency checks
> # - - - - - - - - - - - - - - - - - - - - - - - - - - - -
>
> # rowMedians() by rowQ()
> rowMedians2 <- function(imat) {
+ nr <- ncol(imat)
+ half <- (nr + 1)/2
+ if (nr%%2 == 1) {
+ return(rowQ(imat, half))
+ } else {
+ return((rowQ(imat, half) + rowQ(imat, half+1))/2)
+ }
+ }
>
> cat("Consistency checks:\n")
Consistency checks:
> set.seed(1)
> for (kk in 1:20) {
+ cat("Random test #", kk, "\n", sep="")
+
+ # Simulate data in a matrix of any shape
+ nrow <- sample(2000, size=1)
+ ncol <- sample(2000, size=1)
+ x <- rnorm(nrow*ncol)
+ dim(x) <- c(nrow, ncol)
+
+ # Add NAs?
+ nas <- sample(c(TRUE,FALSE), size=1)
+ if (nas) {
+ nna <- sample(nrow*ncol, size=1)
+ x[sample(length(x), size=nna)] <- NA
+ }
+
+ na.rm <- nas
+ t1 <- system.time({
+ y1 <- rowMedians(x, na.rm=na.rm)
+ })
+ t2 <- system.time({
+ y2 <- apply(x, MARGIN=1, FUN=median, na.rm=na.rm)
+ })
+ # When all values of 'y2' are NA, 'y2' is logical
+ if (is.logical(y2)) y2 <- as.double(y2)
+ stopifnot(all.equal(y1,y2))
+ cat(sprintf("rowMedians()/apply(): %.3g\n", (t1/t2)[3]))
+
+ if (!nas) {
+ t3 <- system.time({
+ y3 <- rowMedians2(x)
+ })
+ stopifnot(all.equal(y1,y3))
+ cat(sprintf("rowMedians()/rowMedians2(): %.3g\n", (t1/t3)[3]))
+ }
+ }
Random test #1
rowMedians()/apply(): 0.306
Random test #2
rowMedians()/apply(): 0.202
rowMedians()/rowMedians2(): 0.373
Random test #3
rowMedians()/apply(): 0.0833
Random test #4
rowMedians()/apply(): 0.247
rowMedians()/rowMedians2(): 0.364
Random test #5
rowMedians()/apply(): 0.306
rowMedians()/rowMedians2(): 0.407
Random test #6
rowMedians()/apply(): 0.311
rowMedians()/rowMedians2(): 0.35
Random test #7
rowMedians()/apply(): 0.368
Random test #8
rowMedians()/apply(): 0
rowMedians()/rowMedians2(): NaN
Random test #9
rowMedians()/apply(): 0.286
Random test #10
rowMedians()/apply(): 0.0875
Random test #11
rowMedians()/apply(): 0.235
Random test #12
rowMedians()/apply(): 0.0984
Random test #13
rowMedians()/apply(): 0.273
rowMedians()/rowMedians2(): 0.6
Random test #14
rowMedians()/apply(): 0.248
Random test #15
rowMedians()/apply(): 0.287
Random test #16
rowMedians()/apply(): 0.198
rowMedians()/rowMedians2(): 0.356
Random test #17
rowMedians()/apply(): 0.25
Random test #18
rowMedians()/apply(): 0.16
rowMedians()/rowMedians2(): 0.706
Random test #19
rowMedians()/apply(): 0.381
rowMedians()/rowMedians2(): 0.787
Random test #20
rowMedians()/apply(): 0.3
rowMedians()/rowMedians2(): 0.38
>
>
> # - - - - - - - - - - - - - - - - - - - - - - - - - - - -
> # Benchmarking
> # - - - - - - - - - - - - - - - - - - - - - - - - - - - -
> cat("Benchmarking:\n")
Benchmarking:
>
> # Simulate data in a matrix of any shape
> nrow <- 1000
> ncol <- 1000
> x <- rnorm(nrow*ncol)
> dim(x) <- c(nrow, ncol)
>
> gc()
used (Mb) gc trigger (Mb) max used (Mb)
Ncells 567412 30.4 1286990 68.8 1022285 54.6
Vcells 2022693 15.5 12255594 93.6 12254767 93.5
> t0 <- system.time({
+ for (rr in 1:20)
+ y0 <- apply(x, MARGIN=1, FUN=median, na.rm=FALSE)
+ })
> gc()
used (Mb) gc trigger (Mb) max used (Mb)
Ncells 567428 30.4 1286990 68.8 1180708 63.1
Vcells 2023710 15.5 12255594 93.6 12255373 93.6
> t1 <- system.time({
+ for (rr in 1:20)
+ y1 <- rowMedians(x, na.rm=FALSE)
+ })
> gc()
used (Mb) gc trigger (Mb) max used (Mb)
Ncells 567428 30.4 1286990 68.8 1180708 63.1
Vcells 2022835 15.5 12255594 93.6 12255373 93.6
> stopifnot(all.equal(y0,y1))
> cat(sprintf("rowMedians()/apply(): %.3g\n", (t1/t0)[3]))
rowMedians()/apply(): 0.28
>
>
> # - - - - - - - - - - - - - - - - - - - - - - - - - - - -
> # Consistency checks
> # - - - - - - - - - - - - - - - - - - - - - - - - - - - -
> cat("Consistency checks without NAs:\n")
Consistency checks without NAs:
> for (kk in 1:20) {
+ cat("Random test #", kk, "\n", sep="")
+
+ # Simulate data in a matrix of any shape
+ nrow <- sample(1000, size=1)
+ ncol <- sample(1000, size=1)
+ x <- rnorm(nrow*ncol)
+ dim(x) <- c(nrow, ncol)
+
+ t0 <- system.time({
+ y0 <- apply(x, MARGIN=1, FUN=median, na.rm=FALSE)
+ })
+ t1 <- system.time({
+ y1 <- rowMedians(x, na.rm=FALSE)
+ })
+ stopifnot(all.equal(y0,y1))
+ } # for (kk in ...)
Random test #1
Random test #2
Random test #3
Random test #4
Random test #5
Random test #6
Random test #7
Random test #8
Random test #9
Random test #10
Random test #11
Random test #12
Random test #13
Random test #14
Random test #15
Random test #16
Random test #17
Random test #18
Random test #19
Random test #20
>
>
>
> cat("Consistency checks with NAs:\n")
Consistency checks with NAs:
> for (kk in 1:20) {
+ cat("Random test #", kk, "\n", sep="")
+
+ # Simulate data in a matrix of any shape
+ nrow <- sample(1000, size=1)
+ ncol <- sample(1000, size=1)
+ x <- rnorm(nrow*ncol)
+ dim(x) <- c(nrow, ncol)
+
+ # Add NAs
+ nna <- sample(nrow*ncol-1, size=1)
+ x[sample(length(x), size=nna)] <- NA
+
+ t0 <- system.time({
+ y0 <- apply(x, MARGIN=1, FUN=median, na.rm=TRUE)
+ y0[is.na(y0)] <- NA
+ })
+ t1 <- system.time({
+ y1 <- rowMedians(x, na.rm=TRUE)
+ })
+ stopifnot(all.equal(y0,y1))
+ } # for (kk in ...)
Random test #1
Random test #2
Random test #3
Random test #4
Random test #5
Random test #6
Random test #7
Random test #8
Random test #9
Random test #10
Random test #11
Random test #12
Random test #13
Random test #14
Random test #15
Random test #16
Random test #17
Random test #18
Random test #19
Random test #20
>
> proc.time()
user system elapsed
19.165 0.205 19.359
Biobase.Rcheck/Biobase-Ex.timings
| name | user | system | elapsed | |
| Aggregate | 0.006 | 0.000 | 0.005 | |
| ScalarObject-class | 0.066 | 0.000 | 0.066 | |
| addVig2Menu | 0 | 0 | 0 | |
| anyMissing | 0.002 | 0.000 | 0.002 | |
| cache | 0.002 | 0.000 | 0.003 | |
| channel | 0.131 | 0.028 | 0.159 | |
| channelNames | 0.039 | 0.000 | 0.039 | |
| class.AnnotatedDataFrame | 0.021 | 0.000 | 0.021 | |
| class.ExpressionSet | 0.158 | 0.000 | 0.157 | |
| class.MIAxE | 0.017 | 0.000 | 0.016 | |
| class.MultiSet | 0.022 | 0.000 | 0.021 | |
| class.NChannelSet | 0.124 | 0.004 | 0.128 | |
| class.Versioned | 0.047 | 0.000 | 0.047 | |
| class.VersionedBiobase | 0.018 | 0.000 | 0.018 | |
| class.Versions | 0.009 | 0.000 | 0.009 | |
| class.VersionsNull | 0.001 | 0.000 | 0.001 | |
| class.container | 0.002 | 0.000 | 0.002 | |
| class.eSet | 0.062 | 0.000 | 0.061 | |
| classVersion | 0.003 | 0.000 | 0.003 | |
| contents | 0.000 | 0.000 | 0.001 | |
| copyEnv | 0 | 0 | 0 | |
| copySubstitute | 0.007 | 0.000 | 0.007 | |
| createPackage | 0.005 | 0.000 | 0.005 | |
| data.aaMap | 0.002 | 0.000 | 0.001 | |
| data.geneData | 0.036 | 0.000 | 0.036 | |
| data.reporter | 0.000 | 0.001 | 0.002 | |
| data.sample.ExpressionSet | 0.016 | 0.002 | 0.017 | |
| data.sample.MultiSet | 0.007 | 0.000 | 0.006 | |
| dumpPackTxt | 0.002 | 0.000 | 0.003 | |
| esApply | 0.976 | 0.004 | 0.980 | |
| getPkgVigs | 0.007 | 0.000 | 0.007 | |
| isCurrent | 0.024 | 0.000 | 0.023 | |
| isUnique | 0 | 0 | 0 | |
| isVersioned | 0.026 | 0.000 | 0.025 | |
| lcSuffix | 0.001 | 0.000 | 0.001 | |
| listLen | 0.000 | 0.000 | 0.001 | |
| makeDataPackage | 0.053 | 0.008 | 0.061 | |
| matchpt | 0.006 | 0.000 | 0.005 | |
| multiassign | 0.001 | 0.000 | 0.001 | |
| note | 0.000 | 0.000 | 0.001 | |
| openPDF | 0 | 0 | 0 | |
| openVignette | 0 | 0 | 0 | |
| package.version | 0.001 | 0.000 | 0.001 | |
| read.AnnotatedDataFrame | 0.016 | 0.000 | 0.017 | |
| read.MIAME | 0.002 | 0.000 | 0.002 | |
| readExpressionSet | 0.068 | 0.000 | 0.068 | |
| reverseSplit | 0.001 | 0.000 | 0.001 | |
| rowMedians | 0.035 | 0.004 | 0.039 | |
| rowQ | 0.014 | 0.002 | 0.016 | |
| selectChannels | 0.033 | 0.002 | 0.035 | |
| selectSome | 0 | 0 | 0 | |
| strbreak | 0.001 | 0.000 | 0.001 | |
| subListExtract | 0.650 | 0.007 | 0.658 | |
| testBioCConnection | 0.178 | 0.004 | 0.603 | |
| updateOldESet | 0 | 0 | 0 | |
| validMsg | 0.000 | 0.000 | 0.001 | |