| Back to Using R 4.1.3 to BUILD/CHECK a small subset of 3.18 packages |
This page was generated on 2024-03-08 16:41:48 -0500 (Fri, 08 Mar 2024).
| Hostname | OS | Arch (*) | R version | Installed pkgs |
|---|---|---|---|---|
| nebbiolo2 | Linux (Ubuntu 22.04.3 LTS) | x86_64 | 4.1.3 (2022-03-10) -- "One Push-Up" | 655 |
| Click on any hostname to see more info about the system (e.g. compilers) (*) as reported by 'uname -p', except on Windows and Mac OS X | ||||
| Package 30/118 | Hostname | OS / Arch | INSTALL | BUILD | CHECK | BUILD BIN | |||||||
| BSgenomeForge 1.2.2 (landing page) Hervé Pagès
| nebbiolo2 | Linux (Ubuntu 22.04.3 LTS) / x86_64 | OK | ERROR | skipped | ||||||||
|
To the developers/maintainers of the BSgenomeForge package: - Use the following Renviron settings to reproduce errors and warnings. - If 'R CMD check' started to fail recently on the Linux builder(s) over a missing dependency, add the missing dependency to 'Suggests:' in your DESCRIPTION file. See Renviron.bioc for more information. |
| Package: BSgenomeForge |
| Version: 1.2.2 |
| Command: /home/hpages/bbs-3.18-bioc-R41/R/bin/R CMD build --keep-empty-dirs --no-resave-data BSgenomeForge |
| StartedAt: 2024-03-08 15:42:38 -0500 (Fri, 08 Mar 2024) |
| EndedAt: 2024-03-08 15:43:16 -0500 (Fri, 08 Mar 2024) |
| EllapsedTime: 38.3 seconds |
| RetCode: 1 |
| Status: ERROR |
| PackageFile: None |
| PackageFileSize: NA |
############################################################################## ############################################################################## ### ### Running command: ### ### /home/hpages/bbs-3.18-bioc-R41/R/bin/R CMD build --keep-empty-dirs --no-resave-data BSgenomeForge ### ############################################################################## ############################################################################## * checking for file ‘BSgenomeForge/DESCRIPTION’ ... OK * preparing ‘BSgenomeForge’: * checking DESCRIPTION meta-information ... OK * installing the package to build vignettes * creating vignettes ... ERROR --- re-building ‘UsingBSgenomeForge.Rmd’ using rmarkdown Error: processing vignette 'UsingBSgenomeForge.Rmd' failed with diagnostics: Scanner error: mapping values are not allowed in this context at line 13, column 18 --- failed re-building ‘UsingBSgenomeForge.Rmd’ SUMMARY: processing the following file failed: ‘UsingBSgenomeForge.Rmd’ Error: Vignette re-building failed. Execution halted