| Back to Long Tests report for BioC 3.18 |
This page was generated on 2024-04-13 23:55:02 -0400 (Sat, 13 Apr 2024).
| Hostname | OS | Arch (*) | R version | Installed pkgs |
|---|---|---|---|---|
| nebbiolo2 | Linux (Ubuntu 22.04.3 LTS) | x86_64 | 4.3.3 (2024-02-29) -- "Angel Food Cake" | 4675 |
| palomino4 | Windows Server 2022 Datacenter | x64 | 4.3.3 (2024-02-29 ucrt) -- "Angel Food Cake" | 4413 |
| merida1 | macOS 12.7.1 Monterey | x86_64 | 4.3.3 (2024-02-29) -- "Angel Food Cake" | 4436 |
| Click on any hostname to see more info about the system (e.g. compilers) (*) as reported by 'uname -p', except on Windows and Mac OS X | ||||
| Package 11/30 | Hostname | OS / Arch | CHECK | |||||||
Pierrick Roger
| nebbiolo2 | Linux (Ubuntu 22.04.3 LTS) / x86_64 | ERROR | |||||||
| palomino4 | Windows Server 2022 Datacenter / x64 | ERROR | ||||||||
| merida1 | macOS 12.7.1 Monterey / x86_64 | ERROR | ||||||||
|
To the developers/maintainers of the biodbMirbase package: - Use the following Renviron settings to reproduce errors and warnings. - If 'R CMD check' started to fail recently on the Linux builder(s) over a missing dependency, add the missing dependency to 'Suggests:' in your DESCRIPTION file. See Renviron.bioc for more information. |
| Package: biodbMirbase |
| Version: 1.6.0 |
| Command: /home/biocbuild/bbs-3.18-bioc/R/bin/R CMD check --test-dir=longtests --no-stop-on-test-error --no-codoc --no-examples --no-manual --ignore-vignettes --check-subdirs=no biodbMirbase_1.6.0.tar.gz |
| StartedAt: 2024-04-13 16:06:40 -0400 (Sat, 13 Apr 2024) |
| EndedAt: 2024-04-13 16:06:45 -0400 (Sat, 13 Apr 2024) |
| EllapsedTime: 5.0 seconds |
| RetCode: 1 |
| Status: ERROR |
| CheckDir: biodbMirbase.Rcheck |
| Warnings: NA |
##############################################################################
##############################################################################
###
### Running command:
###
### /home/biocbuild/bbs-3.18-bioc/R/bin/R CMD check --test-dir=longtests --no-stop-on-test-error --no-codoc --no-examples --no-manual --ignore-vignettes --check-subdirs=no biodbMirbase_1.6.0.tar.gz
###
##############################################################################
##############################################################################
* using log directory ‘/home/biocbuild/bbs-3.18-bioc-longtests/meat/biodbMirbase.Rcheck’
* using R version 4.3.3 (2024-02-29)
* using platform: x86_64-pc-linux-gnu (64-bit)
* R was compiled by
gcc (Ubuntu 11.4.0-1ubuntu1~22.04) 11.4.0
GNU Fortran (Ubuntu 11.4.0-1ubuntu1~22.04) 11.4.0
* running under: Ubuntu 22.04.4 LTS
* using session charset: UTF-8
* using options ‘--no-codoc --no-examples --no-manual --ignore-vignettes --no-stop-on-test-error’
* checking for file ‘biodbMirbase/DESCRIPTION’ ... OK
* this is package ‘biodbMirbase’ version ‘1.6.0’
* package encoding: UTF-8
* checking package namespace information ... OK
* checking package dependencies ... OK
* checking if this is a source package ... OK
* checking if there is a namespace ... OK
* checking for hidden files and directories ... OK
* checking for portable file names ... OK
* checking for sufficient/correct file permissions ... OK
* checking whether package ‘biodbMirbase’ can be installed ... ERROR
Installation failed.
See ‘/home/biocbuild/bbs-3.18-bioc-longtests/meat/biodbMirbase.Rcheck/00install.out’ for details.
* DONE
Status: 1 ERROR
See
‘/home/biocbuild/bbs-3.18-bioc-longtests/meat/biodbMirbase.Rcheck/00check.log’
for details.
biodbMirbase.Rcheck/00install.out
* installing *source* package ‘biodbMirbase’ ...
** using staged installation
** R
Error in .install_package_code_files(".", instdir) :
files in 'Collate' field missing from '/home/biocbuild/bbs-3.18-bioc-longtests/meat/biodbMirbase.Rcheck/00_pkg_src/biodbMirbase/R':
zzz.R
ERROR: unable to collate and parse R files for package ‘biodbMirbase’
* removing ‘/home/biocbuild/bbs-3.18-bioc-longtests/meat/biodbMirbase.Rcheck/biodbMirbase’