| Back to Long Tests report for BioC 3.18 |
This page was generated on 2024-03-02 23:55:03 -0500 (Sat, 02 Mar 2024).
| Hostname | OS | Arch (*) | R version | Installed pkgs |
|---|---|---|---|---|
| nebbiolo2 | Linux (Ubuntu 22.04.3 LTS) | x86_64 | 4.3.2 Patched (2023-11-13 r85521) -- "Eye Holes" | 4692 |
| palomino4 | Windows Server 2022 Datacenter | x64 | 4.3.2 (2023-10-31 ucrt) -- "Eye Holes" | 4445 |
| lconway | macOS 12.7.1 Monterey | x86_64 | 4.3.2 Patched (2023-11-01 r85457) -- "Eye Holes" | 4466 |
| Click on any hostname to see more info about the system (e.g. compilers) (*) as reported by 'uname -p', except on Windows and Mac OS X | ||||
| Package 11/30 | Hostname | OS / Arch | CHECK | |||||||
Pierrick Roger
| nebbiolo2 | Linux (Ubuntu 22.04.3 LTS) / x86_64 | ERROR | |||||||
| palomino4 | Windows Server 2022 Datacenter / x64 | ERROR | ||||||||
| lconway | macOS 12.7.1 Monterey / x86_64 | ERROR | ||||||||
|
To the developers/maintainers of the biodbMirbase package: - Use the following Renviron settings to reproduce errors and warnings. - If 'R CMD check' started to fail recently on the Linux builder(s) over a missing dependency, add the missing dependency to 'Suggests:' in your DESCRIPTION file. See Renviron.bioc for more information. |
| Package: biodbMirbase |
| Version: 1.6.0 |
| Command: /Library/Frameworks/R.framework/Resources/bin/R CMD check --test-dir=longtests --no-stop-on-test-error --no-codoc --no-examples --no-manual --ignore-vignettes --check-subdirs=no biodbMirbase_1.6.0.tar.gz |
| StartedAt: 2024-03-02 15:00:50 -0500 (Sat, 02 Mar 2024) |
| EndedAt: 2024-03-02 15:00:57 -0500 (Sat, 02 Mar 2024) |
| EllapsedTime: 6.8 seconds |
| RetCode: 1 |
| Status: ERROR |
| CheckDir: biodbMirbase.Rcheck |
| Warnings: NA |
##############################################################################
##############################################################################
###
### Running command:
###
### /Library/Frameworks/R.framework/Resources/bin/R CMD check --test-dir=longtests --no-stop-on-test-error --no-codoc --no-examples --no-manual --ignore-vignettes --check-subdirs=no biodbMirbase_1.6.0.tar.gz
###
##############################################################################
##############################################################################
* using log directory ‘/Users/biocbuild/bbs-3.18-bioc-longtests/meat/biodbMirbase.Rcheck’
* using R version 4.3.2 Patched (2023-11-01 r85457)
* using platform: x86_64-apple-darwin20 (64-bit)
* R was compiled by
Apple clang version 14.0.3 (clang-1403.0.22.14.1)
GNU Fortran (GCC) 12.2.0
* running under: macOS Monterey 12.7.1
* using session charset: UTF-8
* using options ‘--no-codoc --no-examples --no-manual --ignore-vignettes --no-stop-on-test-error’
* checking for file ‘biodbMirbase/DESCRIPTION’ ... OK
* this is package ‘biodbMirbase’ version ‘1.6.0’
* package encoding: UTF-8
* checking package namespace information ... OK
* checking package dependencies ... OK
* checking if this is a source package ... OK
* checking if there is a namespace ... OK
* checking for hidden files and directories ... OK
* checking for portable file names ... OK
* checking for sufficient/correct file permissions ... OK
* checking whether package ‘biodbMirbase’ can be installed ... ERROR
Installation failed.
See ‘/Users/biocbuild/bbs-3.18-bioc-longtests/meat/biodbMirbase.Rcheck/00install.out’ for details.
* DONE
Status: 1 ERROR
See
‘/Users/biocbuild/bbs-3.18-bioc-longtests/meat/biodbMirbase.Rcheck/00check.log’
for details.
biodbMirbase.Rcheck/00install.out
* installing *source* package ‘biodbMirbase’ ...
** using staged installation
** R
Error in .install_package_code_files(".", instdir) :
files in 'Collate' field missing from '/Users/biocbuild/bbs-3.18-bioc-longtests/meat/biodbMirbase.Rcheck/00_pkg_src/biodbMirbase/R':
zzz.R
ERROR: unable to collate and parse R files for package ‘biodbMirbase’
* removing ‘/Users/biocbuild/bbs-3.18-bioc-longtests/meat/biodbMirbase.Rcheck/biodbMirbase’