Back to Multiple platform build/check report for BioC 3.18: simplified long |
|
This page was generated on 2024-03-04 11:37:41 -0500 (Mon, 04 Mar 2024).
Hostname | OS | Arch (*) | R version | Installed pkgs |
---|---|---|---|---|
nebbiolo2 | Linux (Ubuntu 22.04.3 LTS) | x86_64 | 4.3.2 Patched (2023-11-13 r85521) -- "Eye Holes" | 4692 |
palomino4 | Windows Server 2022 Datacenter | x64 | 4.3.2 (2023-10-31 ucrt) -- "Eye Holes" | 4445 |
lconway | macOS 12.7.1 Monterey | x86_64 | 4.3.2 Patched (2023-11-01 r85457) -- "Eye Holes" | 4466 |
Click on any hostname to see more info about the system (e.g. compilers) (*) as reported by 'uname -p', except on Windows and Mac OS X |
Package 1566/2266 | Hostname | OS / Arch | INSTALL | BUILD | CHECK | BUILD BIN | ||||||||
plyranges 1.22.0 (landing page) Stuart Lee
| nebbiolo2 | Linux (Ubuntu 22.04.3 LTS) / x86_64 | OK | OK | WARNINGS | |||||||||
palomino4 | Windows Server 2022 Datacenter / x64 | OK | OK | WARNINGS | OK | |||||||||
lconway | macOS 12.7.1 Monterey / x86_64 | OK | OK | WARNINGS | OK | |||||||||
kjohnson1 | macOS 13.6.1 Ventura / arm64 | see weekly results here | ||||||||||||
To the developers/maintainers of the plyranges package: - Allow up to 24 hours (and sometimes 48 hours) for your latest push to git@git.bioconductor.org:packages/plyranges.git to reflect on this report. See Troubleshooting Build Report for more information. - Use the following Renviron settings to reproduce errors and warnings. - If 'R CMD check' started to fail recently on the Linux builder(s) over a missing dependency, add the missing dependency to 'Suggests:' in your DESCRIPTION file. See Renviron.bioc for more information. |
Package: plyranges |
Version: 1.22.0 |
Command: /Library/Frameworks/R.framework/Resources/bin/R CMD check --install=check:plyranges.install-out.txt --library=/Library/Frameworks/R.framework/Resources/library --no-vignettes --timings plyranges_1.22.0.tar.gz |
StartedAt: 2024-03-03 22:35:52 -0500 (Sun, 03 Mar 2024) |
EndedAt: 2024-03-03 22:41:26 -0500 (Sun, 03 Mar 2024) |
EllapsedTime: 333.7 seconds |
RetCode: 0 |
Status: WARNINGS |
CheckDir: plyranges.Rcheck |
Warnings: 2 |
############################################################################## ############################################################################## ### ### Running command: ### ### /Library/Frameworks/R.framework/Resources/bin/R CMD check --install=check:plyranges.install-out.txt --library=/Library/Frameworks/R.framework/Resources/library --no-vignettes --timings plyranges_1.22.0.tar.gz ### ############################################################################## ############################################################################## * using log directory ‘/Users/biocbuild/bbs-3.18-bioc/meat/plyranges.Rcheck’ * using R version 4.3.2 Patched (2023-11-01 r85457) * using platform: x86_64-apple-darwin20 (64-bit) * R was compiled by Apple clang version 14.0.3 (clang-1403.0.22.14.1) GNU Fortran (GCC) 12.2.0 * running under: macOS Monterey 12.7.1 * using session charset: UTF-8 * using option ‘--no-vignettes’ * checking for file ‘plyranges/DESCRIPTION’ ... OK * checking extension type ... Package * this is package ‘plyranges’ version ‘1.22.0’ * package encoding: UTF-8 * checking package namespace information ... OK * checking package dependencies ... OK * checking if this is a source package ... OK * checking if there is a namespace ... OK * checking for hidden files and directories ... OK * checking for portable file names ... OK * checking for sufficient/correct file permissions ... OK * checking whether package ‘plyranges’ can be installed ... OK * checking installed package size ... OK * checking package directory ... OK * checking ‘build’ directory ... OK * checking DESCRIPTION meta-information ... OK * checking top-level files ... OK * checking for left-over files ... OK * checking index information ... OK * checking package subdirectories ... OK * checking R files for non-ASCII characters ... OK * checking R files for syntax errors ... OK * checking whether the package can be loaded ... OK * checking whether the package can be loaded with stated dependencies ... OK * checking whether the package can be unloaded cleanly ... OK * checking whether the namespace can be loaded with stated dependencies ... OK * checking whether the namespace can be unloaded cleanly ... OK * checking dependencies in R code ... OK * checking S3 generic/method consistency ... WARNING group_split: function(.tbl, ..., .keep) group_split.GroupedGenomicRanges: function(.data, ..., keep) group_split: function(.tbl, ..., .keep) group_split.GroupedIntegerRanges: function(.data, ..., keep) group_split: function(.tbl, ..., .keep) group_split.Ranges: function(.data, ..., keep) group_keys: function(.tbl, ...) group_keys.Ranges: function(.data, ...) group_keys: function(.tbl, ...) group_keys.GroupedGenomicRanges: function(.data, ...) group_keys: function(.tbl, ...) group_keys.GroupedIntegerRanges: function(.data, ...) See section ‘Generic functions and methods’ in the ‘Writing R Extensions’ manual. * checking replacement functions ... OK * checking foreign function calls ... OK * checking R code for possible problems ... OK * checking Rd files ... OK * checking Rd metadata ... OK * checking Rd cross-references ... WARNING Missing link or links in documentation object 'ranges-info.Rd': ‘[GenomeInfoDb:fetchExtendedChromInfoFromUCSC]{GenomeInfoDb::fetchExtendedChromInfoFromUCSC()}’ See section 'Cross-references' in the 'Writing R Extensions' manual. * checking for missing documentation entries ... OK * checking for code/documentation mismatches ... OK * checking Rd \usage sections ... OK * checking Rd contents ... OK * checking for unstated dependencies in examples ... OK * checking files in ‘vignettes’ ... OK * checking examples ... OK * checking for unstated dependencies in ‘tests’ ... OK * checking tests ... Running ‘testthat.R’ OK * checking for unstated dependencies in vignettes ... OK * checking package vignettes in ‘inst/doc’ ... OK * checking running R code from vignettes ... SKIPPED * checking re-building of vignette outputs ... SKIPPED * checking PDF version of manual ... OK * DONE Status: 2 WARNINGs See ‘/Users/biocbuild/bbs-3.18-bioc/meat/plyranges.Rcheck/00check.log’ for details.
plyranges.Rcheck/00install.out
############################################################################## ############################################################################## ### ### Running command: ### ### /Library/Frameworks/R.framework/Resources/bin/R CMD INSTALL plyranges ### ############################################################################## ############################################################################## * installing to library ‘/Library/Frameworks/R.framework/Versions/4.3-x86_64/Resources/library’ * installing *source* package ‘plyranges’ ... ** using staged installation ** R ** inst ** byte-compile and prepare package for lazy loading ** help *** installing help indices *** copying figures ** building package indices ** installing vignettes ** testing if installed package can be loaded from temporary location ** testing if installed package can be loaded from final location ** testing if installed package keeps a record of temporary installation path * DONE (plyranges)
plyranges.Rcheck/tests/testthat.Rout
R version 4.3.2 Patched (2023-11-01 r85457) -- "Eye Holes" Copyright (C) 2023 The R Foundation for Statistical Computing Platform: x86_64-apple-darwin20 (64-bit) R is free software and comes with ABSOLUTELY NO WARRANTY. You are welcome to redistribute it under certain conditions. Type 'license()' or 'licence()' for distribution details. R is a collaborative project with many contributors. Type 'contributors()' for more information and 'citation()' on how to cite R or R packages in publications. Type 'demo()' for some demos, 'help()' for on-line help, or 'help.start()' for an HTML browser interface to help. Type 'q()' to quit R. > library(testthat) > library(plyranges) Loading required package: BiocGenerics Attaching package: 'BiocGenerics' The following objects are masked from 'package:stats': IQR, mad, sd, var, xtabs The following objects are masked from 'package:base': Filter, Find, Map, Position, Reduce, anyDuplicated, aperm, append, as.data.frame, basename, cbind, colnames, dirname, do.call, duplicated, eval, evalq, get, grep, grepl, intersect, is.unsorted, lapply, mapply, match, mget, order, paste, pmax, pmax.int, pmin, pmin.int, rank, rbind, rownames, sapply, setdiff, sort, table, tapply, union, unique, unsplit, which.max, which.min Loading required package: IRanges Loading required package: S4Vectors Loading required package: stats4 Attaching package: 'S4Vectors' The following object is masked from 'package:utils': findMatches The following objects are masked from 'package:base': I, expand.grid, unname Loading required package: GenomicRanges Loading required package: GenomeInfoDb Attaching package: 'plyranges' The following object is masked from 'package:IRanges': slice The following object is masked from 'package:stats': filter > > test_check("plyranges") [ FAIL 0 | WARN 8 | SKIP 0 | PASS 390 ] [ FAIL 0 | WARN 8 | SKIP 0 | PASS 390 ] > > proc.time() user system elapsed 54.296 2.571 57.363
plyranges.Rcheck/plyranges-Ex.timings
name | user | system | elapsed | |
add-nearest-distance | 0.430 | 0.019 | 0.452 | |
as_ranges | 0.110 | 0.011 | 0.122 | |
compute_coverage | 0.015 | 0.003 | 0.018 | |
element-setops | 0.123 | 0.015 | 0.140 | |
filter-ranges | 0.758 | 0.018 | 0.781 | |
group_by-ranges | 0.379 | 0.027 | 0.412 | |
io-bam-read | 1.461 | 0.071 | 1.548 | |
io-bed-read | 2.798 | 0.914 | 3.751 | |
io-bed-write | 0.000 | 0.000 | 0.001 | |
io-bigwig-read | 0.111 | 0.010 | 0.121 | |
io-bigwig-write | 0.000 | 0.000 | 0.001 | |
io-gff-read | 0.522 | 0.026 | 0.554 | |
io-gff-write | 0 | 0 | 0 | |
io-wig-read | 0.422 | 0.019 | 0.446 | |
mutate-ranges | 0.881 | 0.028 | 0.917 | |
n | 0.236 | 0.002 | 0.240 | |
n_distinct | 0.033 | 0.000 | 0.034 | |
overlap-joins | 0.226 | 0.005 | 0.233 | |
ranges-anchor | 0.118 | 0.003 | 0.122 | |
ranges-arrange | 0.054 | 0.001 | 0.056 | |
ranges-bind | 0.191 | 0.003 | 0.196 | |
ranges-chop | 0.361 | 0.009 | 0.372 | |
ranges-construct | 0.116 | 0.003 | 0.120 | |
ranges-count-overlaps | 0.063 | 0.001 | 0.064 | |
ranges-disjoin | 0.802 | 0.007 | 0.813 | |
ranges-expand | 0.570 | 0.008 | 0.584 | |
ranges-filter-overlaps | 0.081 | 0.001 | 0.084 | |
ranges-flank | 0.090 | 0.001 | 0.091 | |
ranges-follow | 0.178 | 0.002 | 0.182 | |
ranges-info | 0.052 | 0.001 | 0.054 | |
ranges-interweave | 0.159 | 0.001 | 0.161 | |
ranges-names | 0.124 | 0.001 | 0.125 | |
ranges-nearest | 0.537 | 0.011 | 0.552 | |
ranges-overlaps-self | 0.152 | 0.003 | 0.156 | |
ranges-overlaps | 0.182 | 0.004 | 0.186 | |
ranges-pairs | 0.438 | 0.018 | 0.458 | |
ranges-precede | 0.170 | 0.003 | 0.173 | |
ranges-reduce | 0.918 | 0.012 | 0.937 | |
ranges-select | 0.115 | 0.003 | 0.119 | |
ranges-setops | 0.935 | 0.011 | 0.953 | |
ranges-shift | 0.206 | 0.004 | 0.211 | |
ranges-summarise | 0.169 | 0.002 | 0.173 | |
ranges-tile | 0.091 | 0.002 | 0.093 | |
slice-ranges | 0.685 | 0.009 | 0.698 | |
stretch | 0.274 | 0.005 | 0.280 | |