Back to Multiple platform build/check report for BioC 3.18: simplified long |
|
This page was generated on 2024-04-17 11:36:14 -0400 (Wed, 17 Apr 2024).
Hostname | OS | Arch (*) | R version | Installed pkgs |
---|---|---|---|---|
nebbiolo2 | Linux (Ubuntu 22.04.3 LTS) | x86_64 | 4.3.3 (2024-02-29) -- "Angel Food Cake" | 4676 |
palomino4 | Windows Server 2022 Datacenter | x64 | 4.3.3 (2024-02-29 ucrt) -- "Angel Food Cake" | 4414 |
merida1 | macOS 12.7.1 Monterey | x86_64 | 4.3.3 (2024-02-29) -- "Angel Food Cake" | 4437 |
Click on any hostname to see more info about the system (e.g. compilers) (*) as reported by 'uname -p', except on Windows and Mac OS X |
Package 1566/2266 | Hostname | OS / Arch | INSTALL | BUILD | CHECK | BUILD BIN | ||||||||
plyranges 1.22.0 (landing page) Stuart Lee
| nebbiolo2 | Linux (Ubuntu 22.04.3 LTS) / x86_64 | OK | OK | WARNINGS | ![]() | ||||||||
palomino4 | Windows Server 2022 Datacenter / x64 | OK | OK | WARNINGS | OK | ![]() | ||||||||
merida1 | macOS 12.7.1 Monterey / x86_64 | OK | OK | WARNINGS | OK | ![]() | ||||||||
kjohnson1 | macOS 13.6.1 Ventura / arm64 | see weekly results here | ||||||||||||
To the developers/maintainers of the plyranges package: - Allow up to 24 hours (and sometimes 48 hours) for your latest push to git@git.bioconductor.org:packages/plyranges.git to reflect on this report. See Troubleshooting Build Report for more information. - Use the following Renviron settings to reproduce errors and warnings. - If 'R CMD check' started to fail recently on the Linux builder(s) over a missing dependency, add the missing dependency to 'Suggests:' in your DESCRIPTION file. See Renviron.bioc for more information. |
Package: plyranges |
Version: 1.22.0 |
Command: /home/biocbuild/bbs-3.18-bioc/R/bin/R CMD check --install=check:plyranges.install-out.txt --library=/home/biocbuild/bbs-3.18-bioc/R/site-library --timings plyranges_1.22.0.tar.gz |
StartedAt: 2024-04-16 02:21:57 -0400 (Tue, 16 Apr 2024) |
EndedAt: 2024-04-16 02:27:04 -0400 (Tue, 16 Apr 2024) |
EllapsedTime: 306.9 seconds |
RetCode: 0 |
Status: WARNINGS |
CheckDir: plyranges.Rcheck |
Warnings: 2 |
############################################################################## ############################################################################## ### ### Running command: ### ### /home/biocbuild/bbs-3.18-bioc/R/bin/R CMD check --install=check:plyranges.install-out.txt --library=/home/biocbuild/bbs-3.18-bioc/R/site-library --timings plyranges_1.22.0.tar.gz ### ############################################################################## ############################################################################## * using log directory ‘/home/biocbuild/bbs-3.18-bioc/meat/plyranges.Rcheck’ * using R version 4.3.3 (2024-02-29) * using platform: x86_64-pc-linux-gnu (64-bit) * R was compiled by gcc (Ubuntu 11.4.0-1ubuntu1~22.04) 11.4.0 GNU Fortran (Ubuntu 11.4.0-1ubuntu1~22.04) 11.4.0 * running under: Ubuntu 22.04.4 LTS * using session charset: UTF-8 * checking for file ‘plyranges/DESCRIPTION’ ... OK * checking extension type ... Package * this is package ‘plyranges’ version ‘1.22.0’ * package encoding: UTF-8 * checking package namespace information ... OK * checking package dependencies ... OK * checking if this is a source package ... OK * checking if there is a namespace ... OK * checking for hidden files and directories ... OK * checking for portable file names ... OK * checking for sufficient/correct file permissions ... OK * checking whether package ‘plyranges’ can be installed ... OK * checking installed package size ... OK * checking package directory ... OK * checking ‘build’ directory ... OK * checking DESCRIPTION meta-information ... OK * checking top-level files ... OK * checking for left-over files ... OK * checking index information ... OK * checking package subdirectories ... OK * checking R files for non-ASCII characters ... OK * checking R files for syntax errors ... OK * checking whether the package can be loaded ... OK * checking whether the package can be loaded with stated dependencies ... OK * checking whether the package can be unloaded cleanly ... OK * checking whether the namespace can be loaded with stated dependencies ... OK * checking whether the namespace can be unloaded cleanly ... OK * checking loading without being on the library search path ... OK * checking dependencies in R code ... OK * checking S3 generic/method consistency ... WARNING group_split: function(.tbl, ..., .keep) group_split.GroupedGenomicRanges: function(.data, ..., keep) group_split: function(.tbl, ..., .keep) group_split.GroupedIntegerRanges: function(.data, ..., keep) group_split: function(.tbl, ..., .keep) group_split.Ranges: function(.data, ..., keep) group_keys: function(.tbl, ...) group_keys.Ranges: function(.data, ...) group_keys: function(.tbl, ...) group_keys.GroupedGenomicRanges: function(.data, ...) group_keys: function(.tbl, ...) group_keys.GroupedIntegerRanges: function(.data, ...) See section ‘Generic functions and methods’ in the ‘Writing R Extensions’ manual. * checking replacement functions ... OK * checking foreign function calls ... OK * checking R code for possible problems ... OK * checking Rd files ... OK * checking Rd metadata ... OK * checking Rd cross-references ... WARNING Missing link or links in documentation object 'ranges-info.Rd': ‘[GenomeInfoDb:fetchExtendedChromInfoFromUCSC]{GenomeInfoDb::fetchExtendedChromInfoFromUCSC()}’ See section 'Cross-references' in the 'Writing R Extensions' manual. * checking for missing documentation entries ... OK * checking for code/documentation mismatches ... OK * checking Rd \usage sections ... OK * checking Rd contents ... OK * checking for unstated dependencies in examples ... OK * checking files in ‘vignettes’ ... OK * checking examples ... OK * checking for unstated dependencies in ‘tests’ ... OK * checking tests ... Running ‘testthat.R’ OK * checking for unstated dependencies in vignettes ... OK * checking package vignettes in ‘inst/doc’ ... OK * checking running R code from vignettes ... ‘an-introduction.Rmd’ using ‘UTF-8’... OK OK * checking re-building of vignette outputs ... OK * checking PDF version of manual ... OK * DONE Status: 2 WARNINGs See ‘/home/biocbuild/bbs-3.18-bioc/meat/plyranges.Rcheck/00check.log’ for details.
plyranges.Rcheck/00install.out
############################################################################## ############################################################################## ### ### Running command: ### ### /home/biocbuild/bbs-3.18-bioc/R/bin/R CMD INSTALL plyranges ### ############################################################################## ############################################################################## * installing to library ‘/home/biocbuild/bbs-3.18-bioc/R/site-library’ * installing *source* package ‘plyranges’ ... ** using staged installation ** R ** inst ** byte-compile and prepare package for lazy loading ** help *** installing help indices *** copying figures ** building package indices ** installing vignettes ** testing if installed package can be loaded from temporary location ** testing if installed package can be loaded from final location ** testing if installed package keeps a record of temporary installation path * DONE (plyranges)
plyranges.Rcheck/tests/testthat.Rout
R version 4.3.3 (2024-02-29) -- "Angel Food Cake" Copyright (C) 2024 The R Foundation for Statistical Computing Platform: x86_64-pc-linux-gnu (64-bit) R is free software and comes with ABSOLUTELY NO WARRANTY. You are welcome to redistribute it under certain conditions. Type 'license()' or 'licence()' for distribution details. R is a collaborative project with many contributors. Type 'contributors()' for more information and 'citation()' on how to cite R or R packages in publications. Type 'demo()' for some demos, 'help()' for on-line help, or 'help.start()' for an HTML browser interface to help. Type 'q()' to quit R. > library(testthat) > library(plyranges) Loading required package: BiocGenerics Attaching package: 'BiocGenerics' The following objects are masked from 'package:stats': IQR, mad, sd, var, xtabs The following objects are masked from 'package:base': Filter, Find, Map, Position, Reduce, anyDuplicated, aperm, append, as.data.frame, basename, cbind, colnames, dirname, do.call, duplicated, eval, evalq, get, grep, grepl, intersect, is.unsorted, lapply, mapply, match, mget, order, paste, pmax, pmax.int, pmin, pmin.int, rank, rbind, rownames, sapply, setdiff, sort, table, tapply, union, unique, unsplit, which.max, which.min Loading required package: IRanges Loading required package: S4Vectors Loading required package: stats4 Attaching package: 'S4Vectors' The following object is masked from 'package:utils': findMatches The following objects are masked from 'package:base': I, expand.grid, unname Loading required package: GenomicRanges Loading required package: GenomeInfoDb Attaching package: 'plyranges' The following object is masked from 'package:IRanges': slice The following object is masked from 'package:stats': filter > > test_check("plyranges") [ FAIL 0 | WARN 8 | SKIP 0 | PASS 390 ] [ FAIL 0 | WARN 8 | SKIP 0 | PASS 390 ] > > proc.time() user system elapsed 45.089 1.235 46.318
plyranges.Rcheck/plyranges-Ex.timings
name | user | system | elapsed | |
add-nearest-distance | 0.312 | 0.011 | 0.324 | |
as_ranges | 0.086 | 0.003 | 0.090 | |
compute_coverage | 0.016 | 0.000 | 0.016 | |
element-setops | 0.084 | 0.024 | 0.108 | |
filter-ranges | 0.607 | 0.044 | 0.651 | |
group_by-ranges | 0.289 | 0.000 | 0.290 | |
io-bam-read | 1.397 | 0.035 | 1.435 | |
io-bed-read | 1.014 | 0.000 | 1.015 | |
io-bed-write | 0 | 0 | 0 | |
io-bigwig-read | 0.089 | 0.000 | 0.088 | |
io-bigwig-write | 0 | 0 | 0 | |
io-gff-read | 0.295 | 0.000 | 0.296 | |
io-gff-write | 0 | 0 | 0 | |
io-wig-read | 0.254 | 0.004 | 0.259 | |
mutate-ranges | 0.675 | 0.012 | 0.686 | |
n | 0.232 | 0.000 | 0.231 | |
n_distinct | 0.027 | 0.000 | 0.026 | |
overlap-joins | 0.174 | 0.000 | 0.174 | |
ranges-anchor | 0.099 | 0.000 | 0.098 | |
ranges-arrange | 0.042 | 0.000 | 0.042 | |
ranges-bind | 0.152 | 0.000 | 0.152 | |
ranges-chop | 0.319 | 0.008 | 0.326 | |
ranges-construct | 0.095 | 0.000 | 0.096 | |
ranges-count-overlaps | 0.056 | 0.000 | 0.057 | |
ranges-disjoin | 0.707 | 0.000 | 0.708 | |
ranges-expand | 0.453 | 0.004 | 0.457 | |
ranges-filter-overlaps | 0.088 | 0.000 | 0.088 | |
ranges-flank | 0.082 | 0.000 | 0.082 | |
ranges-follow | 0.137 | 0.000 | 0.137 | |
ranges-info | 0.039 | 0.000 | 0.039 | |
ranges-interweave | 0.12 | 0.00 | 0.12 | |
ranges-names | 0.105 | 0.000 | 0.105 | |
ranges-nearest | 0.374 | 0.000 | 0.373 | |
ranges-overlaps-self | 0.113 | 0.000 | 0.113 | |
ranges-overlaps | 0.155 | 0.000 | 0.155 | |
ranges-pairs | 0.298 | 0.000 | 0.298 | |
ranges-precede | 0.144 | 0.000 | 0.144 | |
ranges-reduce | 0.735 | 0.008 | 0.744 | |
ranges-select | 0.071 | 0.000 | 0.071 | |
ranges-setops | 0.707 | 0.004 | 0.710 | |
ranges-shift | 0.132 | 0.004 | 0.135 | |
ranges-summarise | 0.128 | 0.000 | 0.128 | |
ranges-tile | 0.091 | 0.000 | 0.091 | |
slice-ranges | 0.499 | 0.008 | 0.507 | |
stretch | 0.197 | 0.000 | 0.196 | |