Back to Multiple platform build/check report for BioC 3.18: simplified long |
|
This page was generated on 2023-11-02 11:40:47 -0400 (Thu, 02 Nov 2023).
Hostname | OS | Arch (*) | R version | Installed pkgs |
---|---|---|---|---|
nebbiolo2 | Linux (Ubuntu 22.04.2 LTS) | x86_64 | 4.3.1 (2023-06-16) -- "Beagle Scouts" | 4729 |
palomino4 | Windows Server 2022 Datacenter | x64 | 4.3.1 (2023-06-16 ucrt) -- "Beagle Scouts" | 4463 |
lconway | macOS 12.6.5 Monterey | x86_64 | 4.3.1 Patched (2023-06-17 r84564) -- "Beagle Scouts" | 4478 |
kunpeng2 | Linux (openEuler 22.03 LTS-SP1) | aarch64 | 4.3.1 (2023-06-16) -- "Beagle Scouts" | 4464 |
Click on any hostname to see more info about the system (e.g. compilers) (*) as reported by 'uname -p', except on Windows and Mac OS X |
Package 935/2266 | Hostname | OS / Arch | INSTALL | BUILD | CHECK | BUILD BIN | ||||||||
HDF5Array 1.30.0 (landing page) Hervé Pagès
| nebbiolo2 | Linux (Ubuntu 22.04.2 LTS) / x86_64 | OK | OK | WARNINGS | |||||||||
palomino4 | Windows Server 2022 Datacenter / x64 | OK | OK | ERROR | OK | |||||||||
lconway | macOS 12.6.5 Monterey / x86_64 | OK | OK | ERROR | OK | |||||||||
kjohnson1 | macOS 13.6.1 Ventura / arm64 | see weekly results here | ||||||||||||
kunpeng2 | Linux (openEuler 22.03 LTS-SP1) / aarch64 | OK | OK | TIMEOUT | ||||||||||
To the developers/maintainers of the HDF5Array package: - Allow up to 24 hours (and sometimes 48 hours) for your latest push to git@git.bioconductor.org:packages/HDF5Array.git to reflect on this report. See Troubleshooting Build Report for more information. - Use the following Renviron settings to reproduce errors and warnings. - If 'R CMD check' started to fail recently on the Linux builder(s) over a missing dependency, add the missing dependency to 'Suggests:' in your DESCRIPTION file. See Renviron.bioc for more information. - See Martin Grigorov's blog post for how to debug Linux ARM64 related issues on a x86_64 host. |
Package: HDF5Array |
Version: 1.30.0 |
Command: /home/biocbuild/R/R-4.3.1/bin/R CMD check --install=check:HDF5Array.install-out.txt --library=/home/biocbuild/R/R-4.3.1/site-library --no-vignettes --timings HDF5Array_1.30.0.tar.gz |
StartedAt: 2023-11-02 11:14:07 -0000 (Thu, 02 Nov 2023) |
EndedAt: 2023-11-02 11:54:08 -0000 (Thu, 02 Nov 2023) |
EllapsedTime: 2400.7 seconds |
RetCode: None |
Status: TIMEOUT |
CheckDir: HDF5Array.Rcheck |
Warnings: NA |
############################################################################## ############################################################################## ### ### Running command: ### ### /home/biocbuild/R/R-4.3.1/bin/R CMD check --install=check:HDF5Array.install-out.txt --library=/home/biocbuild/R/R-4.3.1/site-library --no-vignettes --timings HDF5Array_1.30.0.tar.gz ### ############################################################################## ############################################################################## * using log directory ‘/home/biocbuild/bbs-3.18-bioc/meat/HDF5Array.Rcheck’ * using R version 4.3.1 (2023-06-16) * using platform: aarch64-unknown-linux-gnu (64-bit) * R was compiled by gcc (GCC) 10.3.1 GNU Fortran (GCC) 10.3.1 * running under: openEuler 22.03 (LTS-SP1) * using session charset: UTF-8 * using option ‘--no-vignettes’ * checking for file ‘HDF5Array/DESCRIPTION’ ... OK * this is package ‘HDF5Array’ version ‘1.30.0’ * package encoding: UTF-8 * checking package namespace information ... OK * checking package dependencies ... OK * checking if this is a source package ... OK * checking if there is a namespace ... OK * checking for hidden files and directories ... NOTE Found the following hidden files and directories: .BBSoptions These were most likely included in error. See section ‘Package structure’ in the ‘Writing R Extensions’ manual. * checking for portable file names ... OK * checking for sufficient/correct file permissions ... OK * checking whether package ‘HDF5Array’ can be installed ... OK * used C compiler: ‘gcc (GCC) 10.3.1’ * checking installed package size ... NOTE installed size is 26.1Mb sub-directories of 1Mb or more: extdata 7.7Mb libs 17.4Mb * checking package directory ... OK * checking DESCRIPTION meta-information ... OK * checking top-level files ... OK * checking for left-over files ... OK * checking index information ... OK * checking package subdirectories ... OK * checking R files for non-ASCII characters ... OK * checking R files for syntax errors ... OK * checking whether the package can be loaded ... OK * checking whether the package can be loaded with stated dependencies ... OK * checking whether the package can be unloaded cleanly ... OK * checking whether the namespace can be loaded with stated dependencies ... OK * checking whether the namespace can be unloaded cleanly ... OK * checking loading without being on the library search path ... OK * checking startup messages can be suppressed ... OK * checking dependencies in R code ... NOTE Unexported object imported by a ':::' call: ‘rhdf5:::h5checktypeOrOpenLocS3’ See the note in ?`:::` about the use of this operator. * checking S3 generic/method consistency ... OK * checking replacement functions ... OK * checking foreign function calls ... OK * checking R code for possible problems ... OK * checking Rd files ... OK * checking Rd metadata ... OK * checking Rd cross-references ... OK * checking for missing documentation entries ... OK * checking for code/documentation mismatches ... OK * checking Rd \usage sections ... OK * checking Rd contents ... OK * checking for unstated dependencies in examples ... OK * checking line endings in C/C++/Fortran sources/headers ... OK * checking line endings in Makefiles ... OK * checking compilation flags in Makevars ... OK * checking for GNU extensions in Makefiles ... NOTE GNU make is a SystemRequirements. * checking for portable use of $(BLAS_LIBS) and $(LAPACK_LIBS) ... OK * checking use of PKG_*FLAGS in Makefiles ... OK * checking compiled code ... WARNING Note: information on .o files is not available File ‘/home/biocbuild/R/R-4.3.1/site-library/HDF5Array/libs/HDF5Array.so’: Found ‘abort’, possibly from ‘abort’ (C) Found ‘exit’, possibly from ‘exit’ (C) Found ‘printf’, possibly from ‘printf’ (C) Found ‘rand_r’, possibly from ‘rand_r’ (C) Found ‘sprintf’, possibly from ‘sprintf’ (C) Found ‘stderr’, possibly from ‘stderr’ (C) Found ‘stdout’, possibly from ‘stdout’ (C) Compiled code should not call entry points which might terminate R nor write to stdout/stderr instead of to the console, nor use Fortran I/O nor system RNGs nor [v]sprintf. The detected symbols are linked into the code but might come from libraries and not actually be called. See ‘Writing portable packages’ in the ‘Writing R Extensions’ manual. * checking examples ...
HDF5Array.Rcheck/00install.out
############################################################################## ############################################################################## ### ### Running command: ### ### /home/biocbuild/R/R-4.3.1/bin/R CMD INSTALL HDF5Array ### ############################################################################## ############################################################################## * installing to library ‘/home/biocbuild/R/R-4.3.1/site-library’ * installing *source* package ‘HDF5Array’ ... ** using staged installation ** libs using C compiler: ‘gcc (GCC) 10.3.1’ gcc -I"/home/biocbuild/R/R-4.3.1/include" -DNDEBUG -I'/home/biocbuild/R/R-4.3.1/site-library/S4Vectors/include' -I'/home/biocbuild/R/R-4.3.1/site-library/Rhdf5lib/include' -I/usr/local/include -fPIC -g -O2 -Wall -c S4Vectors_stubs.c -o S4Vectors_stubs.o gcc -I"/home/biocbuild/R/R-4.3.1/include" -DNDEBUG -I'/home/biocbuild/R/R-4.3.1/site-library/S4Vectors/include' -I'/home/biocbuild/R/R-4.3.1/site-library/Rhdf5lib/include' -I/usr/local/include -fPIC -g -O2 -Wall -c H5File.c -o H5File.o gcc -I"/home/biocbuild/R/R-4.3.1/include" -DNDEBUG -I'/home/biocbuild/R/R-4.3.1/site-library/S4Vectors/include' -I'/home/biocbuild/R/R-4.3.1/site-library/Rhdf5lib/include' -I/usr/local/include -fPIC -g -O2 -Wall -c global_errmsg_buf.c -o global_errmsg_buf.o gcc -I"/home/biocbuild/R/R-4.3.1/include" -DNDEBUG -I'/home/biocbuild/R/R-4.3.1/site-library/S4Vectors/include' -I'/home/biocbuild/R/R-4.3.1/site-library/Rhdf5lib/include' -I/usr/local/include -fPIC -g -O2 -Wall -c H5DSetDescriptor.c -o H5DSetDescriptor.o gcc -I"/home/biocbuild/R/R-4.3.1/include" -DNDEBUG -I'/home/biocbuild/R/R-4.3.1/site-library/S4Vectors/include' -I'/home/biocbuild/R/R-4.3.1/site-library/Rhdf5lib/include' -I/usr/local/include -fPIC -g -O2 -Wall -c h5dimscales.c -o h5dimscales.o gcc -I"/home/biocbuild/R/R-4.3.1/include" -DNDEBUG -I'/home/biocbuild/R/R-4.3.1/site-library/S4Vectors/include' -I'/home/biocbuild/R/R-4.3.1/site-library/Rhdf5lib/include' -I/usr/local/include -fPIC -g -O2 -Wall -c uaselection.c -o uaselection.o gcc -I"/home/biocbuild/R/R-4.3.1/include" -DNDEBUG -I'/home/biocbuild/R/R-4.3.1/site-library/S4Vectors/include' -I'/home/biocbuild/R/R-4.3.1/site-library/Rhdf5lib/include' -I/usr/local/include -fPIC -g -O2 -Wall -c h5mread_helpers.c -o h5mread_helpers.o gcc -I"/home/biocbuild/R/R-4.3.1/include" -DNDEBUG -I'/home/biocbuild/R/R-4.3.1/site-library/S4Vectors/include' -I'/home/biocbuild/R/R-4.3.1/site-library/Rhdf5lib/include' -I/usr/local/include -fPIC -g -O2 -Wall -c h5mread_startscounts.c -o h5mread_startscounts.o gcc -I"/home/biocbuild/R/R-4.3.1/include" -DNDEBUG -I'/home/biocbuild/R/R-4.3.1/site-library/S4Vectors/include' -I'/home/biocbuild/R/R-4.3.1/site-library/Rhdf5lib/include' -I/usr/local/include -fPIC -g -O2 -Wall -c ChunkIterator.c -o ChunkIterator.o gcc -I"/home/biocbuild/R/R-4.3.1/include" -DNDEBUG -I'/home/biocbuild/R/R-4.3.1/site-library/S4Vectors/include' -I'/home/biocbuild/R/R-4.3.1/site-library/Rhdf5lib/include' -I/usr/local/include -fPIC -g -O2 -Wall -c h5mread_index.c -o h5mread_index.o gcc -I"/home/biocbuild/R/R-4.3.1/include" -DNDEBUG -I'/home/biocbuild/R/R-4.3.1/site-library/S4Vectors/include' -I'/home/biocbuild/R/R-4.3.1/site-library/Rhdf5lib/include' -I/usr/local/include -fPIC -g -O2 -Wall -c h5mread_sparse.c -o h5mread_sparse.o h5mread_sparse.c:206:13: warning: ‘NOT_USED_make_nzindex_from_bufs’ defined but not used [-Wunused-function] 206 | static SEXP NOT_USED_make_nzindex_from_bufs(const IntAEAE *nzindex_bufs, | ^~~~~~~~~~~~~~~~~~~~~~~~~~~~~~~ h5mread_sparse.c:179:13: warning: ‘NOT_USED_make_nzdata_from_IntAE_bufs’ defined but not used [-Wunused-function] 179 | static SEXP NOT_USED_make_nzdata_from_IntAE_bufs(const IntAEAE *nzdata_bufs, | ^~~~~~~~~~~~~~~~~~~~~~~~~~~~~~~~~~~~ h5mread_sparse.c:123:13: warning: ‘NOT_USED_make_nzindex_from_buf’ defined but not used [-Wunused-function] 123 | static SEXP NOT_USED_make_nzindex_from_buf(const IntAE *nzindex_buf, | ^~~~~~~~~~~~~~~~~~~~~~~~~~~~~~ gcc -I"/home/biocbuild/R/R-4.3.1/include" -DNDEBUG -I'/home/biocbuild/R/R-4.3.1/site-library/S4Vectors/include' -I'/home/biocbuild/R/R-4.3.1/site-library/Rhdf5lib/include' -I/usr/local/include -fPIC -g -O2 -Wall -c h5mread.c -o h5mread.o gcc -I"/home/biocbuild/R/R-4.3.1/include" -DNDEBUG -I'/home/biocbuild/R/R-4.3.1/site-library/S4Vectors/include' -I'/home/biocbuild/R/R-4.3.1/site-library/Rhdf5lib/include' -I/usr/local/include -fPIC -g -O2 -Wall -c h5summarize.c -o h5summarize.o gcc -I"/home/biocbuild/R/R-4.3.1/include" -DNDEBUG -I'/home/biocbuild/R/R-4.3.1/site-library/S4Vectors/include' -I'/home/biocbuild/R/R-4.3.1/site-library/Rhdf5lib/include' -I/usr/local/include -fPIC -g -O2 -Wall -c R_init_HDF5Array.c -o R_init_HDF5Array.o gcc -shared -L/home/biocbuild/R/R-4.3.1/lib -L/usr/local/lib -o HDF5Array.so S4Vectors_stubs.o H5File.o global_errmsg_buf.o H5DSetDescriptor.o h5dimscales.o uaselection.o h5mread_helpers.o h5mread_startscounts.o ChunkIterator.o h5mread_index.o h5mread_sparse.o h5mread.o h5summarize.o R_init_HDF5Array.o /home/biocbuild/R/R-4.3.1/site-library/Rhdf5lib/lib/libhdf5_hl.a /home/biocbuild/R/R-4.3.1/site-library/Rhdf5lib/lib/libhdf5.a -lcrypto -lcurl -lsz -laec -lz -ldl -lm -L/home/biocbuild/R/R-4.3.1/lib -lR installing to /home/biocbuild/R/R-4.3.1/site-library/00LOCK-HDF5Array/00new/HDF5Array/libs ** R ** inst ** byte-compile and prepare package for lazy loading ** help *** installing help indices ** building package indices ** testing if installed package can be loaded from temporary location ** checking absolute paths in shared objects and dynamic libraries ** testing if installed package can be loaded from final location ** testing if installed package keeps a record of temporary installation path * DONE (HDF5Array)
HDF5Array.Rcheck/HDF5Array-Ex.timings
name | user | system | elapsed | |
H5ADMatrix-class | 3.701 | 0.148 | 3.946 | |
H5ADMatrixSeed-class | 0.122 | 0.000 | 0.122 | |
H5File-class | 0.184 | 0.012 | 5.272 | |
H5SparseMatrix-class | 0.123 | 0.008 | 0.141 | |
H5SparseMatrixSeed-class | 0.001 | 0.000 | 0.002 | |
HDF5Array-class | 3.599 | 0.337 | 9.498 | |
HDF5ArraySeed-class | 0.136 | 0.008 | 0.146 | |
ReshapedHDF5Array-class | 0.155 | 0.008 | 0.164 | |
ReshapedHDF5ArraySeed-class | 0.088 | 0.000 | 0.089 | |