Back to Multiple platform build/check report for BioC 3.18: simplified long |
|
This page was generated on 2024-03-04 11:37:25 -0500 (Mon, 04 Mar 2024).
Hostname | OS | Arch (*) | R version | Installed pkgs |
---|---|---|---|---|
nebbiolo2 | Linux (Ubuntu 22.04.3 LTS) | x86_64 | 4.3.2 Patched (2023-11-13 r85521) -- "Eye Holes" | 4692 |
palomino4 | Windows Server 2022 Datacenter | x64 | 4.3.2 (2023-10-31 ucrt) -- "Eye Holes" | 4445 |
lconway | macOS 12.7.1 Monterey | x86_64 | 4.3.2 Patched (2023-11-01 r85457) -- "Eye Holes" | 4466 |
Click on any hostname to see more info about the system (e.g. compilers) (*) as reported by 'uname -p', except on Windows and Mac OS X |
Package 935/2266 | Hostname | OS / Arch | INSTALL | BUILD | CHECK | BUILD BIN | ||||||||
HDF5Array 1.30.1 (landing page) Hervé Pagès
| nebbiolo2 | Linux (Ubuntu 22.04.3 LTS) / x86_64 | OK | OK | WARNINGS | |||||||||
palomino4 | Windows Server 2022 Datacenter / x64 | OK | OK | OK | OK | |||||||||
lconway | macOS 12.7.1 Monterey / x86_64 | OK | OK | ERROR | OK | |||||||||
kjohnson1 | macOS 13.6.1 Ventura / arm64 | see weekly results here | ||||||||||||
To the developers/maintainers of the HDF5Array package: - Allow up to 24 hours (and sometimes 48 hours) for your latest push to git@git.bioconductor.org:packages/HDF5Array.git to reflect on this report. See Troubleshooting Build Report for more information. - Use the following Renviron settings to reproduce errors and warnings. - If 'R CMD check' started to fail recently on the Linux builder(s) over a missing dependency, add the missing dependency to 'Suggests:' in your DESCRIPTION file. See Renviron.bioc for more information. |
Package: HDF5Array |
Version: 1.30.1 |
Command: /Library/Frameworks/R.framework/Resources/bin/R CMD check --install=check:HDF5Array.install-out.txt --library=/Library/Frameworks/R.framework/Resources/library --no-vignettes --timings HDF5Array_1.30.1.tar.gz |
StartedAt: 2024-03-03 21:06:00 -0500 (Sun, 03 Mar 2024) |
EndedAt: 2024-03-03 21:09:41 -0500 (Sun, 03 Mar 2024) |
EllapsedTime: 220.8 seconds |
RetCode: 1 |
Status: ERROR |
CheckDir: HDF5Array.Rcheck |
Warnings: NA |
############################################################################## ############################################################################## ### ### Running command: ### ### /Library/Frameworks/R.framework/Resources/bin/R CMD check --install=check:HDF5Array.install-out.txt --library=/Library/Frameworks/R.framework/Resources/library --no-vignettes --timings HDF5Array_1.30.1.tar.gz ### ############################################################################## ############################################################################## * using log directory ‘/Users/biocbuild/bbs-3.18-bioc/meat/HDF5Array.Rcheck’ * using R version 4.3.2 Patched (2023-11-01 r85457) * using platform: x86_64-apple-darwin20 (64-bit) * R was compiled by Apple clang version 14.0.3 (clang-1403.0.22.14.1) GNU Fortran (GCC) 12.2.0 * running under: macOS Monterey 12.7.1 * using session charset: UTF-8 * using option ‘--no-vignettes’ * checking for file ‘HDF5Array/DESCRIPTION’ ... OK * this is package ‘HDF5Array’ version ‘1.30.1’ * package encoding: UTF-8 * checking package namespace information ... OK * checking package dependencies ... OK * checking if this is a source package ... OK * checking if there is a namespace ... OK * checking for hidden files and directories ... NOTE Found the following hidden files and directories: .BBSoptions These were most likely included in error. See section ‘Package structure’ in the ‘Writing R Extensions’ manual. * checking for portable file names ... OK * checking for sufficient/correct file permissions ... OK * checking whether package ‘HDF5Array’ can be installed ... OK * used C compiler: ‘Apple clang version 14.0.0 (clang-1400.0.29.202)’ * used SDK: ‘MacOSX11.3.sdk’ * checking installed package size ... NOTE installed size is 15.0Mb sub-directories of 1Mb or more: extdata 7.7Mb libs 6.3Mb * checking package directory ... OK * checking DESCRIPTION meta-information ... OK * checking top-level files ... OK * checking for left-over files ... OK * checking index information ... OK * checking package subdirectories ... OK * checking R files for non-ASCII characters ... OK * checking R files for syntax errors ... OK * checking whether the package can be loaded ... OK * checking whether the package can be loaded with stated dependencies ... OK * checking whether the package can be unloaded cleanly ... OK * checking whether the namespace can be loaded with stated dependencies ... OK * checking whether the namespace can be unloaded cleanly ... OK * checking startup messages can be suppressed ... OK * checking dependencies in R code ... NOTE Unexported object imported by a ':::' call: ‘rhdf5:::h5checktypeOrOpenLocS3’ See the note in ?`:::` about the use of this operator. * checking S3 generic/method consistency ... OK * checking replacement functions ... OK * checking foreign function calls ... OK * checking R code for possible problems ... OK * checking Rd files ... OK * checking Rd metadata ... OK * checking Rd cross-references ... OK * checking for missing documentation entries ... OK * checking for code/documentation mismatches ... OK * checking Rd \usage sections ... OK * checking Rd contents ... OK * checking for unstated dependencies in examples ... OK * checking line endings in C/C++/Fortran sources/headers ... OK * checking line endings in Makefiles ... OK * checking compilation flags in Makevars ... OK * checking for GNU extensions in Makefiles ... NOTE GNU make is a SystemRequirements. * checking for portable use of $(BLAS_LIBS) and $(LAPACK_LIBS) ... OK * checking use of PKG_*FLAGS in Makefiles ... OK * checking compiled code ... WARNING Note: information on .o files is not available File ‘/Library/Frameworks/R.framework/Versions/4.3-x86_64/Resources/library/HDF5Array/libs/HDF5Array.so’: Found ‘___sprintf_chk’, possibly from ‘sprintf’ (C) Found ‘___stderrp’, possibly from ‘stderr’ (C) Found ‘___stdoutp’, possibly from ‘stdout’ (C) Found ‘_abort’, possibly from ‘abort’ (C) Found ‘_exit’, possibly from ‘exit’ (C) Found ‘_printf’, possibly from ‘printf’ (C) Found ‘_rand_r’, possibly from ‘rand_r’ (C) Found ‘_sprintf’, possibly from ‘sprintf’ (C) Compiled code should not call entry points which might terminate R nor write to stdout/stderr instead of to the console, nor use Fortran I/O nor system RNGs nor [v]sprintf. The detected symbols are linked into the code but might come from libraries and not actually be called. See ‘Writing portable packages’ in the ‘Writing R Extensions’ manual. * checking examples ... ERROR Running examples in ‘HDF5Array-Ex.R’ failed The error most likely occurred in: > base::assign(".ptime", proc.time(), pos = "CheckExEnv") > ### Name: TENxMatrix-class > ### Title: 10x Genomics datasets as DelayedMatrix objects > ### Aliases: class:TENxMatrix TENxMatrix-class TENxMatrix > ### DelayedArray,TENxMatrixSeed-method sparsity,TENxMatrix-method > ### read_sparse_block,TENxMatrix-method > ### extractNonzeroDataByCol,TENxMatrix-method > ### coerce,TENxMatrix,dgCMatrix-method > ### coerce,TENxMatrix,sparseMatrix-method > ### Keywords: classes methods > > ### ** Examples > > ## --------------------------------------------------------------------- > ## THE "1.3 Million Brain Cell Dataset" AS A DelayedMatrix OBJECT > ## --------------------------------------------------------------------- > > ## The 1.3 Million Brain Cell Dataset from 10x Genomics is available > ## via ExperimentHub: > > library(ExperimentHub) Loading required package: AnnotationHub Loading required package: BiocFileCache Loading required package: dbplyr > hub <- ExperimentHub() > query(hub, "TENxBrainData") ExperimentHub with 8 records # snapshotDate(): 2023-10-24 # $dataprovider: 10X Genomics # $species: Mus musculus # $rdataclass: character # additional mcols(): taxonomyid, genome, description, # coordinate_1_based, maintainer, rdatadateadded, preparerclass, tags, # rdatapath, sourceurl, sourcetype # retrieve records with, e.g., 'object[["EH1039"]]' title EH1039 | Brain scRNA-seq data, 'HDF5-based 10X Genomics' format EH1040 | Brain scRNA-seq data, 'dense matrix' format EH1041 | Brain scRNA-seq data, sample (column) annotation EH1042 | Brain scRNA-seq data, gene (row) annotation EH1689 | Brain scRNA-seq data 20k subset, 'HDF5-based 10x Genomics' format EH1690 | Brain scRNA-seq data 20k subset, 'dense matrix' format EH1691 | Brain scRNA-seq data 20k subset, sample (column) annotation EH1692 | Brain scRNA-seq data 20k subset, gene (row) annotation > fname <- hub[["EH1039"]] see ?TENxBrainData and browseVignettes('TENxBrainData') for documentation loading from cache > > ## 'fname' is an HDF5 file. Use h5ls() to list its content: > h5ls(fname) Error in H5Fopen(file, flags = flags, fapl = fapl, native = native) : HDF5. File accessibility. Unable to open file. Calls: h5ls -> <Anonymous> -> h5checktypeOrOpenLoc -> H5Fopen Execution halted * checking for unstated dependencies in ‘tests’ ... OK * checking tests ... Running ‘run_unitTests.R’ OK * checking PDF version of manual ... OK * DONE Status: 1 ERROR, 1 WARNING, 4 NOTEs See ‘/Users/biocbuild/bbs-3.18-bioc/meat/HDF5Array.Rcheck/00check.log’ for details.
HDF5Array.Rcheck/00install.out
############################################################################## ############################################################################## ### ### Running command: ### ### /Library/Frameworks/R.framework/Resources/bin/R CMD INSTALL HDF5Array ### ############################################################################## ############################################################################## * installing to library ‘/Library/Frameworks/R.framework/Versions/4.3-x86_64/Resources/library’ * installing *source* package ‘HDF5Array’ ... ** using staged installation ** libs using C compiler: ‘Apple clang version 14.0.0 (clang-1400.0.29.202)’ using SDK: ‘MacOSX11.3.sdk’ clang -arch x86_64 -I"/Library/Frameworks/R.framework/Resources/include" -DNDEBUG -I'/Library/Frameworks/R.framework/Versions/4.3-x86_64/Resources/library/S4Vectors/include' -I'/Library/Frameworks/R.framework/Versions/4.3-x86_64/Resources/library/Rhdf5lib/include' -I/opt/R/x86_64/include -fPIC -falign-functions=64 -Wall -g -O2 -c S4Vectors_stubs.c -o S4Vectors_stubs.o clang -arch x86_64 -I"/Library/Frameworks/R.framework/Resources/include" -DNDEBUG -I'/Library/Frameworks/R.framework/Versions/4.3-x86_64/Resources/library/S4Vectors/include' -I'/Library/Frameworks/R.framework/Versions/4.3-x86_64/Resources/library/Rhdf5lib/include' -I/opt/R/x86_64/include -fPIC -falign-functions=64 -Wall -g -O2 -c H5File.c -o H5File.o clang -arch x86_64 -I"/Library/Frameworks/R.framework/Resources/include" -DNDEBUG -I'/Library/Frameworks/R.framework/Versions/4.3-x86_64/Resources/library/S4Vectors/include' -I'/Library/Frameworks/R.framework/Versions/4.3-x86_64/Resources/library/Rhdf5lib/include' -I/opt/R/x86_64/include -fPIC -falign-functions=64 -Wall -g -O2 -c global_errmsg_buf.c -o global_errmsg_buf.o clang -arch x86_64 -I"/Library/Frameworks/R.framework/Resources/include" -DNDEBUG -I'/Library/Frameworks/R.framework/Versions/4.3-x86_64/Resources/library/S4Vectors/include' -I'/Library/Frameworks/R.framework/Versions/4.3-x86_64/Resources/library/Rhdf5lib/include' -I/opt/R/x86_64/include -fPIC -falign-functions=64 -Wall -g -O2 -c H5DSetDescriptor.c -o H5DSetDescriptor.o clang -arch x86_64 -I"/Library/Frameworks/R.framework/Resources/include" -DNDEBUG -I'/Library/Frameworks/R.framework/Versions/4.3-x86_64/Resources/library/S4Vectors/include' -I'/Library/Frameworks/R.framework/Versions/4.3-x86_64/Resources/library/Rhdf5lib/include' -I/opt/R/x86_64/include -fPIC -falign-functions=64 -Wall -g -O2 -c h5dimscales.c -o h5dimscales.o clang -arch x86_64 -I"/Library/Frameworks/R.framework/Resources/include" -DNDEBUG -I'/Library/Frameworks/R.framework/Versions/4.3-x86_64/Resources/library/S4Vectors/include' -I'/Library/Frameworks/R.framework/Versions/4.3-x86_64/Resources/library/Rhdf5lib/include' -I/opt/R/x86_64/include -fPIC -falign-functions=64 -Wall -g -O2 -c uaselection.c -o uaselection.o clang -arch x86_64 -I"/Library/Frameworks/R.framework/Resources/include" -DNDEBUG -I'/Library/Frameworks/R.framework/Versions/4.3-x86_64/Resources/library/S4Vectors/include' -I'/Library/Frameworks/R.framework/Versions/4.3-x86_64/Resources/library/Rhdf5lib/include' -I/opt/R/x86_64/include -fPIC -falign-functions=64 -Wall -g -O2 -c h5mread_helpers.c -o h5mread_helpers.o clang -arch x86_64 -I"/Library/Frameworks/R.framework/Resources/include" -DNDEBUG -I'/Library/Frameworks/R.framework/Versions/4.3-x86_64/Resources/library/S4Vectors/include' -I'/Library/Frameworks/R.framework/Versions/4.3-x86_64/Resources/library/Rhdf5lib/include' -I/opt/R/x86_64/include -fPIC -falign-functions=64 -Wall -g -O2 -c h5mread_startscounts.c -o h5mread_startscounts.o clang -arch x86_64 -I"/Library/Frameworks/R.framework/Resources/include" -DNDEBUG -I'/Library/Frameworks/R.framework/Versions/4.3-x86_64/Resources/library/S4Vectors/include' -I'/Library/Frameworks/R.framework/Versions/4.3-x86_64/Resources/library/Rhdf5lib/include' -I/opt/R/x86_64/include -fPIC -falign-functions=64 -Wall -g -O2 -c ChunkIterator.c -o ChunkIterator.o clang -arch x86_64 -I"/Library/Frameworks/R.framework/Resources/include" -DNDEBUG -I'/Library/Frameworks/R.framework/Versions/4.3-x86_64/Resources/library/S4Vectors/include' -I'/Library/Frameworks/R.framework/Versions/4.3-x86_64/Resources/library/Rhdf5lib/include' -I/opt/R/x86_64/include -fPIC -falign-functions=64 -Wall -g -O2 -c h5mread_index.c -o h5mread_index.o clang -arch x86_64 -I"/Library/Frameworks/R.framework/Resources/include" -DNDEBUG -I'/Library/Frameworks/R.framework/Versions/4.3-x86_64/Resources/library/S4Vectors/include' -I'/Library/Frameworks/R.framework/Versions/4.3-x86_64/Resources/library/Rhdf5lib/include' -I/opt/R/x86_64/include -fPIC -falign-functions=64 -Wall -g -O2 -c h5mread_sparse.c -o h5mread_sparse.o h5mread_sparse.c:123:13: warning: unused function 'NOT_USED_make_nzindex_from_buf' [-Wunused-function] static SEXP NOT_USED_make_nzindex_from_buf(const IntAE *nzindex_buf, ^ h5mread_sparse.c:179:13: warning: unused function 'NOT_USED_make_nzdata_from_IntAE_bufs' [-Wunused-function] static SEXP NOT_USED_make_nzdata_from_IntAE_bufs(const IntAEAE *nzdata_bufs, ^ h5mread_sparse.c:206:13: warning: unused function 'NOT_USED_make_nzindex_from_bufs' [-Wunused-function] static SEXP NOT_USED_make_nzindex_from_bufs(const IntAEAE *nzindex_bufs, ^ 3 warnings generated. clang -arch x86_64 -I"/Library/Frameworks/R.framework/Resources/include" -DNDEBUG -I'/Library/Frameworks/R.framework/Versions/4.3-x86_64/Resources/library/S4Vectors/include' -I'/Library/Frameworks/R.framework/Versions/4.3-x86_64/Resources/library/Rhdf5lib/include' -I/opt/R/x86_64/include -fPIC -falign-functions=64 -Wall -g -O2 -c h5mread.c -o h5mread.o clang -arch x86_64 -I"/Library/Frameworks/R.framework/Resources/include" -DNDEBUG -I'/Library/Frameworks/R.framework/Versions/4.3-x86_64/Resources/library/S4Vectors/include' -I'/Library/Frameworks/R.framework/Versions/4.3-x86_64/Resources/library/Rhdf5lib/include' -I/opt/R/x86_64/include -fPIC -falign-functions=64 -Wall -g -O2 -c h5summarize.c -o h5summarize.o clang -arch x86_64 -I"/Library/Frameworks/R.framework/Resources/include" -DNDEBUG -I'/Library/Frameworks/R.framework/Versions/4.3-x86_64/Resources/library/S4Vectors/include' -I'/Library/Frameworks/R.framework/Versions/4.3-x86_64/Resources/library/Rhdf5lib/include' -I/opt/R/x86_64/include -fPIC -falign-functions=64 -Wall -g -O2 -c R_init_HDF5Array.c -o R_init_HDF5Array.o clang -arch x86_64 -dynamiclib -Wl,-headerpad_max_install_names -undefined dynamic_lookup -L/Library/Frameworks/R.framework/Resources/lib -L/opt/R/x86_64/lib -o HDF5Array.so S4Vectors_stubs.o H5File.o global_errmsg_buf.o H5DSetDescriptor.o h5dimscales.o uaselection.o h5mread_helpers.o h5mread_startscounts.o ChunkIterator.o h5mread_index.o h5mread_sparse.o h5mread.o h5summarize.o R_init_HDF5Array.o /Library/Frameworks/R.framework/Versions/4.3-x86_64/Resources/library/Rhdf5lib/lib/libhdf5_hl.a /Library/Frameworks/R.framework/Versions/4.3-x86_64/Resources/library/Rhdf5lib/lib/libhdf5.a -L/Library/Frameworks/R.framework/Versions/4.3-x86_64/Resources/library/Rhdf5lib/lib -lcrypto -lcurl -lsz -laec -lz -ldl -lm -F/Library/Frameworks/R.framework/.. -framework R -Wl,-framework -Wl,CoreFoundation installing to /Library/Frameworks/R.framework/Versions/4.3-x86_64/Resources/library/00LOCK-HDF5Array/00new/HDF5Array/libs ** R ** inst ** byte-compile and prepare package for lazy loading ** help *** installing help indices ** building package indices ** testing if installed package can be loaded from temporary location ** checking absolute paths in shared objects and dynamic libraries ** testing if installed package can be loaded from final location ** testing if installed package keeps a record of temporary installation path * DONE (HDF5Array)
HDF5Array.Rcheck/tests/run_unitTests.Rout
R version 4.3.2 Patched (2023-11-01 r85457) -- "Eye Holes" Copyright (C) 2023 The R Foundation for Statistical Computing Platform: x86_64-apple-darwin20 (64-bit) R is free software and comes with ABSOLUTELY NO WARRANTY. You are welcome to redistribute it under certain conditions. Type 'license()' or 'licence()' for distribution details. R is a collaborative project with many contributors. Type 'contributors()' for more information and 'citation()' on how to cite R or R packages in publications. Type 'demo()' for some demos, 'help()' for on-line help, or 'help.start()' for an HTML browser interface to help. Type 'q()' to quit R. > require("HDF5Array") || stop("unable to load HDF5Array package") Loading required package: HDF5Array Loading required package: DelayedArray Loading required package: stats4 Loading required package: Matrix Loading required package: BiocGenerics Attaching package: 'BiocGenerics' The following objects are masked from 'package:stats': IQR, mad, sd, var, xtabs The following objects are masked from 'package:base': Filter, Find, Map, Position, Reduce, anyDuplicated, aperm, append, as.data.frame, basename, cbind, colnames, dirname, do.call, duplicated, eval, evalq, get, grep, grepl, intersect, is.unsorted, lapply, mapply, match, mget, order, paste, pmax, pmax.int, pmin, pmin.int, rank, rbind, rownames, sapply, setdiff, sort, table, tapply, union, unique, unsplit, which.max, which.min Loading required package: MatrixGenerics Loading required package: matrixStats Attaching package: 'MatrixGenerics' The following objects are masked from 'package:matrixStats': colAlls, colAnyNAs, colAnys, colAvgsPerRowSet, colCollapse, colCounts, colCummaxs, colCummins, colCumprods, colCumsums, colDiffs, colIQRDiffs, colIQRs, colLogSumExps, colMadDiffs, colMads, colMaxs, colMeans2, colMedians, colMins, colOrderStats, colProds, colQuantiles, colRanges, colRanks, colSdDiffs, colSds, colSums2, colTabulates, colVarDiffs, colVars, colWeightedMads, colWeightedMeans, colWeightedMedians, colWeightedSds, colWeightedVars, rowAlls, rowAnyNAs, rowAnys, rowAvgsPerColSet, rowCollapse, rowCounts, rowCummaxs, rowCummins, rowCumprods, rowCumsums, rowDiffs, rowIQRDiffs, rowIQRs, rowLogSumExps, rowMadDiffs, rowMads, rowMaxs, rowMeans2, rowMedians, rowMins, rowOrderStats, rowProds, rowQuantiles, rowRanges, rowRanks, rowSdDiffs, rowSds, rowSums2, rowTabulates, rowVarDiffs, rowVars, rowWeightedMads, rowWeightedMeans, rowWeightedMedians, rowWeightedSds, rowWeightedVars Loading required package: S4Vectors Attaching package: 'S4Vectors' The following objects are masked from 'package:Matrix': expand, unname The following object is masked from 'package:utils': findMatches The following objects are masked from 'package:base': I, expand.grid, unname Loading required package: IRanges Loading required package: S4Arrays Loading required package: abind Attaching package: 'S4Arrays' The following object is masked from 'package:abind': abind The following object is masked from 'package:base': rowsum Loading required package: SparseArray Attaching package: 'DelayedArray' The following objects are masked from 'package:base': apply, scale, sweep Loading required package: rhdf5 Attaching package: 'HDF5Array' The following object is masked from 'package:rhdf5': h5ls [1] TRUE > HDF5Array:::.test() Loading required package: SummarizedExperiment Loading required package: GenomicRanges Loading required package: GenomeInfoDb Loading required package: Biobase Welcome to Bioconductor Vignettes contain introductory material; view with 'browseVignettes()'. To cite Bioconductor, see 'citation("Biobase")', and for packages 'citation("pkgname")'. Attaching package: 'Biobase' The following object is masked from 'package:SparseArray': rowMedians The following object is masked from 'package:MatrixGenerics': rowMedians The following objects are masked from 'package:matrixStats': anyMissing, rowMedians /Users/biocbuild/Library/Caches/org.R-project.R/R/basilisk/1.14.3/zellkonverter/1.12.1/zellkonverterAnnDataEnv-0.10.2/lib/python3.11/site-packages/anndata/_core/anndata.py:522: FutureWarning: The dtype argument is deprecated and will be removed in late 2024. warnings.warn( /Users/biocbuild/Library/Caches/org.R-project.R/R/basilisk/1.14.3/zellkonverter/1.12.1/zellkonverterAnnDataEnv-0.10.2/lib/python3.11/site-packages/anndata/_core/anndata.py:522: FutureWarning: The dtype argument is deprecated and will be removed in late 2024. warnings.warn( RUNIT TEST PROTOCOL -- Sun Mar 3 21:09:30 2024 *********************************************** Number of test functions: 15 Number of errors: 0 Number of failures: 0 1 Test Suite : HDF5Array RUnit Tests - 15 test functions, 0 errors, 0 failures Number of test functions: 15 Number of errors: 0 Number of failures: 0 > > proc.time() user system elapsed 36.966 6.591 51.055
HDF5Array.Rcheck/HDF5Array-Ex.timings
name | user | system | elapsed | |
H5ADMatrix-class | 3.383 | 0.209 | 3.633 | |
H5ADMatrixSeed-class | 0.095 | 0.014 | 0.109 | |
H5File-class | 0.147 | 0.010 | 0.159 | |
H5SparseMatrix-class | 0.114 | 0.015 | 0.134 | |
H5SparseMatrixSeed-class | 0.001 | 0.000 | 0.001 | |
HDF5Array-class | 2.474 | 0.225 | 2.731 | |
HDF5ArraySeed-class | 0.111 | 0.015 | 0.127 | |
ReshapedHDF5Array-class | 0.127 | 0.014 | 0.143 | |
ReshapedHDF5ArraySeed-class | 0.068 | 0.009 | 0.077 | |