Back to Multiple platform build/check report for BioC 3.18:   simplified   long
AB[C]DEFGHIJKLMNOPQRSTUVWXYZ

This page was generated on 2023-11-02 11:40:29 -0400 (Thu, 02 Nov 2023).

HostnameOSArch (*)R versionInstalled pkgs
nebbiolo2Linux (Ubuntu 22.04.2 LTS)x86_644.3.1 (2023-06-16) -- "Beagle Scouts" 4729
palomino4Windows Server 2022 Datacenterx644.3.1 (2023-06-16 ucrt) -- "Beagle Scouts" 4463
lconwaymacOS 12.6.5 Montereyx86_644.3.1 Patched (2023-06-17 r84564) -- "Beagle Scouts" 4478
kunpeng2Linux (openEuler 22.03 LTS-SP1)aarch644.3.1 (2023-06-16) -- "Beagle Scouts" 4464
Click on any hostname to see more info about the system (e.g. compilers)      (*) as reported by 'uname -p', except on Windows and Mac OS X

Package 259/2266HostnameOS / ArchINSTALLBUILDCHECKBUILD BIN
CAGEfightR 1.22.0  (landing page)
Malte Thodberg
Snapshot Date: 2023-11-01 14:05:06 -0400 (Wed, 01 Nov 2023)
git_url: https://git.bioconductor.org/packages/CAGEfightR
git_branch: RELEASE_3_18
git_last_commit: 8a75f42
git_last_commit_date: 2023-10-24 11:05:23 -0400 (Tue, 24 Oct 2023)
nebbiolo2Linux (Ubuntu 22.04.2 LTS) / x86_64  OK    OK    OK  UNNEEDED, same version is already published
palomino4Windows Server 2022 Datacenter / x64  OK    OK    OK    OK  UNNEEDED, same version is already published
lconwaymacOS 12.6.5 Monterey / x86_64  OK    OK    OK    OK  UNNEEDED, same version is already published
kjohnson1macOS 13.6.1 Ventura / arm64see weekly results here
kunpeng2Linux (openEuler 22.03 LTS-SP1) / aarch64  OK    OK    ERROR  

CHECK results for CAGEfightR on kunpeng2


To the developers/maintainers of the CAGEfightR package:
- Allow up to 24 hours (and sometimes 48 hours) for your latest push to git@git.bioconductor.org:packages/CAGEfightR.git to reflect on this report. See Troubleshooting Build Report for more information.
- Use the following Renviron settings to reproduce errors and warnings.
- If 'R CMD check' started to fail recently on the Linux builder(s) over a missing dependency, add the missing dependency to 'Suggests:' in your DESCRIPTION file. See Renviron.bioc for more information.
- See Martin Grigorov's blog post for how to debug Linux ARM64 related issues on a x86_64 host.

raw results


Summary

Package: CAGEfightR
Version: 1.22.0
Command: /home/biocbuild/R/R-4.3.1/bin/R CMD check --install=check:CAGEfightR.install-out.txt --library=/home/biocbuild/R/R-4.3.1/site-library --no-vignettes --timings CAGEfightR_1.22.0.tar.gz
StartedAt: 2023-11-02 08:57:45 -0000 (Thu, 02 Nov 2023)
EndedAt: 2023-11-02 09:06:06 -0000 (Thu, 02 Nov 2023)
EllapsedTime: 501.1 seconds
RetCode: 1
Status:   ERROR  
CheckDir: CAGEfightR.Rcheck
Warnings: NA

Command output

##############################################################################
##############################################################################
###
### Running command:
###
###   /home/biocbuild/R/R-4.3.1/bin/R CMD check --install=check:CAGEfightR.install-out.txt --library=/home/biocbuild/R/R-4.3.1/site-library --no-vignettes --timings CAGEfightR_1.22.0.tar.gz
###
##############################################################################
##############################################################################


* using log directory ‘/home/biocbuild/bbs-3.18-bioc/meat/CAGEfightR.Rcheck’
* using R version 4.3.1 (2023-06-16)
* using platform: aarch64-unknown-linux-gnu (64-bit)
* R was compiled by
    gcc (GCC) 10.3.1
    GNU Fortran (GCC) 10.3.1
* running under: openEuler 22.03 (LTS-SP1)
* using session charset: UTF-8
* using option ‘--no-vignettes’
* checking for file ‘CAGEfightR/DESCRIPTION’ ... OK
* checking extension type ... Package
* this is package ‘CAGEfightR’ version ‘1.22.0’
* package encoding: UTF-8
* checking package namespace information ... OK
* checking package dependencies ... OK
* checking if this is a source package ... OK
* checking if there is a namespace ... OK
* checking for hidden files and directories ... OK
* checking for portable file names ... OK
* checking for sufficient/correct file permissions ... OK
* checking whether package ‘CAGEfightR’ can be installed ... OK
* checking installed package size ... OK
* checking package directory ... OK
* checking ‘build’ directory ... OK
* checking DESCRIPTION meta-information ... OK
* checking top-level files ... OK
* checking for left-over files ... OK
* checking index information ... OK
* checking package subdirectories ... OK
* checking R files for non-ASCII characters ... OK
* checking R files for syntax errors ... OK
* checking whether the package can be loaded ... OK
* checking whether the package can be loaded with stated dependencies ... OK
* checking whether the package can be unloaded cleanly ... OK
* checking whether the namespace can be loaded with stated dependencies ... OK
* checking whether the namespace can be unloaded cleanly ... OK
* checking loading without being on the library search path ... OK
* checking startup messages can be suppressed ... OK
* checking dependencies in R code ... OK
* checking S3 generic/method consistency ... OK
* checking replacement functions ... OK
* checking foreign function calls ... OK
* checking R code for possible problems ... OK
* checking Rd files ... OK
* checking Rd metadata ... OK
* checking Rd cross-references ... OK
* checking for missing documentation entries ... OK
* checking for code/documentation mismatches ... OK
* checking Rd \usage sections ... OK
* checking Rd contents ... OK
* checking for unstated dependencies in examples ... OK
* checking contents of ‘data’ directory ... OK
* checking data for non-ASCII characters ... OK
* checking LazyData ... OK
* checking data for ASCII and uncompressed saves ... OK
* checking files in ‘vignettes’ ... OK
* checking examples ... ERROR
Running examples in ‘CAGEfightR-Ex.R’ failed
The error most likely occurred in:

> base::assign(".ptime", proc.time(), pos = "CheckExEnv")
> ### Name: clusterUnidirectionally
> ### Title: Unidirectional Clustering (Tag Clustering) of pooled CTSSs.
> ### Aliases: clusterUnidirectionally clusterUnidirectionally,GRanges-method
> ###   clusterUnidirectionally,RangedSummarizedExperiment-method
> ###   clusterUnidirectionally,GPos-method
> 
> ### ** Examples
> 
> data(exampleCTSSs)
> 
> # Calculate pooledTPM, using supplied number of total tags
> exampleCTSSs <- calcTPM(exampleCTSSs,
+                         inputAssay='counts',
+                         outputAssay='TPM',
+                         totalTags='totalTags')
Using supplied library sizes...
Calculating TPM...
> exampleCTSSs <- calcPooled(exampleCTSSs, inputAssay='TPM')
Warning in calcPooled(exampleCTSSs, inputAssay = "TPM") :
  object already has a column named score in rowData: It will be overwritten!
> 
> # Cluster using defaults: slice-threshold of 0 and reduce-distance of 20
> clusterUnidirectionally(exampleCTSSs)
Splitting by strand...
Slice-reduce to find clusters...
Calculating statistics...
* checking for unstated dependencies in vignettes ... OK
* checking package vignettes in ‘inst/doc’ ... OK
* checking running R code from vignettes ... SKIPPED
* checking re-building of vignette outputs ... SKIPPED
* checking PDF version of manual ... OK
* DONE

Status: 1 ERROR
See
  ‘/home/biocbuild/bbs-3.18-bioc/meat/CAGEfightR.Rcheck/00check.log’
for details.


Installation output

CAGEfightR.Rcheck/00install.out

##############################################################################
##############################################################################
###
### Running command:
###
###   /home/biocbuild/R/R-4.3.1/bin/R CMD INSTALL CAGEfightR
###
##############################################################################
##############################################################################


* installing to library ‘/home/biocbuild/R/R-4.3.1/site-library’
* installing *source* package ‘CAGEfightR’ ...
** using staged installation
** R
** data
*** moving datasets to lazyload DB
** inst
** byte-compile and prepare package for lazy loading
** help
*** installing help indices
** building package indices
** installing vignettes
** testing if installed package can be loaded from temporary location
** testing if installed package can be loaded from final location
** testing if installed package keeps a record of temporary installation path
* DONE (CAGEfightR)

Tests output


Example timings

CAGEfightR.Rcheck/CAGEfightR-Ex.timings

nameusersystemelapsed
assignGeneID4.9020.1245.059
assignMissingID1.4190.0241.446
assignTxID1.1370.0161.154
assignTxType0.0000.0000.001
balanceBC0.0010.0000.001
balanceD0.0010.0000.001
bwCommonGenome0.0510.0000.057
bwGenomeCompatibility0.0240.0000.024
bwValid0.0100.0000.011
calcBidirectionality0.6420.0120.661
calcComposition3.0310.1243.161
calcPooled0.1280.0110.141
calcShape3.4930.2123.713
calcSupport0.1480.0120.162
calcTPM0.1850.0000.185
calcTotalTags0.0770.0120.090
checkCTSSs0.3760.0080.387
checkPeaked0.0920.0040.096
checkPooled0.0880.0040.093
clusterBidirectionally0.0000.0010.001