| Back to Multiple platform build/check report for BioC 3.17 |
|
This page was generated on 2023-04-12 10:55:26 -0400 (Wed, 12 Apr 2023).
| Hostname | OS | Arch (*) | R version | Installed pkgs |
|---|---|---|---|---|
| nebbiolo1 | Linux (Ubuntu 22.04.1 LTS) | x86_64 | 4.3.0 alpha (2023-04-03 r84154) | 4547 |
| nebbiolo2 | Linux (Ubuntu 20.04.5 LTS) | x86_64 | R Under development (unstable) (2023-02-14 r83833) -- "Unsuffered Consequences" | 4333 |
| Click on any hostname to see more info about the system (e.g. compilers) (*) as reported by 'uname -p', except on Windows and Mac OS X | ||||
|
To the developers/maintainers of the igvR package: - Allow up to 24 hours (and sometimes 48 hours) for your latest push to git@git.bioconductor.org:packages/igvR.git to reflect on this report. See Troubleshooting Build Report for more information. - Use the following Renviron settings to reproduce errors and warnings. Note: If "R CMD check" recently failed on the Linux builder over a missing dependency, add the missing dependency to "Suggests" in your DESCRIPTION file. See the Renviron.bioc for details. |
| Package 973/2207 | Hostname | OS / Arch | INSTALL | BUILD | CHECK | BUILD BIN | ||||||||
| igvR 1.19.7 (landing page) Paul Shannon
| nebbiolo1 | Linux (Ubuntu 22.04.1 LTS) / x86_64 | OK | OK | WARNINGS | |||||||||
| nebbiolo2 | Linux (Ubuntu 20.04.5 LTS) / x86_64 | OK | OK | WARNINGS | ||||||||||
| Package: igvR |
| Version: 1.19.7 |
| Command: /home/biocbuild/bbs-3.17-bioc/R/bin/R CMD check --install=check:igvR.install-out.txt --library=/home/biocbuild/bbs-3.17-bioc/R/site-library --timings igvR_1.19.7.tar.gz |
| StartedAt: 2023-04-11 20:59:49 -0400 (Tue, 11 Apr 2023) |
| EndedAt: 2023-04-11 21:05:08 -0400 (Tue, 11 Apr 2023) |
| EllapsedTime: 318.5 seconds |
| RetCode: 0 |
| Status: WARNINGS |
| CheckDir: igvR.Rcheck |
| Warnings: 3 |
##############################################################################
##############################################################################
###
### Running command:
###
### /home/biocbuild/bbs-3.17-bioc/R/bin/R CMD check --install=check:igvR.install-out.txt --library=/home/biocbuild/bbs-3.17-bioc/R/site-library --timings igvR_1.19.7.tar.gz
###
##############################################################################
##############################################################################
* using log directory ‘/home/biocbuild/bbs-3.17-bioc/meat/igvR.Rcheck’
* using R version 4.3.0 alpha (2023-04-03 r84154)
* using platform: x86_64-pc-linux-gnu (64-bit)
* R was compiled by
gcc (Ubuntu 11.3.0-1ubuntu1~22.04) 11.3.0
GNU Fortran (Ubuntu 11.3.0-1ubuntu1~22.04) 11.3.0
* running under: Ubuntu 22.04.2 LTS
* using session charset: UTF-8
* checking for file ‘igvR/DESCRIPTION’ ... OK
* checking extension type ... Package
* this is package ‘igvR’ version ‘1.19.7’
* package encoding: UTF-8
* checking package namespace information ... OK
* checking package dependencies ... OK
* checking if this is a source package ... OK
* checking if there is a namespace ... OK
* checking for hidden files and directories ... OK
* checking for portable file names ... OK
* checking for sufficient/correct file permissions ... OK
* checking whether package ‘igvR’ can be installed ... OK
* checking installed package size ... NOTE
installed size is 9.4Mb
sub-directories of 1Mb or more:
browserCode 5.9Mb
extdata 2.9Mb
* checking package directory ... OK
* checking ‘build’ directory ... OK
* checking DESCRIPTION meta-information ... OK
* checking top-level files ... OK
* checking for left-over files ... OK
* checking index information ... WARNING
Vignettes with missing or empty \VignetteIndexEntry:
v05.ucscTableBrowser.Rmd
See sections ‘The INDEX file’ and ‘Package subdirectories’ in the
‘Writing R Extensions’ manual.
* checking package subdirectories ... OK
* checking R files for non-ASCII characters ... OK
* checking R files for syntax errors ... OK
* checking whether the package can be loaded ... OK
* checking whether the package can be loaded with stated dependencies ... OK
* checking whether the package can be unloaded cleanly ... OK
* checking whether the namespace can be loaded with stated dependencies ... OK
* checking whether the namespace can be unloaded cleanly ... OK
* checking loading without being on the library search path ... OK
* checking startup messages can be suppressed ... OK
* checking dependencies in R code ... NOTE
Unexported object imported by a ':::' call: ‘BrowserViz:::log’
See the note in ?`:::` about the use of this operator.
* checking S3 generic/method consistency ... OK
* checking replacement functions ... OK
* checking foreign function calls ... OK
* checking R code for possible problems ... NOTE
.displayQuantitativeTrack: no visible global function definition for
‘printf’
.writeMotifLogoImagesUpdateTrackNames: no visible binding for global
variable ‘MotifDb’
.writeMotifLogoImagesUpdateTrackNames: no visible global function
definition for ‘seqLogo’
Undefined global functions or variables:
MotifDb printf seqLogo
* checking Rd files ... OK
* checking Rd metadata ... OK
* checking Rd cross-references ... OK
* checking for missing documentation entries ... OK
* checking for code/documentation mismatches ... OK
* checking Rd \usage sections ... WARNING
Documented arguments not in \usage in documentation object 'GWASUrlTrack':
‘color’
Undocumented arguments in documentation object 'QuantitativeTrack-class'
‘trackHeight’
Functions with \usage entries need to have the appropriate \alias
entries, and all their arguments documented.
The \usage entries must correspond to syntactically valid R code.
See chapter ‘Writing R documentation files’ in the ‘Writing R
Extensions’ manual.
* checking Rd contents ... OK
* checking for unstated dependencies in examples ... OK
* checking include directives in Makefiles ... OK
* checking files in ‘vignettes’ ... OK
* checking examples ... OK
* checking for unstated dependencies in vignettes ... OK
* checking package vignettes in ‘inst/doc’ ... WARNING
Found ‘inst/doc/makefile’: should be ‘Makefile’ and will be ignored
* checking running R code from vignettes ...
‘v00.basicIntro.Rmd’ using ‘UTF-8’... OK
‘v01.stockGenome.Rmd’ using ‘UTF-8’... OK
‘v02.customGenome.Rmd’ using ‘UTF-8’... OK
‘v03.ctcfChIP.Rmd’ using ‘UTF-8’... OK
‘v04.pairedEnd.Rmd’ using ‘UTF-8’... OK
‘v05.ucscTableBrowser.Rmd’ using ‘UTF-8’... OK
‘v06.annotationHub.Rmd’ using ‘UTF-8’... OK
‘v07.gwas.Rmd’ using ‘UTF-8’... OK
NONE
* checking re-building of vignette outputs ... OK
* checking PDF version of manual ... OK
* DONE
Status: 3 WARNINGs, 3 NOTEs
See
‘/home/biocbuild/bbs-3.17-bioc/meat/igvR.Rcheck/00check.log’
for details.
igvR.Rcheck/00install.out
############################################################################## ############################################################################## ### ### Running command: ### ### /home/biocbuild/bbs-3.17-bioc/R/bin/R CMD INSTALL igvR ### ############################################################################## ############################################################################## * installing to library ‘/home/biocbuild/bbs-3.17-bioc/R/site-library’ * installing *source* package ‘igvR’ ... ** using staged installation ** R ** inst ** byte-compile and prepare package for lazy loading ** help *** installing help indices ** building package indices ** installing vignettes ** testing if installed package can be loaded from temporary location ** testing if installed package can be loaded from final location ** testing if installed package keeps a record of temporary installation path * DONE (igvR)
igvR.Rcheck/igvR-Ex.timings
| name | user | system | elapsed | |
| BedpeInteractionsTrack-class | 0.013 | 0.001 | 0.013 | |
| DataFrameAnnotationTrack-class | 0.013 | 0.000 | 0.012 | |
| DataFrameQuantitativeTrack-class | 0.022 | 0.000 | 0.023 | |
| GFF3Track-class | 0.015 | 0.000 | 0.015 | |
| GRangesAnnotationTrack-class | 0.167 | 0.004 | 0.171 | |
| GRangesQuantitativeTrack-class | 0.024 | 0.000 | 0.024 | |
| GWASTrack-class | 0.118 | 0.000 | 0.119 | |
| GWASUrlTrack-class | 0.005 | 0.000 | 0.004 | |
| GenomicAlignmentTrack-class | 0.155 | 0.000 | 0.156 | |
| UCSCBedAnnotationTrack-class | 0.336 | 0.032 | 0.368 | |
| UCSCBedGraphQuantitativeTrack-class | 0.092 | 0.016 | 0.108 | |
| VariantTrack-class | 1.676 | 0.012 | 1.688 | |
| displayTrack | 0.001 | 0.000 | 0.001 | |
| enableMotifLogoPopups | 0.001 | 0.000 | 0.001 | |
| getGenomicRegion | 0.000 | 0.000 | 0.001 | |
| getSupportedGenomes | 0 | 0 | 0 | |
| getTrackNames | 0 | 0 | 0 | |
| igvR-class | 0.001 | 0.000 | 0.000 | |
| parseAndValidateGenomeSpec | 0.308 | 0.016 | 1.812 | |
| ping | 0 | 0 | 0 | |
| removeTracksByName | 0.001 | 0.000 | 0.001 | |
| setCustomGenome | 0.001 | 0.000 | 0.001 | |
| setGenome | 0.001 | 0.000 | 0.001 | |
| showGenomicRegion | 0 | 0 | 0 | |
| trackSize-DataFrameAnnotationTrack-method | 0.004 | 0.000 | 0.004 | |
| trackSize-UCSCBedAnnotationTrack-method | 0.093 | 0.009 | 0.102 | |
| url.exists | 0 | 0 | 0 | |