| Back to Multiple platform build/check report for BioC 3.17 |
|
This page was generated on 2023-04-12 10:55:42 -0400 (Wed, 12 Apr 2023).
| Hostname | OS | Arch (*) | R version | Installed pkgs |
|---|---|---|---|---|
| nebbiolo1 | Linux (Ubuntu 22.04.1 LTS) | x86_64 | 4.3.0 alpha (2023-04-03 r84154) | 4547 |
| nebbiolo2 | Linux (Ubuntu 20.04.5 LTS) | x86_64 | R Under development (unstable) (2023-02-14 r83833) -- "Unsuffered Consequences" | 4333 |
| Click on any hostname to see more info about the system (e.g. compilers) (*) as reported by 'uname -p', except on Windows and Mac OS X | ||||
|
To the developers/maintainers of the TCGAbiolinks package: - Allow up to 24 hours (and sometimes 48 hours) for your latest push to git@git.bioconductor.org:packages/TCGAbiolinks.git to reflect on this report. See Troubleshooting Build Report for more information. - Use the following Renviron settings to reproduce errors and warnings. Note: If "R CMD check" recently failed on the Linux builder over a missing dependency, add the missing dependency to "Suggests" in your DESCRIPTION file. See the Renviron.bioc for details. |
| Package 2054/2207 | Hostname | OS / Arch | INSTALL | BUILD | CHECK | BUILD BIN | ||||||||
| TCGAbiolinks 2.27.2 (landing page) Tiago Chedraoui Silva
| nebbiolo1 | Linux (Ubuntu 22.04.1 LTS) / x86_64 | OK | OK | ERROR | |||||||||
| nebbiolo2 | Linux (Ubuntu 20.04.5 LTS) / x86_64 | OK | OK | ERROR | ||||||||||
| Package: TCGAbiolinks |
| Version: 2.27.2 |
| Command: /home/biocbuild/bbs-3.17-bioc/R/bin/R CMD check --install=check:TCGAbiolinks.install-out.txt --library=/home/biocbuild/bbs-3.17-bioc/R/site-library --timings TCGAbiolinks_2.27.2.tar.gz |
| StartedAt: 2023-04-12 09:51:50 -0400 (Wed, 12 Apr 2023) |
| EndedAt: 2023-04-12 10:10:57 -0400 (Wed, 12 Apr 2023) |
| EllapsedTime: 1146.2 seconds |
| RetCode: 1 |
| Status: ERROR |
| CheckDir: TCGAbiolinks.Rcheck |
| Warnings: NA |
##############################################################################
##############################################################################
###
### Running command:
###
### /home/biocbuild/bbs-3.17-bioc/R/bin/R CMD check --install=check:TCGAbiolinks.install-out.txt --library=/home/biocbuild/bbs-3.17-bioc/R/site-library --timings TCGAbiolinks_2.27.2.tar.gz
###
##############################################################################
##############################################################################
* using log directory ‘/home/biocbuild/bbs-3.17-bioc/meat/TCGAbiolinks.Rcheck’
* using R Under development (unstable) (2023-02-14 r83833)
* using platform: x86_64-pc-linux-gnu (64-bit)
* R was compiled by
gcc (Ubuntu 9.4.0-1ubuntu1~20.04.1) 9.4.0
GNU Fortran (Ubuntu 9.4.0-1ubuntu1~20.04.1) 9.4.0
* running under: Ubuntu 20.04.6 LTS
* using session charset: UTF-8
* checking for file ‘TCGAbiolinks/DESCRIPTION’ ... OK
* checking extension type ... Package
* this is package ‘TCGAbiolinks’ version ‘2.27.2’
* package encoding: UTF-8
* checking package namespace information ... OK
* checking package dependencies ... OK
* checking if this is a source package ... OK
* checking if there is a namespace ... OK
* checking for hidden files and directories ... OK
* checking for portable file names ... OK
* checking for sufficient/correct file permissions ... OK
* checking whether package ‘TCGAbiolinks’ can be installed ... OK
* checking installed package size ... NOTE
installed size is 6.4Mb
sub-directories of 1Mb or more:
R 1.6Mb
data 4.5Mb
* checking package directory ... OK
* checking ‘build’ directory ... OK
* checking DESCRIPTION meta-information ... OK
* checking top-level files ... OK
* checking for left-over files ... OK
* checking index information ... OK
* checking package subdirectories ... NOTE
Problems with news in ‘NEWS’:
Cannot process chunk/lines:
Changing chunks.per.download to files.per.chunk
* checking R files for non-ASCII characters ... OK
* checking R files for syntax errors ... OK
* checking whether the package can be loaded ... OK
* checking whether the package can be loaded with stated dependencies ... OK
* checking whether the package can be unloaded cleanly ... OK
* checking whether the namespace can be loaded with stated dependencies ... OK
* checking whether the namespace can be unloaded cleanly ... OK
* checking loading without being on the library search path ... OK
* checking dependencies in R code ... WARNING
'library' or 'require' call not declared from: ‘dplyr’
'library' or 'require' calls in package code:
‘dplyr’ ‘maftools’
Please use :: or requireNamespace() instead.
See section 'Suggested packages' in the 'Writing R Extensions' manual.
* checking S3 generic/method consistency ... OK
* checking replacement functions ... OK
* checking foreign function calls ... OK
* checking R code for possible problems ... NOTE
GDCprepare_clinic: no visible binding for global variable
‘bcr_patient_barcode’
GDCprepare_clinic: no visible binding for global variable
‘days_to_last_followup’
GDCprepare_clinic: no visible binding for global variable
‘vital_status’
GDCquery : <anonymous>: no visible binding for global variable
‘submitter_id’
GDCquery : <anonymous>: no visible binding for global variable
‘is_ffpe’
GDCquery_clinic : <anonymous>: no visible binding for global variable
‘submitter_id’
TCGAanalyze_DEA: no visible binding for global variable ‘barcode’
TCGAanalyze_DEA: no visible binding for global variable ‘clinical’
TCGAquery_recount2: no visible binding for global variable ‘rse_gene’
TCGAtumor_purity: no visible binding for global variable ‘Tumor.purity’
TCGAvisualize_oncoprint: no visible binding for global variable ‘value’
TCGAvisualize_starburst: no visible binding for global variable
‘gene_name’
TCGAvisualize_starburst: no visible binding for global variable
‘geFDR2’
TCGAvisualize_starburst: no visible binding for global variable ‘logFC’
TCGAvisualize_starburst: no visible binding for global variable
‘meFDR2’
TCGAvisualize_starburst: no visible binding for global variable
‘threshold.starburst’
TCGAvisualize_starburst: no visible binding for global variable
‘starburst.status’
colDataPrepare: no visible binding for global variable
‘sample_submitter_id’
colDataPrepare: no visible binding for global variable ‘submitter_id’
colDataPrepare: no visible binding for global variable ‘sample_type’
readExonQuantification: no visible binding for global variable ‘exon’
readExonQuantification: no visible binding for global variable
‘coordinates’
readGeneExpressionQuantification : <anonymous>: no visible binding for
'<<-' assignment to ‘assay.list’
readGeneExpressionQuantification: no visible binding for global
variable ‘assay.list’
readSingleCellAnalysis : <anonymous>: no visible global function
definition for ‘Read10X’
Undefined global functions or variables:
Read10X Tumor.purity assay.list barcode bcr_patient_barcode clinical
coordinates days_to_last_followup exon geFDR2 gene_name is_ffpe logFC
meFDR2 rse_gene sample_submitter_id sample_type starburst.status
submitter_id threshold.starburst value vital_status
* checking Rd files ... OK
* checking Rd metadata ... OK
* checking Rd cross-references ... OK
* checking for missing documentation entries ... OK
* checking for code/documentation mismatches ... OK
* checking Rd \usage sections ... OK
* checking Rd contents ... OK
* checking for unstated dependencies in examples ... OK
* checking contents of ‘data’ directory ... OK
* checking data for non-ASCII characters ... OK
* checking LazyData ... OK
* checking data for ASCII and uncompressed saves ... OK
* checking R/sysdata.rda ... OK
* checking files in ‘vignettes’ ... OK
* checking examples ... OK
Examples with CPU (user + system) or elapsed time > 5s
user system elapsed
TCGAanalyze_DEA 12.398 0.624 13.023
getManifest 8.491 0.438 133.824
TCGAanalyze_LevelTab 6.959 0.188 7.147
GDCdownload 2.583 0.356 56.480
GDCprepare_clinic 1.190 0.116 36.609
matchedMetExp 1.051 0.097 8.166
getResults 0.729 0.147 6.867
GDCquery 0.528 0.045 7.098
* checking for unstated dependencies in ‘tests’ ... OK
* checking tests ...
Running ‘testthat.R’
OK
* checking for unstated dependencies in vignettes ... OK
* checking package vignettes in ‘inst/doc’ ... OK
* checking running R code from vignettes ...
‘analysis.Rmd’ using ‘UTF-8’... OK
‘casestudy.Rmd’ using ‘UTF-8’... OK
‘classifiers.Rmd’ using ‘UTF-8’... OK
‘clinical.Rmd’ using ‘UTF-8’... OK
‘download_prepare.Rmd’ using ‘UTF-8’... OK
‘extension.Rmd’ using ‘UTF-8’... OK
‘index.Rmd’ using ‘UTF-8’... OK
‘mutation.Rmd’ using ‘UTF-8’... OK
‘query.Rmd’ using ‘UTF-8’... OK
‘stemness_score.Rmd’ using ‘UTF-8’... OK
‘subtypes.Rmd’ using ‘UTF-8’... OK
NONE
* checking re-building of vignette outputs ... ERROR
Error(s) in re-building vignettes:
--- re-building ‘analysis.Rmd’ using rmarkdown
--- finished re-building ‘analysis.Rmd’
--- re-building ‘casestudy.Rmd’ using rmarkdown
--- finished re-building ‘casestudy.Rmd’
--- re-building ‘classifiers.Rmd’ using rmarkdown
--- finished re-building ‘classifiers.Rmd’
--- re-building ‘clinical.Rmd’ using rmarkdown
--- finished re-building ‘clinical.Rmd’
--- re-building ‘download_prepare.Rmd’ using rmarkdown
--- finished re-building ‘download_prepare.Rmd’
--- re-building ‘extension.Rmd’ using rmarkdown
--- finished re-building ‘extension.Rmd’
--- re-building ‘index.Rmd’ using rmarkdown
--- finished re-building ‘index.Rmd’
--- re-building ‘mutation.Rmd’ using rmarkdown
--- finished re-building ‘mutation.Rmd’
--- re-building ‘query.Rmd’ using rmarkdown
--- finished re-building ‘query.Rmd’
--- re-building ‘stemness_score.Rmd’ using rmarkdown
--- finished re-building ‘stemness_score.Rmd’
--- re-building ‘subtypes.Rmd’ using rmarkdown
Quitting from lines 114-121 (subtypes.Rmd)
Error: processing vignette 'subtypes.Rmd' failed with diagnostics:
object 'lgg.gbm.subtype' not found
--- failed re-building ‘subtypes.Rmd’
SUMMARY: processing the following file failed:
‘subtypes.Rmd’
Error: Vignette re-building failed.
Execution halted
* checking PDF version of manual ... OK
* DONE
Status: 1 ERROR, 1 WARNING, 3 NOTEs
See
‘/home/biocbuild/bbs-3.17-bioc/meat/TCGAbiolinks.Rcheck/00check.log’
for details.
TCGAbiolinks.Rcheck/00install.out
############################################################################## ############################################################################## ### ### Running command: ### ### /home/biocbuild/bbs-3.17-bioc/R/bin/R CMD INSTALL TCGAbiolinks ### ############################################################################## ############################################################################## * installing to library ‘/home/biocbuild/bbs-3.17-bioc/R/site-library’ * installing *source* package ‘TCGAbiolinks’ ... ** using staged installation ** R ** data *** moving datasets to lazyload DB ** inst ** byte-compile and prepare package for lazy loading ** help *** installing help indices ** building package indices ** installing vignettes ** testing if installed package can be loaded from temporary location ** testing if installed package can be loaded from final location ** testing if installed package keeps a record of temporary installation path * DONE (TCGAbiolinks)
TCGAbiolinks.Rcheck/tests/testthat.Rout
R Under development (unstable) (2023-02-14 r83833) -- "Unsuffered Consequences"
Copyright (C) 2023 The R Foundation for Statistical Computing
Platform: x86_64-pc-linux-gnu (64-bit)
R is free software and comes with ABSOLUTELY NO WARRANTY.
You are welcome to redistribute it under certain conditions.
Type 'license()' or 'licence()' for distribution details.
R is a collaborative project with many contributors.
Type 'contributors()' for more information and
'citation()' on how to cite R or R packages in publications.
Type 'demo()' for some demos, 'help()' for on-line help, or
'help.start()' for an HTML browser interface to help.
Type 'q()' to quit R.
> library(testthat)
> library(TCGAbiolinks)
>
> test_check("TCGAbiolinks")
| | 0%
|========================== | 50% ~0 s remaining
|====================================================|100% ~0 s remaining
|====================================================|100% Completed after 0 s
| | 0%
|========================== | 50% ~0 s remaining
|====================================================|100% ~0 s remaining
|====================================================|100% Completed after 0 s
[1] "I need about 1 minute to finish complete Enrichment analysis GO[BP,MF,CC] and Pathways... "
[1] "GO Enrichment Analysis BP completed....done"
[1] "GO Enrichment Analysis MF completed....done"
[1] "GO Enrichment Analysis CC completed....done"
[1] "Pathway Enrichment Analysis completed....done"
[ FAIL 0 | WARN 0 | SKIP 23 | PASS 32 ]
══ Skipped tests ═══════════════════════════════════════════════════════════════
• On Bioconductor (23)
[ FAIL 0 | WARN 0 | SKIP 23 | PASS 32 ]
>
> proc.time()
user system elapsed
41.317 1.498 42.802
TCGAbiolinks.Rcheck/TCGAbiolinks-Ex.timings
| name | user | system | elapsed | |
| GDCdownload | 2.583 | 0.356 | 56.480 | |
| GDCprepare | 0.000 | 0.000 | 0.001 | |
| GDCprepare_clinic | 1.190 | 0.116 | 36.609 | |
| GDCquery | 0.528 | 0.045 | 7.098 | |
| GDCquery_ATAC_seq | 0.512 | 0.069 | 1.048 | |
| GDCquery_clinic | 0.948 | 0.113 | 3.770 | |
| PanCancerAtlas_subtypes | 0.016 | 0.004 | 0.021 | |
| TCGAVisualize_volcano | 0.401 | 0.052 | 0.453 | |
| TCGA_MolecularSubtype | 0.455 | 0.156 | 0.612 | |
| TCGAanalyze_DEA | 12.398 | 0.624 | 13.023 | |
| TCGAanalyze_DEA_Affy | 0 | 0 | 0 | |
| TCGAanalyze_DMC | 0.965 | 0.108 | 1.074 | |
| TCGAanalyze_EA | 0 | 0 | 0 | |
| TCGAanalyze_EAcomplete | 2.431 | 0.064 | 2.496 | |
| TCGAanalyze_Filtering | 4.041 | 0.059 | 4.100 | |
| TCGAanalyze_LevelTab | 6.959 | 0.188 | 7.147 | |
| TCGAanalyze_Normalization | 1.567 | 0.004 | 1.570 | |
| TCGAanalyze_Pathview | 0 | 0 | 0 | |
| TCGAanalyze_Stemness | 1.772 | 0.004 | 1.776 | |
| TCGAanalyze_SurvivalKM | 0.133 | 0.004 | 0.136 | |
| TCGAanalyze_survival | 2.641 | 0.052 | 2.693 | |
| TCGAprepare_Affy | 0 | 0 | 0 | |
| TCGAquery_MatchedCoupledSampleTypes | 0.002 | 0.000 | 0.002 | |
| TCGAquery_SampleTypes | 0.001 | 0.000 | 0.001 | |
| TCGAquery_recount2 | 0 | 0 | 0 | |
| TCGAquery_subtype | 0.008 | 0.000 | 0.008 | |
| TCGAtumor_purity | 0.061 | 0.000 | 0.062 | |
| TCGAvisualize_EAbarplot | 2.186 | 0.040 | 2.226 | |
| TCGAvisualize_Heatmap | 1.810 | 0.044 | 1.853 | |
| TCGAvisualize_PCA | 1.873 | 0.028 | 1.902 | |
| TCGAvisualize_meanMethylation | 2.892 | 0.032 | 2.924 | |
| TCGAvisualize_oncoprint | 0 | 0 | 0 | |
| TCGAvisualize_starburst | 0.000 | 0.000 | 0.001 | |
| UseRaw_afterFilter | 0 | 0 | 0 | |
| colDataPrepare | 0.197 | 0.004 | 0.875 | |
| dmc.non.parametric | 0.161 | 0.008 | 0.169 | |
| dmc.non.parametric.se | 0.302 | 0.012 | 0.314 | |
| gaiaCNVplot | 0.03 | 0.00 | 0.03 | |
| getAdjacencyBiogrid | 0.001 | 0.000 | 0.001 | |
| getDataCategorySummary | 1.216 | 0.048 | 4.879 | |
| getGDCInfo | 0.026 | 0.000 | 0.161 | |
| getGDCprojects | 0.045 | 0.000 | 0.171 | |
| getLinkedOmicsData | 0 | 0 | 0 | |
| getMC3MAF | 0 | 0 | 0 | |
| getManifest | 8.491 | 0.438 | 133.824 | |
| getNbCases | 0 | 0 | 0 | |
| getNbFiles | 0 | 0 | 0 | |
| getProjectSummary | 0.070 | 0.020 | 0.425 | |
| getResults | 0.729 | 0.147 | 6.867 | |
| getSampleFilesSummary | 0.494 | 0.037 | 2.195 | |
| getTSS | 0 | 0 | 0 | |
| gliomaClassifier | 0 | 0 | 0 | |
| isServeOK | 0.023 | 0.000 | 0.149 | |
| matchedMetExp | 1.051 | 0.097 | 8.166 | |