| Back to Multiple platform build/check report for BioC 3.17 |
|
This page was generated on 2023-04-12 10:55:32 -0400 (Wed, 12 Apr 2023).
| Hostname | OS | Arch (*) | R version | Installed pkgs |
|---|---|---|---|---|
| nebbiolo1 | Linux (Ubuntu 22.04.1 LTS) | x86_64 | 4.3.0 alpha (2023-04-03 r84154) | 4547 |
| nebbiolo2 | Linux (Ubuntu 20.04.5 LTS) | x86_64 | R Under development (unstable) (2023-02-14 r83833) -- "Unsuffered Consequences" | 4333 |
| Click on any hostname to see more info about the system (e.g. compilers) (*) as reported by 'uname -p', except on Windows and Mac OS X | ||||
|
To the developers/maintainers of the TCGAbiolinks package: - Allow up to 24 hours (and sometimes 48 hours) for your latest push to git@git.bioconductor.org:packages/TCGAbiolinks.git to reflect on this report. See Troubleshooting Build Report for more information. - Use the following Renviron settings to reproduce errors and warnings. Note: If "R CMD check" recently failed on the Linux builder over a missing dependency, add the missing dependency to "Suggests" in your DESCRIPTION file. See the Renviron.bioc for details. |
| Package 2054/2207 | Hostname | OS / Arch | INSTALL | BUILD | CHECK | BUILD BIN | ||||||||
| TCGAbiolinks 2.27.2 (landing page) Tiago Chedraoui Silva
| nebbiolo1 | Linux (Ubuntu 22.04.1 LTS) / x86_64 | OK | OK | ERROR | |||||||||
| nebbiolo2 | Linux (Ubuntu 20.04.5 LTS) / x86_64 | OK | OK | ERROR | ||||||||||
| Package: TCGAbiolinks |
| Version: 2.27.2 |
| Command: /home/biocbuild/bbs-3.17-bioc/R/bin/R CMD check --install=check:TCGAbiolinks.install-out.txt --library=/home/biocbuild/bbs-3.17-bioc/R/site-library --timings TCGAbiolinks_2.27.2.tar.gz |
| StartedAt: 2023-04-12 00:03:48 -0400 (Wed, 12 Apr 2023) |
| EndedAt: 2023-04-12 00:19:36 -0400 (Wed, 12 Apr 2023) |
| EllapsedTime: 947.5 seconds |
| RetCode: 1 |
| Status: ERROR |
| CheckDir: TCGAbiolinks.Rcheck |
| Warnings: NA |
##############################################################################
##############################################################################
###
### Running command:
###
### /home/biocbuild/bbs-3.17-bioc/R/bin/R CMD check --install=check:TCGAbiolinks.install-out.txt --library=/home/biocbuild/bbs-3.17-bioc/R/site-library --timings TCGAbiolinks_2.27.2.tar.gz
###
##############################################################################
##############################################################################
* using log directory ‘/home/biocbuild/bbs-3.17-bioc/meat/TCGAbiolinks.Rcheck’
* using R version 4.3.0 alpha (2023-04-03 r84154)
* using platform: x86_64-pc-linux-gnu (64-bit)
* R was compiled by
gcc (Ubuntu 11.3.0-1ubuntu1~22.04) 11.3.0
GNU Fortran (Ubuntu 11.3.0-1ubuntu1~22.04) 11.3.0
* running under: Ubuntu 22.04.2 LTS
* using session charset: UTF-8
* checking for file ‘TCGAbiolinks/DESCRIPTION’ ... OK
* checking extension type ... Package
* this is package ‘TCGAbiolinks’ version ‘2.27.2’
* package encoding: UTF-8
* checking package namespace information ... OK
* checking package dependencies ... OK
* checking if this is a source package ... OK
* checking if there is a namespace ... OK
* checking for hidden files and directories ... OK
* checking for portable file names ... OK
* checking for sufficient/correct file permissions ... OK
* checking whether package ‘TCGAbiolinks’ can be installed ... OK
* checking installed package size ... NOTE
installed size is 6.5Mb
sub-directories of 1Mb or more:
R 1.6Mb
data 4.5Mb
* checking package directory ... OK
* checking ‘build’ directory ... OK
* checking DESCRIPTION meta-information ... OK
* checking top-level files ... OK
* checking for left-over files ... OK
* checking index information ... OK
* checking package subdirectories ... NOTE
Problems with news in ‘NEWS’:
Cannot process chunk/lines:
Changing chunks.per.download to files.per.chunk
* checking R files for non-ASCII characters ... OK
* checking R files for syntax errors ... OK
* checking whether the package can be loaded ... OK
* checking whether the package can be loaded with stated dependencies ... OK
* checking whether the package can be unloaded cleanly ... OK
* checking whether the namespace can be loaded with stated dependencies ... OK
* checking whether the namespace can be unloaded cleanly ... OK
* checking loading without being on the library search path ... OK
* checking startup messages can be suppressed ... OK
* checking dependencies in R code ... WARNING
'library' or 'require' call not declared from: ‘dplyr’
'library' or 'require' calls in package code:
‘dplyr’ ‘maftools’
Please use :: or requireNamespace() instead.
See section 'Suggested packages' in the 'Writing R Extensions' manual.
* checking S3 generic/method consistency ... OK
* checking replacement functions ... OK
* checking foreign function calls ... OK
* checking R code for possible problems ... NOTE
GDCprepare_clinic: no visible binding for global variable
‘bcr_patient_barcode’
GDCprepare_clinic: no visible binding for global variable
‘days_to_last_followup’
GDCprepare_clinic: no visible binding for global variable
‘vital_status’
GDCquery : <anonymous>: no visible binding for global variable
‘submitter_id’
GDCquery : <anonymous>: no visible binding for global variable
‘is_ffpe’
GDCquery_clinic : <anonymous>: no visible binding for global variable
‘submitter_id’
TCGAanalyze_DEA: no visible binding for global variable ‘barcode’
TCGAanalyze_DEA: no visible binding for global variable ‘clinical’
TCGAquery_recount2: no visible binding for global variable ‘rse_gene’
TCGAtumor_purity: no visible binding for global variable ‘Tumor.purity’
TCGAvisualize_oncoprint: no visible binding for global variable ‘value’
TCGAvisualize_starburst: no visible binding for global variable
‘gene_name’
TCGAvisualize_starburst: no visible binding for global variable
‘geFDR2’
TCGAvisualize_starburst: no visible binding for global variable ‘logFC’
TCGAvisualize_starburst: no visible binding for global variable
‘meFDR2’
TCGAvisualize_starburst: no visible binding for global variable
‘threshold.starburst’
TCGAvisualize_starburst: no visible binding for global variable
‘starburst.status’
colDataPrepare: no visible binding for global variable
‘sample_submitter_id’
colDataPrepare: no visible binding for global variable ‘submitter_id’
colDataPrepare: no visible binding for global variable ‘sample_type’
readExonQuantification: no visible binding for global variable ‘exon’
readExonQuantification: no visible binding for global variable
‘coordinates’
readGeneExpressionQuantification : <anonymous>: no visible binding for
'<<-' assignment to ‘assay.list’
readGeneExpressionQuantification: no visible binding for global
variable ‘assay.list’
readSingleCellAnalysis : <anonymous>: no visible global function
definition for ‘Read10X’
Undefined global functions or variables:
Read10X Tumor.purity assay.list barcode bcr_patient_barcode clinical
coordinates days_to_last_followup exon geFDR2 gene_name is_ffpe logFC
meFDR2 rse_gene sample_submitter_id sample_type starburst.status
submitter_id threshold.starburst value vital_status
* checking Rd files ... OK
* checking Rd metadata ... OK
* checking Rd cross-references ... OK
* checking for missing documentation entries ... OK
* checking for code/documentation mismatches ... OK
* checking Rd \usage sections ... OK
* checking Rd contents ... OK
* checking for unstated dependencies in examples ... OK
* checking contents of ‘data’ directory ... OK
* checking data for non-ASCII characters ... OK
* checking LazyData ... OK
* checking data for ASCII and uncompressed saves ... OK
* checking R/sysdata.rda ... OK
* checking files in ‘vignettes’ ... OK
* checking examples ... OK
Examples with CPU (user + system) or elapsed time > 5s
user system elapsed
TCGAanalyze_DEA 10.900 1.108 12.008
getManifest 7.792 0.130 77.032
TCGAanalyze_LevelTab 6.578 0.376 6.954
GDCdownload 2.969 0.296 35.804
GDCprepare_clinic 1.621 0.207 25.428
matchedMetExp 1.422 0.172 6.858
getDataCategorySummary 1.311 0.072 5.066
getResults 1.203 0.035 6.254
GDCquery 0.974 0.135 6.433
* checking for unstated dependencies in ‘tests’ ... OK
* checking tests ...
Running ‘testthat.R’
OK
* checking for unstated dependencies in vignettes ... OK
* checking package vignettes in ‘inst/doc’ ... OK
* checking running R code from vignettes ...
‘analysis.Rmd’ using ‘UTF-8’... OK
‘casestudy.Rmd’ using ‘UTF-8’... OK
‘classifiers.Rmd’ using ‘UTF-8’... OK
‘clinical.Rmd’ using ‘UTF-8’... OK
‘download_prepare.Rmd’ using ‘UTF-8’... OK
‘extension.Rmd’ using ‘UTF-8’... OK
‘index.Rmd’ using ‘UTF-8’... OK
‘mutation.Rmd’ using ‘UTF-8’... OK
‘query.Rmd’ using ‘UTF-8’... OK
‘stemness_score.Rmd’ using ‘UTF-8’... OK
‘subtypes.Rmd’ using ‘UTF-8’... OK
NONE
* checking re-building of vignette outputs ... ERROR
Error(s) in re-building vignettes:
--- re-building ‘analysis.Rmd’ using rmarkdown
--- finished re-building ‘analysis.Rmd’
--- re-building ‘casestudy.Rmd’ using rmarkdown
--- finished re-building ‘casestudy.Rmd’
--- re-building ‘classifiers.Rmd’ using rmarkdown
--- finished re-building ‘classifiers.Rmd’
--- re-building ‘clinical.Rmd’ using rmarkdown
--- finished re-building ‘clinical.Rmd’
--- re-building ‘download_prepare.Rmd’ using rmarkdown
--- finished re-building ‘download_prepare.Rmd’
--- re-building ‘extension.Rmd’ using rmarkdown
--- finished re-building ‘extension.Rmd’
--- re-building ‘index.Rmd’ using rmarkdown
--- finished re-building ‘index.Rmd’
--- re-building ‘mutation.Rmd’ using rmarkdown
--- finished re-building ‘mutation.Rmd’
--- re-building ‘query.Rmd’ using rmarkdown
--- finished re-building ‘query.Rmd’
--- re-building ‘stemness_score.Rmd’ using rmarkdown
--- finished re-building ‘stemness_score.Rmd’
--- re-building ‘subtypes.Rmd’ using rmarkdown
Quitting from lines 114-121 (subtypes.Rmd)
Error: processing vignette 'subtypes.Rmd' failed with diagnostics:
object 'lgg.gbm.subtype' not found
--- failed re-building ‘subtypes.Rmd’
SUMMARY: processing the following file failed:
‘subtypes.Rmd’
Error: Vignette re-building failed.
Execution halted
* checking PDF version of manual ... OK
* DONE
Status: 1 ERROR, 1 WARNING, 3 NOTEs
See
‘/home/biocbuild/bbs-3.17-bioc/meat/TCGAbiolinks.Rcheck/00check.log’
for details.
TCGAbiolinks.Rcheck/00install.out
############################################################################## ############################################################################## ### ### Running command: ### ### /home/biocbuild/bbs-3.17-bioc/R/bin/R CMD INSTALL TCGAbiolinks ### ############################################################################## ############################################################################## * installing to library ‘/home/biocbuild/bbs-3.17-bioc/R/site-library’ * installing *source* package ‘TCGAbiolinks’ ... ** using staged installation ** R ** data *** moving datasets to lazyload DB ** inst ** byte-compile and prepare package for lazy loading ** help *** installing help indices ** building package indices ** installing vignettes ** testing if installed package can be loaded from temporary location ** testing if installed package can be loaded from final location ** testing if installed package keeps a record of temporary installation path * DONE (TCGAbiolinks)
TCGAbiolinks.Rcheck/tests/testthat.Rout
R version 4.3.0 alpha (2023-04-03 r84154)
Copyright (C) 2023 The R Foundation for Statistical Computing
Platform: x86_64-pc-linux-gnu (64-bit)
R is free software and comes with ABSOLUTELY NO WARRANTY.
You are welcome to redistribute it under certain conditions.
Type 'license()' or 'licence()' for distribution details.
R is a collaborative project with many contributors.
Type 'contributors()' for more information and
'citation()' on how to cite R or R packages in publications.
Type 'demo()' for some demos, 'help()' for on-line help, or
'help.start()' for an HTML browser interface to help.
Type 'q()' to quit R.
> library(testthat)
> library(TCGAbiolinks)
>
> test_check("TCGAbiolinks")
| | 0%
|========================== | 50% ~0 s remaining
|====================================================|100% ~0 s remaining
|====================================================|100% Completed after 0 s
| | 0%
|========================== | 50% ~0 s remaining
|====================================================|100% ~0 s remaining
|====================================================|100% Completed after 0 s
[1] "I need about 1 minute to finish complete Enrichment analysis GO[BP,MF,CC] and Pathways... "
[1] "GO Enrichment Analysis BP completed....done"
[1] "GO Enrichment Analysis MF completed....done"
[1] "GO Enrichment Analysis CC completed....done"
[1] "Pathway Enrichment Analysis completed....done"
[ FAIL 0 | WARN 0 | SKIP 23 | PASS 32 ]
══ Skipped tests ═══════════════════════════════════════════════════════════════
• On Bioconductor (23)
[ FAIL 0 | WARN 0 | SKIP 23 | PASS 32 ]
>
> proc.time()
user system elapsed
41.813 1.315 43.120
TCGAbiolinks.Rcheck/TCGAbiolinks-Ex.timings
| name | user | system | elapsed | |
| GDCdownload | 2.969 | 0.296 | 35.804 | |
| GDCprepare | 0.000 | 0.000 | 0.001 | |
| GDCprepare_clinic | 1.621 | 0.207 | 25.428 | |
| GDCquery | 0.974 | 0.135 | 6.433 | |
| GDCquery_ATAC_seq | 0.594 | 0.040 | 1.160 | |
| GDCquery_clinic | 1.328 | 0.460 | 4.779 | |
| PanCancerAtlas_subtypes | 0.013 | 0.004 | 0.017 | |
| TCGAVisualize_volcano | 0.332 | 0.036 | 0.368 | |
| TCGA_MolecularSubtype | 0.366 | 0.040 | 0.407 | |
| TCGAanalyze_DEA | 10.900 | 1.108 | 12.008 | |
| TCGAanalyze_DEA_Affy | 0.000 | 0.000 | 0.001 | |
| TCGAanalyze_DMC | 0.907 | 0.100 | 1.007 | |
| TCGAanalyze_EA | 0 | 0 | 0 | |
| TCGAanalyze_EAcomplete | 2.245 | 0.156 | 2.401 | |
| TCGAanalyze_Filtering | 3.315 | 0.060 | 3.376 | |
| TCGAanalyze_LevelTab | 6.578 | 0.376 | 6.954 | |
| TCGAanalyze_Normalization | 1.342 | 0.012 | 1.354 | |
| TCGAanalyze_Pathview | 0 | 0 | 0 | |
| TCGAanalyze_Stemness | 1.568 | 0.028 | 1.595 | |
| TCGAanalyze_SurvivalKM | 0.132 | 0.004 | 0.136 | |
| TCGAanalyze_survival | 2.526 | 0.060 | 2.586 | |
| TCGAprepare_Affy | 0 | 0 | 0 | |
| TCGAquery_MatchedCoupledSampleTypes | 0.002 | 0.000 | 0.003 | |
| TCGAquery_SampleTypes | 0.001 | 0.000 | 0.002 | |
| TCGAquery_recount2 | 0 | 0 | 0 | |
| TCGAquery_subtype | 0.001 | 0.006 | 0.007 | |
| TCGAtumor_purity | 0.058 | 0.000 | 0.058 | |
| TCGAvisualize_EAbarplot | 2.197 | 0.076 | 2.274 | |
| TCGAvisualize_Heatmap | 1.888 | 0.052 | 1.940 | |
| TCGAvisualize_PCA | 2.919 | 0.124 | 3.043 | |
| TCGAvisualize_meanMethylation | 2.605 | 0.056 | 2.661 | |
| TCGAvisualize_oncoprint | 0.000 | 0.001 | 0.001 | |
| TCGAvisualize_starburst | 0 | 0 | 0 | |
| UseRaw_afterFilter | 0 | 0 | 0 | |
| colDataPrepare | 0.276 | 0.005 | 0.788 | |
| dmc.non.parametric | 0.106 | 0.023 | 0.129 | |
| dmc.non.parametric.se | 0.178 | 0.009 | 0.186 | |
| gaiaCNVplot | 0.022 | 0.007 | 0.030 | |
| getAdjacencyBiogrid | 0.001 | 0.001 | 0.001 | |
| getDataCategorySummary | 1.311 | 0.072 | 5.066 | |
| getGDCInfo | 0.080 | 0.004 | 0.367 | |
| getGDCprojects | 0.094 | 0.008 | 0.359 | |
| getLinkedOmicsData | 0.000 | 0.000 | 0.001 | |
| getMC3MAF | 0.000 | 0.000 | 0.001 | |
| getManifest | 7.792 | 0.130 | 77.032 | |
| getNbCases | 0.000 | 0.000 | 0.001 | |
| getNbFiles | 0 | 0 | 0 | |
| getProjectSummary | 0.204 | 0.004 | 0.571 | |
| getResults | 1.203 | 0.035 | 6.254 | |
| getSampleFilesSummary | 0.608 | 0.059 | 2.188 | |
| getTSS | 0 | 0 | 0 | |
| gliomaClassifier | 0.000 | 0.001 | 0.001 | |
| isServeOK | 0.079 | 0.003 | 0.200 | |
| matchedMetExp | 1.422 | 0.172 | 6.858 | |