| Back to Multiple platform build/check report for BioC 3.17 |
|
This page was generated on 2023-04-12 10:55:40 -0400 (Wed, 12 Apr 2023).
| Hostname | OS | Arch (*) | R version | Installed pkgs |
|---|---|---|---|---|
| nebbiolo1 | Linux (Ubuntu 22.04.1 LTS) | x86_64 | 4.3.0 alpha (2023-04-03 r84154) | 4547 |
| nebbiolo2 | Linux (Ubuntu 20.04.5 LTS) | x86_64 | R Under development (unstable) (2023-02-14 r83833) -- "Unsuffered Consequences" | 4333 |
| Click on any hostname to see more info about the system (e.g. compilers) (*) as reported by 'uname -p', except on Windows and Mac OS X | ||||
|
To the developers/maintainers of the ReactomeGSA package: - Allow up to 24 hours (and sometimes 48 hours) for your latest push to git@git.bioconductor.org:packages/ReactomeGSA.git to reflect on this report. See Troubleshooting Build Report for more information. - Use the following Renviron settings to reproduce errors and warnings. Note: If "R CMD check" recently failed on the Linux builder over a missing dependency, add the missing dependency to "Suggests" in your DESCRIPTION file. See the Renviron.bioc for details. |
| Package 1647/2207 | Hostname | OS / Arch | INSTALL | BUILD | CHECK | BUILD BIN | ||||||||
| ReactomeGSA 1.13.0 (landing page) Johannes Griss
| nebbiolo1 | Linux (Ubuntu 22.04.1 LTS) / x86_64 | OK | OK | ERROR | |||||||||
| nebbiolo2 | Linux (Ubuntu 20.04.5 LTS) / x86_64 | OK | OK | ERROR | ||||||||||
| Package: ReactomeGSA |
| Version: 1.13.0 |
| Command: /home/biocbuild/bbs-3.17-bioc/R/bin/R CMD check --install=check:ReactomeGSA.install-out.txt --library=/home/biocbuild/bbs-3.17-bioc/R/site-library --timings ReactomeGSA_1.13.0.tar.gz |
| StartedAt: 2023-04-12 08:43:03 -0400 (Wed, 12 Apr 2023) |
| EndedAt: 2023-04-12 08:58:40 -0400 (Wed, 12 Apr 2023) |
| EllapsedTime: 936.7 seconds |
| RetCode: 1 |
| Status: ERROR |
| CheckDir: ReactomeGSA.Rcheck |
| Warnings: NA |
##############################################################################
##############################################################################
###
### Running command:
###
### /home/biocbuild/bbs-3.17-bioc/R/bin/R CMD check --install=check:ReactomeGSA.install-out.txt --library=/home/biocbuild/bbs-3.17-bioc/R/site-library --timings ReactomeGSA_1.13.0.tar.gz
###
##############################################################################
##############################################################################
* using log directory ‘/home/biocbuild/bbs-3.17-bioc/meat/ReactomeGSA.Rcheck’
* using R Under development (unstable) (2023-02-14 r83833)
* using platform: x86_64-pc-linux-gnu (64-bit)
* R was compiled by
gcc (Ubuntu 9.4.0-1ubuntu1~20.04.1) 9.4.0
GNU Fortran (Ubuntu 9.4.0-1ubuntu1~20.04.1) 9.4.0
* running under: Ubuntu 20.04.6 LTS
* using session charset: UTF-8
* checking for file ‘ReactomeGSA/DESCRIPTION’ ... OK
* checking extension type ... Package
* this is package ‘ReactomeGSA’ version ‘1.13.0’
* package encoding: UTF-8
* checking package namespace information ... OK
* checking package dependencies ... OK
* checking if this is a source package ... OK
* checking if there is a namespace ... OK
* checking for hidden files and directories ... OK
* checking for portable file names ... OK
* checking for sufficient/correct file permissions ... OK
* checking whether package ‘ReactomeGSA’ can be installed ... OK
* checking installed package size ... OK
* checking package directory ... OK
* checking ‘build’ directory ... OK
* checking DESCRIPTION meta-information ... OK
* checking top-level files ... OK
* checking for left-over files ... OK
* checking index information ... OK
* checking package subdirectories ... OK
* checking R files for non-ASCII characters ... OK
* checking R files for syntax errors ... OK
* checking whether the package can be loaded ... OK
* checking whether the package can be loaded with stated dependencies ... OK
* checking whether the package can be unloaded cleanly ... OK
* checking whether the namespace can be loaded with stated dependencies ... OK
* checking whether the namespace can be unloaded cleanly ... OK
* checking loading without being on the library search path ... OK
* checking dependencies in R code ... OK
* checking S3 generic/method consistency ... OK
* checking replacement functions ... OK
* checking foreign function calls ... OK
* checking R code for possible problems ... NOTE
plot_correlations,ReactomeAnalysisResult: no visible binding for global
variable ‘combined_sig’
plot_correlations,ReactomeAnalysisResult: no visible binding for global
variable ‘alpha’
plot_gsva_pathway,ReactomeAnalysisResult: no visible binding for global
variable ‘cluster_id’
plot_gsva_pathway,ReactomeAnalysisResult: no visible binding for global
variable ‘expr’
plot_gsva_pca,ReactomeAnalysisResult: no visible binding for global
variable ‘gsva_result’
plot_gsva_pca,ReactomeAnalysisResult: no visible binding for global
variable ‘PC1’
plot_gsva_pca,ReactomeAnalysisResult: no visible binding for global
variable ‘PC2’
plot_heatmap,ReactomeAnalysisResult: no visible global function
definition for ‘desc’
plot_heatmap,ReactomeAnalysisResult: no visible binding for global
variable ‘n_sig’
plot_heatmap,ReactomeAnalysisResult: no visible binding for global
variable ‘dataset’
plot_heatmap,ReactomeAnalysisResult: no visible binding for global
variable ‘Name’
plot_volcano,ReactomeAnalysisResult: no visible binding for global
variable ‘av_foldchange’
plot_volcano,ReactomeAnalysisResult: no visible binding for global
variable ‘FDR’
Undefined global functions or variables:
FDR Name PC1 PC2 alpha av_foldchange cluster_id combined_sig dataset
desc expr gsva_result n_sig
* checking Rd files ... OK
* checking Rd metadata ... OK
* checking Rd cross-references ... OK
* checking for missing documentation entries ... OK
* checking for code/documentation mismatches ... WARNING
Codoc mismatches from documentation object 'plot_heatmap,ReactomeAnalysisResult-method':
\S4method{plot_heatmap}{ReactomeAnalysisResult}
Code: function(x, fdr = 0.01, max_pathways = 30, break_long_names =
TRUE, return_data = FALSE)
Docs: function(x, fdr = 0.05, max_pathways = 30, break_long_names =
TRUE, return_data = FALSE)
Mismatches in argument default values:
Name: 'fdr' Code: 0.01 Docs: 0.05
* checking Rd \usage sections ... OK
* checking Rd contents ... OK
* checking for unstated dependencies in examples ... OK
* checking files in ‘vignettes’ ... OK
* checking examples ... OK
Examples with CPU (user + system) or elapsed time > 5s
user system elapsed
plot_gsva_pca 35.857 0.876 97.589
plot_gsva_pca-ReactomeAnalysisResult-method 35.194 0.970 94.853
plot_gsva_pathway 33.931 1.267 96.690
analyse_sc_clusters-Seurat-method 33.973 1.021 95.493
analyse_sc_clusters 32.432 1.721 95.598
plot_gsva_heatmap-ReactomeAnalysisResult-method 32.758 1.128 92.171
analyse_sc_clusters-SingleCellExperiment-method 32.579 1.078 95.877
plot_gsva_heatmap 32.541 1.013 93.890
plot_gsva_pathway-ReactomeAnalysisResult-method 31.884 1.285 93.730
perform_reactome_analysis 2.042 0.193 17.425
* checking for unstated dependencies in ‘tests’ ... OK
* checking tests ...
Running ‘testthat.R’
OK
* checking for unstated dependencies in vignettes ... OK
* checking package vignettes in ‘inst/doc’ ... OK
* checking running R code from vignettes ...
‘analysing-scRNAseq.Rmd’ using ‘UTF-8’... OK
‘using-reactomegsa.Rmd’ using ‘UTF-8’... OK
NONE
* checking re-building of vignette outputs ... ERROR
Error(s) in re-building vignettes:
...
--- re-building ‘analysing-scRNAseq.Rmd’ using rmarkdown
Quitting from lines 38-47 (analysing-scRNAseq.Rmd)
Error: processing vignette 'analysing-scRNAseq.Rmd' failed with diagnostics:
trying to use CRAN without setting a mirror
--- failed re-building ‘analysing-scRNAseq.Rmd’
--- re-building ‘using-reactomegsa.Rmd’ using rmarkdown
Quitting from lines 42-47 (using-reactomegsa.Rmd)
Error: processing vignette 'using-reactomegsa.Rmd' failed with diagnostics:
trying to use CRAN without setting a mirror
--- failed re-building ‘using-reactomegsa.Rmd’
SUMMARY: processing the following files failed:
‘analysing-scRNAseq.Rmd’ ‘using-reactomegsa.Rmd’
Error: Vignette re-building failed.
Execution halted
* checking PDF version of manual ... OK
* DONE
Status: 1 ERROR, 1 WARNING, 1 NOTE
See
‘/home/biocbuild/bbs-3.17-bioc/meat/ReactomeGSA.Rcheck/00check.log’
for details.
ReactomeGSA.Rcheck/00install.out
############################################################################## ############################################################################## ### ### Running command: ### ### /home/biocbuild/bbs-3.17-bioc/R/bin/R CMD INSTALL ReactomeGSA ### ############################################################################## ############################################################################## * installing to library ‘/home/biocbuild/bbs-3.17-bioc/R/site-library’ * installing *source* package ‘ReactomeGSA’ ... ** using staged installation ** R ** inst ** byte-compile and prepare package for lazy loading in method for ‘analyse_sc_clusters’ with signature ‘object="Seurat"’: no definition for class “Seurat” in method for ‘analyse_sc_clusters’ with signature ‘object="SingleCellExperiment"’: no definition for class “SingleCellExperiment” in method for ‘add_dataset’ with signature ‘request="ReactomeAnalysisRequest",expression_values="EList"’: no definition for class “EList” in method for ‘add_dataset’ with signature ‘request="ReactomeAnalysisRequest",expression_values="DGEList"’: no definition for class “DGEList” in method for ‘add_dataset’ with signature ‘request="ReactomeAnalysisRequest",expression_values="ExpressionSet"’: no definition for class “ExpressionSet” ** help *** installing help indices ** building package indices ** installing vignettes ** testing if installed package can be loaded from temporary location ** testing if installed package can be loaded from final location ** testing if installed package keeps a record of temporary installation path * DONE (ReactomeGSA)
ReactomeGSA.Rcheck/tests/testthat.Rout
R Under development (unstable) (2023-02-14 r83833) -- "Unsuffered Consequences"
Copyright (C) 2023 The R Foundation for Statistical Computing
Platform: x86_64-pc-linux-gnu (64-bit)
R is free software and comes with ABSOLUTELY NO WARRANTY.
You are welcome to redistribute it under certain conditions.
Type 'license()' or 'licence()' for distribution details.
R is a collaborative project with many contributors.
Type 'contributors()' for more information and
'citation()' on how to cite R or R packages in publications.
Type 'demo()' for some demos, 'help()' for on-line help, or
'help.start()' for an HTML browser interface to help.
Type 'q()' to quit R.
> library(testthat)
> library(ReactomeGSA)
>
> test_check("ReactomeGSA")
[ FAIL 0 | WARN 0 | SKIP 0 | PASS 17 ]
>
> proc.time()
user system elapsed
1.214 0.144 1.343
ReactomeGSA.Rcheck/ReactomeGSA-Ex.timings
| name | user | system | elapsed | |
| ReactomeAnalysisRequest | 3.971 | 0.264 | 4.235 | |
| ReactomeAnalysisResult-class | 1.248 | 0.036 | 1.284 | |
| add_dataset-ReactomeAnalysisRequest-DGEList-method | 0.667 | 0.044 | 0.712 | |
| add_dataset-ReactomeAnalysisRequest-EList-method | 0.612 | 0.004 | 0.615 | |
| add_dataset-ReactomeAnalysisRequest-ExpressionSet-method | 0.575 | 0.000 | 0.575 | |
| add_dataset-ReactomeAnalysisRequest-data.frame-method | 0.604 | 0.024 | 0.628 | |
| add_dataset-ReactomeAnalysisRequest-matrix-method | 0.929 | 0.040 | 0.969 | |
| add_dataset | 0.569 | 0.012 | 0.581 | |
| analyse_sc_clusters-Seurat-method | 33.973 | 1.021 | 95.493 | |
| analyse_sc_clusters-SingleCellExperiment-method | 32.579 | 1.078 | 95.877 | |
| analyse_sc_clusters | 32.432 | 1.721 | 95.598 | |
| get_reactome_data_types | 0.064 | 0.012 | 1.594 | |
| get_reactome_methods | 0.119 | 0.024 | 2.172 | |
| get_result-ReactomeAnalysisResult-method | 0.214 | 0.015 | 0.228 | |
| get_result | 0.163 | 0.000 | 0.163 | |
| names-ReactomeAnalysisResult-method | 0.156 | 0.008 | 0.164 | |
| open_reactome-ReactomeAnalysisResult-method | 0.149 | 0.004 | 0.153 | |
| open_reactome | 0.157 | 0.004 | 0.161 | |
| pathways-ReactomeAnalysisResult-method | 1.261 | 0.096 | 1.357 | |
| pathways | 1.247 | 0.008 | 1.255 | |
| perform_reactome_analysis | 2.042 | 0.193 | 17.425 | |
| plot_correlations-ReactomeAnalysisResult-method | 1.376 | 0.084 | 1.460 | |
| plot_correlations | 1.274 | 0.012 | 1.286 | |
| plot_gsva_heatmap-ReactomeAnalysisResult-method | 32.758 | 1.128 | 92.171 | |
| plot_gsva_heatmap | 32.541 | 1.013 | 93.890 | |
| plot_gsva_pathway-ReactomeAnalysisResult-method | 31.884 | 1.285 | 93.730 | |
| plot_gsva_pathway | 33.931 | 1.267 | 96.690 | |
| plot_gsva_pca-ReactomeAnalysisResult-method | 35.194 | 0.970 | 94.853 | |
| plot_gsva_pca | 35.857 | 0.876 | 97.589 | |
| plot_heatmap-ReactomeAnalysisResult-method | 1.623 | 0.060 | 1.683 | |
| plot_heatmap | 1.549 | 0.012 | 1.561 | |
| plot_volcano-ReactomeAnalysisResult-method | 0.174 | 0.000 | 0.174 | |
| plot_volcano | 0.185 | 0.008 | 0.192 | |
| print-ReactomeAnalysisRequest-method | 0.002 | 0.000 | 0.001 | |
| print-ReactomeAnalysisResult-method | 0.163 | 0.008 | 0.170 | |
| reactome_links-ReactomeAnalysisResult-method | 0.174 | 0.010 | 0.183 | |
| reactome_links | 0.159 | 0.004 | 0.164 | |
| result_types-ReactomeAnalysisResult-method | 0.155 | 0.008 | 0.164 | |
| result_types | 0.161 | 0.008 | 0.169 | |
| set_method-ReactomeAnalysisRequest-method | 0.000 | 0.002 | 0.002 | |
| set_method | 0.000 | 0.002 | 0.002 | |
| set_parameters-ReactomeAnalysisRequest-method | 0.001 | 0.000 | 0.002 | |
| set_parameters | 0.001 | 0.000 | 0.002 | |
| show-ReactomeAnalysisRequest-method | 0.002 | 0.000 | 0.001 | |
| show-ReactomeAnalysisResult-method | 0.162 | 0.008 | 0.171 | |