| Back to Multiple platform build/check report for BioC 3.17 | 
 | 
This page was generated on 2023-04-12 10:55:30 -0400 (Wed, 12 Apr 2023).
| Hostname | OS | Arch (*) | R version | Installed pkgs | 
|---|---|---|---|---|
| nebbiolo1 | Linux (Ubuntu 22.04.1 LTS) | x86_64 | 4.3.0 alpha (2023-04-03 r84154) | 4547 | 
| nebbiolo2 | Linux (Ubuntu 20.04.5 LTS) | x86_64 | R Under development (unstable) (2023-02-14 r83833) -- "Unsuffered Consequences" | 4333 | 
| Click on any hostname to see more info about the system (e.g. compilers) (*) as reported by 'uname -p', except on Windows and Mac OS X | ||||
| To the developers/maintainers of the ReactomeGSA package: - Allow up to 24 hours (and sometimes 48 hours) for your latest push to git@git.bioconductor.org:packages/ReactomeGSA.git to reflect on this report. See Troubleshooting Build Report for more information. - Use the following Renviron settings to reproduce errors and warnings. Note: If "R CMD check" recently failed on the Linux builder over a missing dependency, add the missing dependency to "Suggests" in your DESCRIPTION file. See the Renviron.bioc for details. | 
| Package 1647/2207 | Hostname | OS / Arch | INSTALL | BUILD | CHECK | BUILD BIN | ||||||||
| ReactomeGSA 1.13.0  (landing page) Johannes Griss 
 | nebbiolo1 | Linux (Ubuntu 22.04.1 LTS) / x86_64 | OK | OK | ERROR | |||||||||
| nebbiolo2 | Linux (Ubuntu 20.04.5 LTS) / x86_64 | OK | OK | ERROR | ||||||||||
| Package: ReactomeGSA | 
| Version: 1.13.0 | 
| Command: /home/biocbuild/bbs-3.17-bioc/R/bin/R CMD check --install=check:ReactomeGSA.install-out.txt --library=/home/biocbuild/bbs-3.17-bioc/R/site-library --timings ReactomeGSA_1.13.0.tar.gz | 
| StartedAt: 2023-04-11 22:52:27 -0400 (Tue, 11 Apr 2023) | 
| EndedAt: 2023-04-11 23:07:58 -0400 (Tue, 11 Apr 2023) | 
| EllapsedTime: 931.2 seconds | 
| RetCode: 1 | 
| Status: ERROR | 
| CheckDir: ReactomeGSA.Rcheck | 
| Warnings: NA | 
##############################################################################
##############################################################################
###
### Running command:
###
###   /home/biocbuild/bbs-3.17-bioc/R/bin/R CMD check --install=check:ReactomeGSA.install-out.txt --library=/home/biocbuild/bbs-3.17-bioc/R/site-library --timings ReactomeGSA_1.13.0.tar.gz
###
##############################################################################
##############################################################################
* using log directory ‘/home/biocbuild/bbs-3.17-bioc/meat/ReactomeGSA.Rcheck’
* using R version 4.3.0 alpha (2023-04-03 r84154)
* using platform: x86_64-pc-linux-gnu (64-bit)
* R was compiled by
    gcc (Ubuntu 11.3.0-1ubuntu1~22.04) 11.3.0
    GNU Fortran (Ubuntu 11.3.0-1ubuntu1~22.04) 11.3.0
* running under: Ubuntu 22.04.2 LTS
* using session charset: UTF-8
* checking for file ‘ReactomeGSA/DESCRIPTION’ ... OK
* checking extension type ... Package
* this is package ‘ReactomeGSA’ version ‘1.13.0’
* package encoding: UTF-8
* checking package namespace information ... OK
* checking package dependencies ... OK
* checking if this is a source package ... OK
* checking if there is a namespace ... OK
* checking for hidden files and directories ... OK
* checking for portable file names ... OK
* checking for sufficient/correct file permissions ... OK
* checking whether package ‘ReactomeGSA’ can be installed ... OK
* checking installed package size ... OK
* checking package directory ... OK
* checking ‘build’ directory ... OK
* checking DESCRIPTION meta-information ... OK
* checking top-level files ... OK
* checking for left-over files ... OK
* checking index information ... OK
* checking package subdirectories ... OK
* checking R files for non-ASCII characters ... OK
* checking R files for syntax errors ... OK
* checking whether the package can be loaded ... OK
* checking whether the package can be loaded with stated dependencies ... OK
* checking whether the package can be unloaded cleanly ... OK
* checking whether the namespace can be loaded with stated dependencies ... OK
* checking whether the namespace can be unloaded cleanly ... OK
* checking loading without being on the library search path ... OK
* checking startup messages can be suppressed ... OK
* checking dependencies in R code ... OK
* checking S3 generic/method consistency ... OK
* checking replacement functions ... OK
* checking foreign function calls ... OK
* checking R code for possible problems ... NOTE
plot_correlations,ReactomeAnalysisResult: no visible binding for global
  variable ‘combined_sig’
plot_correlations,ReactomeAnalysisResult: no visible binding for global
  variable ‘alpha’
plot_gsva_pathway,ReactomeAnalysisResult: no visible binding for global
  variable ‘cluster_id’
plot_gsva_pathway,ReactomeAnalysisResult: no visible binding for global
  variable ‘expr’
plot_gsva_pca,ReactomeAnalysisResult: no visible binding for global
  variable ‘gsva_result’
plot_gsva_pca,ReactomeAnalysisResult: no visible binding for global
  variable ‘PC1’
plot_gsva_pca,ReactomeAnalysisResult: no visible binding for global
  variable ‘PC2’
plot_heatmap,ReactomeAnalysisResult: no visible global function
  definition for ‘desc’
plot_heatmap,ReactomeAnalysisResult: no visible binding for global
  variable ‘n_sig’
plot_heatmap,ReactomeAnalysisResult: no visible binding for global
  variable ‘dataset’
plot_heatmap,ReactomeAnalysisResult: no visible binding for global
  variable ‘Name’
plot_volcano,ReactomeAnalysisResult: no visible binding for global
  variable ‘av_foldchange’
plot_volcano,ReactomeAnalysisResult: no visible binding for global
  variable ‘FDR’
Undefined global functions or variables:
  FDR Name PC1 PC2 alpha av_foldchange cluster_id combined_sig dataset
  desc expr gsva_result n_sig
* checking Rd files ... OK
* checking Rd metadata ... OK
* checking Rd cross-references ... OK
* checking for missing documentation entries ... OK
* checking for code/documentation mismatches ... WARNING
Codoc mismatches from documentation object 'plot_heatmap,ReactomeAnalysisResult-method':
\S4method{plot_heatmap}{ReactomeAnalysisResult}
  Code: function(x, fdr = 0.01, max_pathways = 30, break_long_names =
                 TRUE, return_data = FALSE)
  Docs: function(x, fdr = 0.05, max_pathways = 30, break_long_names =
                 TRUE, return_data = FALSE)
  Mismatches in argument default values:
    Name: 'fdr' Code: 0.01 Docs: 0.05
* checking Rd \usage sections ... OK
* checking Rd contents ... OK
* checking for unstated dependencies in examples ... OK
* checking files in ‘vignettes’ ... OK
* checking examples ... OK
Examples with CPU (user + system) or elapsed time > 5s
                                                  user system elapsed
plot_gsva_pathway-ReactomeAnalysisResult-method 38.442  0.848  94.146
plot_gsva_pca-ReactomeAnalysisResult-method     38.226  0.792  95.226
plot_gsva_heatmap-ReactomeAnalysisResult-method 37.648  1.049  92.687
plot_gsva_heatmap                               37.609  0.883  95.373
plot_gsva_pathway                               37.644  0.786  95.930
plot_gsva_pca                                   36.805  0.811  96.462
analyse_sc_clusters-Seurat-method               36.378  1.071  94.037
analyse_sc_clusters                             36.289  1.147  92.004
analyse_sc_clusters-SingleCellExperiment-method 35.977  1.138  93.623
perform_reactome_analysis                        3.217  0.164  17.391
* checking for unstated dependencies in ‘tests’ ... OK
* checking tests ...
  Running ‘testthat.R’
 OK
* checking for unstated dependencies in vignettes ... OK
* checking package vignettes in ‘inst/doc’ ... OK
* checking running R code from vignettes ...
  ‘analysing-scRNAseq.Rmd’ using ‘UTF-8’... OK
  ‘using-reactomegsa.Rmd’ using ‘UTF-8’... OK
 NONE
* checking re-building of vignette outputs ... ERROR
Error(s) in re-building vignettes:
  ...
--- re-building ‘analysing-scRNAseq.Rmd’ using rmarkdown
Quitting from lines 38-47 (analysing-scRNAseq.Rmd) 
Error: processing vignette 'analysing-scRNAseq.Rmd' failed with diagnostics:
trying to use CRAN without setting a mirror
--- failed re-building ‘analysing-scRNAseq.Rmd’
--- re-building ‘using-reactomegsa.Rmd’ using rmarkdown
Quitting from lines 42-47 (using-reactomegsa.Rmd) 
Error: processing vignette 'using-reactomegsa.Rmd' failed with diagnostics:
trying to use CRAN without setting a mirror
--- failed re-building ‘using-reactomegsa.Rmd’
SUMMARY: processing the following files failed:
  ‘analysing-scRNAseq.Rmd’ ‘using-reactomegsa.Rmd’
Error: Vignette re-building failed.
Execution halted
* checking PDF version of manual ... OK
* DONE
Status: 1 ERROR, 1 WARNING, 1 NOTE
See
  ‘/home/biocbuild/bbs-3.17-bioc/meat/ReactomeGSA.Rcheck/00check.log’
for details.
ReactomeGSA.Rcheck/00install.out
############################################################################## ############################################################################## ### ### Running command: ### ### /home/biocbuild/bbs-3.17-bioc/R/bin/R CMD INSTALL ReactomeGSA ### ############################################################################## ############################################################################## * installing to library ‘/home/biocbuild/bbs-3.17-bioc/R/site-library’ * installing *source* package ‘ReactomeGSA’ ... ** using staged installation ** R ** inst ** byte-compile and prepare package for lazy loading in method for ‘analyse_sc_clusters’ with signature ‘object="Seurat"’: no definition for class “Seurat” in method for ‘analyse_sc_clusters’ with signature ‘object="SingleCellExperiment"’: no definition for class “SingleCellExperiment” in method for ‘add_dataset’ with signature ‘request="ReactomeAnalysisRequest",expression_values="EList"’: no definition for class “EList” in method for ‘add_dataset’ with signature ‘request="ReactomeAnalysisRequest",expression_values="DGEList"’: no definition for class “DGEList” in method for ‘add_dataset’ with signature ‘request="ReactomeAnalysisRequest",expression_values="ExpressionSet"’: no definition for class “ExpressionSet” ** help *** installing help indices ** building package indices ** installing vignettes ** testing if installed package can be loaded from temporary location ** testing if installed package can be loaded from final location ** testing if installed package keeps a record of temporary installation path * DONE (ReactomeGSA)
ReactomeGSA.Rcheck/tests/testthat.Rout
R version 4.3.0 alpha (2023-04-03 r84154)
Copyright (C) 2023 The R Foundation for Statistical Computing
Platform: x86_64-pc-linux-gnu (64-bit)
R is free software and comes with ABSOLUTELY NO WARRANTY.
You are welcome to redistribute it under certain conditions.
Type 'license()' or 'licence()' for distribution details.
R is a collaborative project with many contributors.
Type 'contributors()' for more information and
'citation()' on how to cite R or R packages in publications.
Type 'demo()' for some demos, 'help()' for on-line help, or
'help.start()' for an HTML browser interface to help.
Type 'q()' to quit R.
> library(testthat)
> library(ReactomeGSA)
> 
> test_check("ReactomeGSA")
[ FAIL 0 | WARN 0 | SKIP 0 | PASS 17 ]
> 
> proc.time()
   user  system elapsed 
  1.118   0.126   1.233 
ReactomeGSA.Rcheck/ReactomeGSA-Ex.timings
| name | user | system | elapsed | |
| ReactomeAnalysisRequest | 4.027 | 0.237 | 4.265 | |
| ReactomeAnalysisResult-class | 1.278 | 0.108 | 1.388 | |
| add_dataset-ReactomeAnalysisRequest-DGEList-method | 0.734 | 0.024 | 0.757 | |
| add_dataset-ReactomeAnalysisRequest-EList-method | 0.633 | 0.008 | 0.641 | |
| add_dataset-ReactomeAnalysisRequest-ExpressionSet-method | 0.625 | 0.016 | 0.641 | |
| add_dataset-ReactomeAnalysisRequest-data.frame-method | 0.588 | 0.060 | 0.648 | |
| add_dataset-ReactomeAnalysisRequest-matrix-method | 0.877 | 0.104 | 0.981 | |
| add_dataset | 0.545 | 0.040 | 0.585 | |
| analyse_sc_clusters-Seurat-method | 36.378 | 1.071 | 94.037 | |
| analyse_sc_clusters-SingleCellExperiment-method | 35.977 | 1.138 | 93.623 | |
| analyse_sc_clusters | 36.289 | 1.147 | 92.004 | |
| get_reactome_data_types | 0.357 | 0.000 | 1.968 | |
| get_reactome_methods | 0.583 | 0.009 | 2.596 | |
| get_result-ReactomeAnalysisResult-method | 0.181 | 0.020 | 0.201 | |
| get_result | 0.177 | 0.000 | 0.176 | |
| names-ReactomeAnalysisResult-method | 0.150 | 0.012 | 0.162 | |
| open_reactome-ReactomeAnalysisResult-method | 0.151 | 0.008 | 0.160 | |
| open_reactome | 0.155 | 0.008 | 0.163 | |
| pathways-ReactomeAnalysisResult-method | 1.340 | 0.132 | 1.471 | |
| pathways | 1.721 | 0.119 | 1.839 | |
| perform_reactome_analysis | 3.217 | 0.164 | 17.391 | |
| plot_correlations-ReactomeAnalysisResult-method | 1.343 | 0.048 | 1.392 | |
| plot_correlations | 1.345 | 0.062 | 1.406 | |
| plot_gsva_heatmap-ReactomeAnalysisResult-method | 37.648 | 1.049 | 92.687 | |
| plot_gsva_heatmap | 37.609 | 0.883 | 95.373 | |
| plot_gsva_pathway-ReactomeAnalysisResult-method | 38.442 | 0.848 | 94.146 | |
| plot_gsva_pathway | 37.644 | 0.786 | 95.930 | |
| plot_gsva_pca-ReactomeAnalysisResult-method | 38.226 | 0.792 | 95.226 | |
| plot_gsva_pca | 36.805 | 0.811 | 96.462 | |
| plot_heatmap-ReactomeAnalysisResult-method | 1.569 | 0.074 | 1.643 | |
| plot_heatmap | 1.905 | 0.108 | 2.013 | |
| plot_volcano-ReactomeAnalysisResult-method | 0.181 | 0.000 | 0.180 | |
| plot_volcano | 0.199 | 0.000 | 0.199 | |
| print-ReactomeAnalysisRequest-method | 0.002 | 0.000 | 0.002 | |
| print-ReactomeAnalysisResult-method | 0.168 | 0.008 | 0.176 | |
| reactome_links-ReactomeAnalysisResult-method | 0.171 | 0.000 | 0.171 | |
| reactome_links | 0.160 | 0.008 | 0.168 | |
| result_types-ReactomeAnalysisResult-method | 0.175 | 0.004 | 0.179 | |
| result_types | 0.171 | 0.004 | 0.176 | |
| set_method-ReactomeAnalysisRequest-method | 0.002 | 0.000 | 0.002 | |
| set_method | 0.002 | 0.000 | 0.001 | |
| set_parameters-ReactomeAnalysisRequest-method | 0.002 | 0.000 | 0.002 | |
| set_parameters | 0.002 | 0.000 | 0.002 | |
| show-ReactomeAnalysisRequest-method | 0.002 | 0.000 | 0.002 | |
| show-ReactomeAnalysisResult-method | 0.167 | 0.012 | 0.179 | |