| Back to Multiple platform build/check report for BioC 3.17 |
|
This page was generated on 2023-04-12 10:55:38 -0400 (Wed, 12 Apr 2023).
| Hostname | OS | Arch (*) | R version | Installed pkgs |
|---|---|---|---|---|
| nebbiolo1 | Linux (Ubuntu 22.04.1 LTS) | x86_64 | 4.3.0 alpha (2023-04-03 r84154) | 4547 |
| nebbiolo2 | Linux (Ubuntu 20.04.5 LTS) | x86_64 | R Under development (unstable) (2023-02-14 r83833) -- "Unsuffered Consequences" | 4333 |
| Click on any hostname to see more info about the system (e.g. compilers) (*) as reported by 'uname -p', except on Windows and Mac OS X | ||||
|
To the developers/maintainers of the MesKit package: - Allow up to 24 hours (and sometimes 48 hours) for your latest push to git@git.bioconductor.org:packages/MesKit.git to reflect on this report. See Troubleshooting Build Report for more information. - Use the following Renviron settings to reproduce errors and warnings. Note: If "R CMD check" recently failed on the Linux builder over a missing dependency, add the missing dependency to "Suggests" in your DESCRIPTION file. See the Renviron.bioc for details. |
| Package 1152/2207 | Hostname | OS / Arch | INSTALL | BUILD | CHECK | BUILD BIN | ||||||||
| MesKit 1.9.0 (landing page) Mengni Liu
| nebbiolo1 | Linux (Ubuntu 22.04.1 LTS) / x86_64 | OK | OK | WARNINGS | |||||||||
| nebbiolo2 | Linux (Ubuntu 20.04.5 LTS) / x86_64 | OK | OK | WARNINGS | ||||||||||
| Package: MesKit |
| Version: 1.9.0 |
| Command: /home/biocbuild/bbs-3.17-bioc/R/bin/R CMD check --install=check:MesKit.install-out.txt --library=/home/biocbuild/bbs-3.17-bioc/R/site-library --timings MesKit_1.9.0.tar.gz |
| StartedAt: 2023-04-12 07:17:17 -0400 (Wed, 12 Apr 2023) |
| EndedAt: 2023-04-12 07:29:24 -0400 (Wed, 12 Apr 2023) |
| EllapsedTime: 726.9 seconds |
| RetCode: 0 |
| Status: WARNINGS |
| CheckDir: MesKit.Rcheck |
| Warnings: 1 |
##############################################################################
##############################################################################
###
### Running command:
###
### /home/biocbuild/bbs-3.17-bioc/R/bin/R CMD check --install=check:MesKit.install-out.txt --library=/home/biocbuild/bbs-3.17-bioc/R/site-library --timings MesKit_1.9.0.tar.gz
###
##############################################################################
##############################################################################
* using log directory ‘/home/biocbuild/bbs-3.17-bioc/meat/MesKit.Rcheck’
* using R Under development (unstable) (2023-02-14 r83833)
* using platform: x86_64-pc-linux-gnu (64-bit)
* R was compiled by
gcc (Ubuntu 9.4.0-1ubuntu1~20.04.1) 9.4.0
GNU Fortran (Ubuntu 9.4.0-1ubuntu1~20.04.1) 9.4.0
* running under: Ubuntu 20.04.6 LTS
* using session charset: UTF-8
* checking for file ‘MesKit/DESCRIPTION’ ... OK
* checking extension type ... Package
* this is package ‘MesKit’ version ‘1.9.0’
* package encoding: UTF-8
* checking package namespace information ... OK
* checking package dependencies ... OK
* checking if this is a source package ... OK
* checking if there is a namespace ... OK
* checking for hidden files and directories ... OK
* checking for portable file names ... OK
* checking for sufficient/correct file permissions ... OK
* checking whether package ‘MesKit’ can be installed ... WARNING
Found the following significant warnings:
Warning: replacing previous import ‘ape::degree’ by ‘circlize::degree’ when loading ‘MesKit’
Warning: replacing previous import ‘ape::where’ by ‘dplyr::where’ when loading ‘MesKit’
See ‘/home/biocbuild/bbs-3.17-bioc/meat/MesKit.Rcheck/00install.out’ for details.
* checking installed package size ... NOTE
installed size is 6.0Mb
sub-directories of 1Mb or more:
extdata 4.9Mb
* checking package directory ... OK
* checking ‘build’ directory ... OK
* checking DESCRIPTION meta-information ... OK
* checking top-level files ... NOTE
File
LICENSE
is not mentioned in the DESCRIPTION file.
* checking for left-over files ... OK
* checking index information ... OK
* checking package subdirectories ... OK
* checking R files for non-ASCII characters ... OK
* checking R files for syntax errors ... OK
* checking whether the package can be loaded ... OK
* checking whether the package can be loaded with stated dependencies ... OK
* checking whether the package can be unloaded cleanly ... OK
* checking whether the namespace can be loaded with stated dependencies ... OK
* checking whether the namespace can be unloaded cleanly ... OK
* checking loading without being on the library search path ... OK
* checking dependencies in R code ... OK
* checking S3 generic/method consistency ... OK
* checking replacement functions ... OK
* checking foreign function calls ... OK
* checking R code for possible problems ... NOTE
calJSI : processJSI: no visible binding for global variable ‘CCF’
cna2gene: no visible global function definition for ‘genes’
cna2gene: no visible binding for global variable ‘org.Hs.eg.db’
cna2gene: no visible binding for global variable ‘seqnames’
cna2gene: no visible binding for global variable ‘Chromosome’
cna2gene: no visible binding for global variable ‘Hugo_Symbol’
cna2gene: no visible binding for global variable ‘Start_Position’
cna2gene: no visible binding for global variable ‘End_Position’
cna2gene: no visible binding for global variable ‘i.End_Position’
cna2gene: no visible binding for global variable ‘i.Start_Position’
cna2gene: no visible binding for global variable ‘Patient_ID’
cna2gene: no visible binding for global variable ‘Tumor_Sample_Barcode’
cna2gene: no visible binding for global variable ‘seg_id’
cna2gene: no visible binding for global variable ‘overlap_width’
copyNumberFilter: no visible binding for global variable ‘Patient_ID’
drawVAFCombine: no visible binding for global variable ‘V’
drawVAFCombineVline: no visible binding for global variable ‘V’
fitSignatures : processFitSig: no visible binding for global variable
‘Branch’
fitSignatures : processFitSig: no visible binding for global variable
‘Original’
fitSignatures : processFitSig: no visible binding for global variable
‘Reconstructed’
mutCluster : processVafcluster_sample: no visible binding for global
variable ‘cluster’
plotCNA: no visible binding for global variable ‘Cytoband’
plotCNA: no visible binding for global variable ‘Cytoband_pos’
plotCNA: no visible binding for global variable ‘gene_id’
plotCNA: no visible binding for global variable ‘gene_pos’
plotCNA: no visible binding for global variable ‘Hugo_Symbol’
plotTree: no visible binding for global variable ‘is.match’
plotTree: no visible binding for global variable ‘x’
plotTree: no visible binding for global variable ‘y’
plotTree: no visible binding for global variable ‘xend’
plotTree: no visible binding for global variable ‘yend’
Undefined global functions or variables:
Branch CCF Chromosome Cytoband Cytoband_pos End_Position Hugo_Symbol
Original Patient_ID Reconstructed Start_Position Tumor_Sample_Barcode
V cluster gene_id gene_pos genes i.End_Position i.Start_Position
is.match org.Hs.eg.db overlap_width seg_id seqnames x xend y yend
* checking Rd files ... OK
* checking Rd metadata ... OK
* checking Rd cross-references ... OK
* checking for missing documentation entries ... OK
* checking for code/documentation mismatches ... OK
* checking Rd \usage sections ... OK
* checking Rd contents ... OK
* checking for unstated dependencies in examples ... OK
* checking files in ‘vignettes’ ... OK
* checking examples ... OK
Examples with CPU (user + system) or elapsed time > 5s
user system elapsed
cna2gene 25.099 0.564 25.503
calFst 20.747 0.424 21.130
getPhyloTreeRef 19.381 0.140 19.470
getBootstrapValue 17.969 0.100 18.019
getBranchType 17.545 0.092 17.590
compareCCF 17.012 0.484 17.440
getMutBranches 17.324 0.164 17.436
getPhyloTree 17.363 0.040 17.352
getTreeMethod 17.226 0.164 17.342
getPhyloTreePatient 16.774 0.076 16.801
getPhyloTreeTsbLabel 16.427 0.144 16.516
getBinaryMatrix 16.310 0.136 16.394
getTree 16.196 0.088 16.235
calNeiDist 15.576 0.120 15.640
getCCFMatrix 15.423 0.036 15.412
plotMutSigProfile 15.340 0.108 15.409
calJSI 13.338 0.072 13.357
mutHeatmap 11.782 0.100 11.830
compareTree 11.754 0.052 11.759
ccfAUC 11.210 0.036 11.196
fitSignatures 9.826 0.104 9.898
mutCluster 9.472 0.136 9.569
triMatrix 9.331 0.093 9.383
mutTrunkBranch 9.304 0.068 9.335
testNeutral 9.299 0.036 9.278
plotPhyloTree 9.073 0.036 9.069
plotMutProfile 8.761 0.028 8.740
classifyMut 8.184 0.112 8.250
getNonSyn_vc 7.789 0.096 7.852
getSampleInfo 7.845 0.012 7.828
subMaf 7.374 0.004 7.335
readMaf 7.257 0.032 7.226
getMafPatient 7.121 0.048 7.138
getMafData 7.043 0.008 7.021
getMafRef 6.992 0.016 6.977
mathScore 6.960 0.040 6.954
* checking for unstated dependencies in vignettes ... OK
* checking package vignettes in ‘inst/doc’ ... OK
* checking running R code from vignettes ...
‘MesKit.Rmd’ using ‘UTF-8’... OK
NONE
* checking re-building of vignette outputs ... OK
* checking PDF version of manual ... OK
* DONE
Status: 1 WARNING, 3 NOTEs
See
‘/home/biocbuild/bbs-3.17-bioc/meat/MesKit.Rcheck/00check.log’
for details.
MesKit.Rcheck/00install.out
############################################################################## ############################################################################## ### ### Running command: ### ### /home/biocbuild/bbs-3.17-bioc/R/bin/R CMD INSTALL MesKit ### ############################################################################## ############################################################################## * installing to library ‘/home/biocbuild/bbs-3.17-bioc/R/site-library’ * installing *source* package ‘MesKit’ ... ** using staged installation ** R ** inst ** byte-compile and prepare package for lazy loading Warning: replacing previous import ‘ape::degree’ by ‘circlize::degree’ when loading ‘MesKit’ Warning: replacing previous import ‘ape::where’ by ‘dplyr::where’ when loading ‘MesKit’ ** help *** installing help indices ** building package indices ** installing vignettes ** testing if installed package can be loaded from temporary location Warning: replacing previous import ‘ape::degree’ by ‘circlize::degree’ when loading ‘MesKit’ Warning: replacing previous import ‘ape::where’ by ‘dplyr::where’ when loading ‘MesKit’ ** testing if installed package can be loaded from final location Warning: replacing previous import ‘ape::degree’ by ‘circlize::degree’ when loading ‘MesKit’ Warning: replacing previous import ‘ape::where’ by ‘dplyr::where’ when loading ‘MesKit’ ** testing if installed package keeps a record of temporary installation path * DONE (MesKit)
MesKit.Rcheck/MesKit-Ex.timings
| name | user | system | elapsed | |
| calFst | 20.747 | 0.424 | 21.130 | |
| calJSI | 13.338 | 0.072 | 13.357 | |
| calNeiDist | 15.576 | 0.120 | 15.640 | |
| ccfAUC | 11.210 | 0.036 | 11.196 | |
| classifyMut | 8.184 | 0.112 | 8.250 | |
| cna2gene | 25.099 | 0.564 | 25.503 | |
| compareCCF | 17.012 | 0.484 | 17.440 | |
| compareTree | 11.754 | 0.052 | 11.759 | |
| fitSignatures | 9.826 | 0.104 | 9.898 | |
| getBinaryMatrix | 16.310 | 0.136 | 16.394 | |
| getBootstrapValue | 17.969 | 0.100 | 18.019 | |
| getBranchType | 17.545 | 0.092 | 17.590 | |
| getCCFMatrix | 15.423 | 0.036 | 15.412 | |
| getMafData | 7.043 | 0.008 | 7.021 | |
| getMafPatient | 7.121 | 0.048 | 7.138 | |
| getMafRef | 6.992 | 0.016 | 6.977 | |
| getMutBranches | 17.324 | 0.164 | 17.436 | |
| getNonSyn_vc | 7.789 | 0.096 | 7.852 | |
| getPhyloTree | 17.363 | 0.040 | 17.352 | |
| getPhyloTreePatient | 16.774 | 0.076 | 16.801 | |
| getPhyloTreeRef | 19.381 | 0.140 | 19.470 | |
| getPhyloTreeTsbLabel | 16.427 | 0.144 | 16.516 | |
| getSampleInfo | 7.845 | 0.012 | 7.828 | |
| getTree | 16.196 | 0.088 | 16.235 | |
| getTreeMethod | 17.226 | 0.164 | 17.342 | |
| mathScore | 6.960 | 0.040 | 6.954 | |
| mutCluster | 9.472 | 0.136 | 9.569 | |
| mutHeatmap | 11.782 | 0.100 | 11.830 | |
| mutTrunkBranch | 9.304 | 0.068 | 9.335 | |
| plotCNA | 3.086 | 0.008 | 2.994 | |
| plotMutProfile | 8.761 | 0.028 | 8.740 | |
| plotMutSigProfile | 15.340 | 0.108 | 15.409 | |
| plotPhyloTree | 9.073 | 0.036 | 9.069 | |
| readMaf | 7.257 | 0.032 | 7.226 | |
| readSegment | 0.578 | 0.004 | 0.517 | |
| runMesKit | 0 | 0 | 0 | |
| subMaf | 7.374 | 0.004 | 7.335 | |
| testNeutral | 9.299 | 0.036 | 9.278 | |
| triMatrix | 9.331 | 0.093 | 9.383 | |