| Back to Multiple platform build/check report for BioC 3.17 |
|
This page was generated on 2023-04-12 10:55:27 -0400 (Wed, 12 Apr 2023).
| Hostname | OS | Arch (*) | R version | Installed pkgs |
|---|---|---|---|---|
| nebbiolo1 | Linux (Ubuntu 22.04.1 LTS) | x86_64 | 4.3.0 alpha (2023-04-03 r84154) | 4547 |
| nebbiolo2 | Linux (Ubuntu 20.04.5 LTS) | x86_64 | R Under development (unstable) (2023-02-14 r83833) -- "Unsuffered Consequences" | 4333 |
| Click on any hostname to see more info about the system (e.g. compilers) (*) as reported by 'uname -p', except on Windows and Mac OS X | ||||
|
To the developers/maintainers of the MesKit package: - Allow up to 24 hours (and sometimes 48 hours) for your latest push to git@git.bioconductor.org:packages/MesKit.git to reflect on this report. See Troubleshooting Build Report for more information. - Use the following Renviron settings to reproduce errors and warnings. Note: If "R CMD check" recently failed on the Linux builder over a missing dependency, add the missing dependency to "Suggests" in your DESCRIPTION file. See the Renviron.bioc for details. |
| Package 1152/2207 | Hostname | OS / Arch | INSTALL | BUILD | CHECK | BUILD BIN | ||||||||
| MesKit 1.9.0 (landing page) Mengni Liu
| nebbiolo1 | Linux (Ubuntu 22.04.1 LTS) / x86_64 | OK | OK | WARNINGS | |||||||||
| nebbiolo2 | Linux (Ubuntu 20.04.5 LTS) / x86_64 | OK | OK | WARNINGS | ||||||||||
| Package: MesKit |
| Version: 1.9.0 |
| Command: /home/biocbuild/bbs-3.17-bioc/R/bin/R CMD check --install=check:MesKit.install-out.txt --library=/home/biocbuild/bbs-3.17-bioc/R/site-library --timings MesKit_1.9.0.tar.gz |
| StartedAt: 2023-04-11 21:23:45 -0400 (Tue, 11 Apr 2023) |
| EndedAt: 2023-04-11 21:34:22 -0400 (Tue, 11 Apr 2023) |
| EllapsedTime: 637.2 seconds |
| RetCode: 0 |
| Status: WARNINGS |
| CheckDir: MesKit.Rcheck |
| Warnings: 1 |
##############################################################################
##############################################################################
###
### Running command:
###
### /home/biocbuild/bbs-3.17-bioc/R/bin/R CMD check --install=check:MesKit.install-out.txt --library=/home/biocbuild/bbs-3.17-bioc/R/site-library --timings MesKit_1.9.0.tar.gz
###
##############################################################################
##############################################################################
* using log directory ‘/home/biocbuild/bbs-3.17-bioc/meat/MesKit.Rcheck’
* using R version 4.3.0 alpha (2023-04-03 r84154)
* using platform: x86_64-pc-linux-gnu (64-bit)
* R was compiled by
gcc (Ubuntu 11.3.0-1ubuntu1~22.04) 11.3.0
GNU Fortran (Ubuntu 11.3.0-1ubuntu1~22.04) 11.3.0
* running under: Ubuntu 22.04.2 LTS
* using session charset: UTF-8
* checking for file ‘MesKit/DESCRIPTION’ ... OK
* checking extension type ... Package
* this is package ‘MesKit’ version ‘1.9.0’
* package encoding: UTF-8
* checking package namespace information ... OK
* checking package dependencies ... OK
* checking if this is a source package ... OK
* checking if there is a namespace ... OK
* checking for hidden files and directories ... OK
* checking for portable file names ... OK
* checking for sufficient/correct file permissions ... OK
* checking whether package ‘MesKit’ can be installed ... WARNING
Found the following significant warnings:
Warning: replacing previous import ‘ape::degree’ by ‘circlize::degree’ when loading ‘MesKit’
Warning: replacing previous import ‘ape::where’ by ‘dplyr::where’ when loading ‘MesKit’
See ‘/home/biocbuild/bbs-3.17-bioc/meat/MesKit.Rcheck/00install.out’ for details.
* checking installed package size ... OK
* checking package directory ... OK
* checking ‘build’ directory ... OK
* checking DESCRIPTION meta-information ... OK
* checking top-level files ... NOTE
File
LICENSE
is not mentioned in the DESCRIPTION file.
* checking for left-over files ... OK
* checking index information ... OK
* checking package subdirectories ... OK
* checking R files for non-ASCII characters ... OK
* checking R files for syntax errors ... OK
* checking whether the package can be loaded ... OK
* checking whether the package can be loaded with stated dependencies ... OK
* checking whether the package can be unloaded cleanly ... OK
* checking whether the namespace can be loaded with stated dependencies ... OK
* checking whether the namespace can be unloaded cleanly ... OK
* checking loading without being on the library search path ... OK
* checking dependencies in R code ... OK
* checking S3 generic/method consistency ... OK
* checking replacement functions ... OK
* checking foreign function calls ... OK
* checking R code for possible problems ... NOTE
calJSI : processJSI: no visible binding for global variable ‘CCF’
cna2gene: no visible global function definition for ‘genes’
cna2gene: no visible binding for global variable ‘org.Hs.eg.db’
cna2gene: no visible binding for global variable ‘seqnames’
cna2gene: no visible binding for global variable ‘Chromosome’
cna2gene: no visible binding for global variable ‘Hugo_Symbol’
cna2gene: no visible binding for global variable ‘Start_Position’
cna2gene: no visible binding for global variable ‘End_Position’
cna2gene: no visible binding for global variable ‘i.End_Position’
cna2gene: no visible binding for global variable ‘i.Start_Position’
cna2gene: no visible binding for global variable ‘Patient_ID’
cna2gene: no visible binding for global variable ‘Tumor_Sample_Barcode’
cna2gene: no visible binding for global variable ‘seg_id’
cna2gene: no visible binding for global variable ‘overlap_width’
copyNumberFilter: no visible binding for global variable ‘Patient_ID’
drawVAFCombine: no visible binding for global variable ‘V’
drawVAFCombineVline: no visible binding for global variable ‘V’
fitSignatures : processFitSig: no visible binding for global variable
‘Branch’
fitSignatures : processFitSig: no visible binding for global variable
‘Original’
fitSignatures : processFitSig: no visible binding for global variable
‘Reconstructed’
mutCluster : processVafcluster_sample: no visible binding for global
variable ‘cluster’
plotCNA: no visible binding for global variable ‘Cytoband’
plotCNA: no visible binding for global variable ‘Cytoband_pos’
plotCNA: no visible binding for global variable ‘gene_id’
plotCNA: no visible binding for global variable ‘gene_pos’
plotCNA: no visible binding for global variable ‘Hugo_Symbol’
plotTree: no visible binding for global variable ‘is.match’
plotTree: no visible binding for global variable ‘x’
plotTree: no visible binding for global variable ‘y’
plotTree: no visible binding for global variable ‘xend’
plotTree: no visible binding for global variable ‘yend’
Undefined global functions or variables:
Branch CCF Chromosome Cytoband Cytoband_pos End_Position Hugo_Symbol
Original Patient_ID Reconstructed Start_Position Tumor_Sample_Barcode
V cluster gene_id gene_pos genes i.End_Position i.Start_Position
is.match org.Hs.eg.db overlap_width seg_id seqnames x xend y yend
* checking Rd files ... OK
* checking Rd metadata ... OK
* checking Rd cross-references ... OK
* checking for missing documentation entries ... OK
* checking for code/documentation mismatches ... OK
* checking Rd \usage sections ... OK
* checking Rd contents ... OK
* checking for unstated dependencies in examples ... OK
* checking files in ‘vignettes’ ... OK
* checking examples ... OK
Examples with CPU (user + system) or elapsed time > 5s
user system elapsed
cna2gene 22.079 0.764 22.655
getMutBranches 17.526 0.328 17.808
calFst 16.422 0.348 16.726
getTree 15.590 0.148 15.692
getBinaryMatrix 15.528 0.160 15.627
getBootstrapValue 15.526 0.112 15.593
getPhyloTreePatient 15.490 0.148 15.590
getCCFMatrix 15.372 0.104 15.429
getBranchType 15.383 0.040 15.379
getPhyloTree 15.261 0.075 15.290
getPhyloTreeTsbLabel 14.578 0.060 14.594
getTreeMethod 14.537 0.084 14.578
getPhyloTreeRef 14.451 0.128 14.533
calNeiDist 12.659 0.124 12.732
compareCCF 11.657 0.988 12.598
calJSI 12.409 0.076 12.435
plotMutSigProfile 12.298 0.172 12.433
mutHeatmap 12.249 0.048 12.234
compareTree 11.159 0.072 11.187
mutTrunkBranch 10.221 0.232 10.412
fitSignatures 10.033 0.204 10.190
mutCluster 9.782 0.288 10.034
ccfAUC 9.510 0.056 9.521
classifyMut 9.011 0.500 9.462
triMatrix 8.934 0.152 9.049
plotPhyloTree 8.537 0.080 8.576
testNeutral 8.521 0.036 8.503
plotMutProfile 8.090 0.028 8.068
getMafRef 7.527 0.012 7.506
mathScore 7.224 0.052 7.224
getMafPatient 7.232 0.024 7.224
getMafData 7.196 0.036 7.202
getNonSyn_vc 7.032 0.028 7.031
readMaf 6.988 0.012 6.939
getSampleInfo 6.836 0.020 6.826
subMaf 6.647 0.004 6.616
* checking for unstated dependencies in vignettes ... OK
* checking package vignettes in ‘inst/doc’ ... OK
* checking running R code from vignettes ...
‘MesKit.Rmd’ using ‘UTF-8’... OK
NONE
* checking re-building of vignette outputs ... OK
* checking PDF version of manual ... OK
* DONE
Status: 1 WARNING, 2 NOTEs
See
‘/home/biocbuild/bbs-3.17-bioc/meat/MesKit.Rcheck/00check.log’
for details.
MesKit.Rcheck/00install.out
############################################################################## ############################################################################## ### ### Running command: ### ### /home/biocbuild/bbs-3.17-bioc/R/bin/R CMD INSTALL MesKit ### ############################################################################## ############################################################################## * installing to library ‘/home/biocbuild/bbs-3.17-bioc/R/site-library’ * installing *source* package ‘MesKit’ ... ** using staged installation ** R ** inst ** byte-compile and prepare package for lazy loading Warning: replacing previous import ‘ape::degree’ by ‘circlize::degree’ when loading ‘MesKit’ Warning: replacing previous import ‘ape::where’ by ‘dplyr::where’ when loading ‘MesKit’ ** help *** installing help indices ** building package indices ** installing vignettes ** testing if installed package can be loaded from temporary location Warning: replacing previous import ‘ape::degree’ by ‘circlize::degree’ when loading ‘MesKit’ Warning: replacing previous import ‘ape::where’ by ‘dplyr::where’ when loading ‘MesKit’ ** testing if installed package can be loaded from final location Warning: replacing previous import ‘ape::degree’ by ‘circlize::degree’ when loading ‘MesKit’ Warning: replacing previous import ‘ape::where’ by ‘dplyr::where’ when loading ‘MesKit’ ** testing if installed package keeps a record of temporary installation path * DONE (MesKit)
MesKit.Rcheck/MesKit-Ex.timings
| name | user | system | elapsed | |
| calFst | 16.422 | 0.348 | 16.726 | |
| calJSI | 12.409 | 0.076 | 12.435 | |
| calNeiDist | 12.659 | 0.124 | 12.732 | |
| ccfAUC | 9.510 | 0.056 | 9.521 | |
| classifyMut | 9.011 | 0.500 | 9.462 | |
| cna2gene | 22.079 | 0.764 | 22.655 | |
| compareCCF | 11.657 | 0.988 | 12.598 | |
| compareTree | 11.159 | 0.072 | 11.187 | |
| fitSignatures | 10.033 | 0.204 | 10.190 | |
| getBinaryMatrix | 15.528 | 0.160 | 15.627 | |
| getBootstrapValue | 15.526 | 0.112 | 15.593 | |
| getBranchType | 15.383 | 0.040 | 15.379 | |
| getCCFMatrix | 15.372 | 0.104 | 15.429 | |
| getMafData | 7.196 | 0.036 | 7.202 | |
| getMafPatient | 7.232 | 0.024 | 7.224 | |
| getMafRef | 7.527 | 0.012 | 7.506 | |
| getMutBranches | 17.526 | 0.328 | 17.808 | |
| getNonSyn_vc | 7.032 | 0.028 | 7.031 | |
| getPhyloTree | 15.261 | 0.075 | 15.290 | |
| getPhyloTreePatient | 15.490 | 0.148 | 15.590 | |
| getPhyloTreeRef | 14.451 | 0.128 | 14.533 | |
| getPhyloTreeTsbLabel | 14.578 | 0.060 | 14.594 | |
| getSampleInfo | 6.836 | 0.020 | 6.826 | |
| getTree | 15.590 | 0.148 | 15.692 | |
| getTreeMethod | 14.537 | 0.084 | 14.578 | |
| mathScore | 7.224 | 0.052 | 7.224 | |
| mutCluster | 9.782 | 0.288 | 10.034 | |
| mutHeatmap | 12.249 | 0.048 | 12.234 | |
| mutTrunkBranch | 10.221 | 0.232 | 10.412 | |
| plotCNA | 2.924 | 0.036 | 2.865 | |
| plotMutProfile | 8.090 | 0.028 | 8.068 | |
| plotMutSigProfile | 12.298 | 0.172 | 12.433 | |
| plotPhyloTree | 8.537 | 0.080 | 8.576 | |
| readMaf | 6.988 | 0.012 | 6.939 | |
| readSegment | 0.479 | 0.008 | 0.434 | |
| runMesKit | 0 | 0 | 0 | |
| subMaf | 6.647 | 0.004 | 6.616 | |
| testNeutral | 8.521 | 0.036 | 8.503 | |
| triMatrix | 8.934 | 0.152 | 9.049 | |