| Back to Build/check report for BioC 3.17 |
|
This page was generated on 2023-01-02 09:00:56 -0500 (Mon, 02 Jan 2023).
| Hostname | OS | Arch (*) | R version | Installed pkgs |
|---|---|---|---|---|
| palomino5 | Windows Server 2022 Datacenter | x64 | R Under development (unstable) (2022-12-25 r83502 ucrt) -- "Unsuffered Consequences" | 4165 |
| Click on any hostname to see more info about the system (e.g. compilers) (*) as reported by 'uname -p', except on Windows and Mac OS X | ||||
|
To the developers/maintainers of the zlibbioc package: Make sure to use the following settings in order to reproduce any error or warning you see on this page. |
| Package 2158/2158 | Hostname | OS / Arch | INSTALL | BUILD | CHECK | BUILD BIN | ||||||||
| zlibbioc 1.45.0 (landing page) Bioconductor Package Maintainer
| palomino5 | Windows Server 2022 Datacenter / x64 | OK | OK | WARNINGS | OK | ||||||||
| Package: zlibbioc |
| Version: 1.45.0 |
| Command: F:\biocbuild\bbs-3.17-bioc\R\bin\R.exe CMD check --no-multiarch --install=check:zlibbioc.install-out.txt --library=F:\biocbuild\bbs-3.17-bioc\R\library --no-vignettes --timings zlibbioc_1.45.0.tar.gz |
| StartedAt: 2022-12-29 04:37:50 -0500 (Thu, 29 Dec 2022) |
| EndedAt: 2022-12-29 04:38:17 -0500 (Thu, 29 Dec 2022) |
| EllapsedTime: 26.5 seconds |
| RetCode: 0 |
| Status: WARNINGS |
| CheckDir: zlibbioc.Rcheck |
| Warnings: 1 |
##############################################################################
##############################################################################
###
### Running command:
###
### F:\biocbuild\bbs-3.17-bioc\R\bin\R.exe CMD check --no-multiarch --install=check:zlibbioc.install-out.txt --library=F:\biocbuild\bbs-3.17-bioc\R\library --no-vignettes --timings zlibbioc_1.45.0.tar.gz
###
##############################################################################
##############################################################################
* using log directory 'F:/biocbuild/bbs-3.17-bioc-rtools43/meat/zlibbioc.Rcheck'
* using R Under development (unstable) (2022-12-25 r83502 ucrt)
* using platform: x86_64-w64-mingw32 (64-bit)
* R was compiled by
gcc.exe (GCC) 10.4.0
GNU Fortran (GCC) 10.4.0
* running under: Windows Server x64 (build 20348)
* using session charset: UTF-8
* using option '--no-vignettes'
* checking for file 'zlibbioc/DESCRIPTION' ... OK
* checking extension type ... Package
* this is package 'zlibbioc' version '1.45.0'
* checking package namespace information ... OK
* checking package dependencies ... OK
* checking if this is a source package ... OK
* checking if there is a namespace ... OK
* checking for hidden files and directories ... OK
* checking for portable file names ... OK
* checking whether package 'zlibbioc' can be installed ... OK
* used C compiler: 'gcc.exe (GCC) 12.2.0'
* checking installed package size ... OK
* checking package directory ... OK
* checking DESCRIPTION meta-information ... NOTE
License components with restrictions not permitted:
Artistic-2.0 + file LICENSE
* checking top-level files ... OK
* checking for left-over files ... OK
* checking index information ... OK
* checking package subdirectories ... OK
* checking R files for non-ASCII characters ... OK
* checking R files for syntax errors ... OK
* checking whether the package can be loaded ... OK
* checking whether the package can be loaded with stated dependencies ... OK
* checking whether the package can be unloaded cleanly ... OK
* checking whether the namespace can be loaded with stated dependencies ... OK
* checking whether the namespace can be unloaded cleanly ... OK
* checking dependencies in R code ... OK
* checking S3 generic/method consistency ... OK
* checking replacement functions ... OK
* checking foreign function calls ... OK
* checking R code for possible problems ... OK
* checking Rd files ... OK
* checking Rd metadata ... OK
* checking Rd cross-references ... OK
* checking for missing documentation entries ... OK
* checking for code/documentation mismatches ... OK
* checking Rd \usage sections ... OK
* checking Rd contents ... OK
* checking for unstated dependencies in examples ... OK
* checking line endings in shell scripts ... OK
* checking line endings in C/C++/Fortran sources/headers ... OK
* checking line endings in Makefiles ... OK
* checking compilation flags in Makevars ... OK
* checking for GNU extensions in Makefiles ... OK
* checking for portable use of $(BLAS_LIBS) and $(LAPACK_LIBS) ... OK
* checking use of PKG_*FLAGS in Makefiles ... OK
* checking include directives in Makefiles ... OK
* checking compiled code ... NOTE
Note: information on .o files for x64 is not available
File 'F:/biocbuild/bbs-3.17-bioc/R/library/zlibbioc/libs/x64/zlib1bioc.dll':
Found 'abort', possibly from 'abort' (C), 'runtime' (Fortran)
File 'F:/biocbuild/bbs-3.17-bioc/R/library/zlibbioc/libs/x64/zlibbioc.dll':
Found 'abort', possibly from 'abort' (C), 'runtime' (Fortran)
Compiled code should not call entry points which might terminate R nor
write to stdout/stderr instead of to the console, nor use Fortran I/O
nor system RNGs nor [v]sprintf. The detected symbols are linked into
the code but might come from libraries and not actually be called.
See 'Writing portable packages' in the 'Writing R Extensions' manual.
* checking files in 'vignettes' ... WARNING
Files in the 'vignettes' directory but no files in 'inst/doc':
'UsingZlibbioc.Rmd'
Package has no Sweave vignette sources and no VignetteBuilder field.
* checking examples ... OK
* checking PDF version of manual ... OK
* DONE
Status: 1 WARNING, 2 NOTEs
See
'F:/biocbuild/bbs-3.17-bioc-rtools43/meat/zlibbioc.Rcheck/00check.log'
for details.
zlibbioc.Rcheck/00install.out
##############################################################################
##############################################################################
###
### Running command:
###
### F:\biocbuild\bbs-3.17-bioc\R\bin\R.exe CMD INSTALL zlibbioc
###
##############################################################################
##############################################################################
* installing to library 'F:/biocbuild/bbs-3.17-bioc/R/library'
* installing *source* package 'zlibbioc' ...
** using staged installation
**********************************************
WARNING: this package has a configure script
It probably needs manual configuration
**********************************************
** libs
using C compiler: 'gcc.exe (GCC) 12.2.0'
mkdir -p "F:/biocbuild/bbs-3.17-bioc/R/library/00LOCK-zlibbioc/00new/zlibbioc/include" "F:/biocbuild/bbs-3.17-bioc/R/library/00LOCK-zlibbioc/00new/zlibbioc/libs/x64"
make -C zlib-1.2.5 -f"F:/biocbuild/bbs-3.17-bioc/R/etc/x64/Makeconf" -fwin32/Makefile.gcc libzbioc.a zlib1bioc.dll
make[1]: Entering directory '/f/biocbuild/bbs-3.17-bioc-rtools43/meat/zlibbioc/src/zlib-1.2.5'
win32/Makefile.gcc:90: warning: overriding recipe for target '.c.o'
F:/biocbuild/bbs-3.17-bioc/R/etc/x64/Makeconf:257: warning: ignoring old recipe for target '.c.o'
gcc -m64 -O3 -Wall -DNO_VIZ -DZ_PREFIX -c -o adler32.o adler32.c
gcc -m64 -O3 -Wall -DNO_VIZ -DZ_PREFIX -c -o compress.o compress.c
gcc -m64 -O3 -Wall -DNO_VIZ -DZ_PREFIX -c -o crc32.o crc32.c
gcc -m64 -O3 -Wall -DNO_VIZ -DZ_PREFIX -c -o deflate.o deflate.c
gcc -m64 -O3 -Wall -DNO_VIZ -DZ_PREFIX -c -o gzclose.o gzclose.c
gcc -m64 -O3 -Wall -DNO_VIZ -DZ_PREFIX -c -o gzlib.o gzlib.c
gcc -m64 -O3 -Wall -DNO_VIZ -DZ_PREFIX -c -o gzread.o gzread.c
gcc -m64 -O3 -Wall -DNO_VIZ -DZ_PREFIX -c -o gzwrite.o gzwrite.c
gcc -m64 -O3 -Wall -DNO_VIZ -DZ_PREFIX -c -o infback.o infback.c
gcc -m64 -O3 -Wall -DNO_VIZ -DZ_PREFIX -c -o inffast.o inffast.c
gcc -m64 -O3 -Wall -DNO_VIZ -DZ_PREFIX -c -o inflate.o inflate.c
gcc -m64 -O3 -Wall -DNO_VIZ -DZ_PREFIX -c -o inftrees.o inftrees.c
gcc -m64 -O3 -Wall -DNO_VIZ -DZ_PREFIX -c -o trees.o trees.c
gcc -m64 -O3 -Wall -DNO_VIZ -DZ_PREFIX -c -o uncompr.o uncompr.c
gcc -m64 -O3 -Wall -DNO_VIZ -DZ_PREFIX -c -o zutil.o zutil.c
ar rcs libzbioc.a adler32.o compress.o crc32.o deflate.o gzclose.o gzlib.o gzread.o gzwrite.o infback.o inffast.o inflate.o inftrees.o trees.o uncompr.o zutil.o
windres --define GCC_WINDRES --target=pe-x86-64 -o zlibrc.o win32/zlib1.rc
gcc -m64 -shared -Wl,--out-implib,libzbiocdll.a \
-o zlib1bioc.dll win32/zlib.def adler32.o compress.o crc32.o deflate.o gzclose.o gzlib.o gzread.o gzwrite.o infback.o inffast.o inflate.o inftrees.o trees.o uncompr.o zutil.o zlibrc.o
strip zlib1bioc.dll
make[1]: Leaving directory '/f/biocbuild/bbs-3.17-bioc-rtools43/meat/zlibbioc/src/zlib-1.2.5'
cp zlib-1.2.5/libzbioc.a zlib-1.2.5/zlib1bioc.dll \
"F:/biocbuild/bbs-3.17-bioc/R/library/00LOCK-zlibbioc/00new/zlibbioc/libs/x64"
cp zlib-1.2.5/zconf.h zlib-1.2.5/zlib.h "F:/biocbuild/bbs-3.17-bioc/R/library/00LOCK-zlibbioc/00new/zlibbioc/include"
gcc -I"F:/biocbuild/bbs-3.17-bioc/R/include" -DNDEBUG -I"c:/rtools42/x86_64-w64-mingw32.static.posix/include" -O2 -Wall -std=gnu99 -mfpmath=sse -msse2 -mstackrealign -c R_init_zlibbioc.c -o R_init_zlibbioc.o
gcc -shared -s -static-libgcc -o zlibbioc.dll tmp.def R_init_zlibbioc.o -Lc:/rtools42/x86_64-w64-mingw32.static.posix/lib/x64 -Lc:/rtools42/x86_64-w64-mingw32.static.posix/lib -LF:/biocbuild/bbs-3.17-bioc/R/bin/x64 -lR
installing to F:/biocbuild/bbs-3.17-bioc/R/library/00LOCK-zlibbioc/00new/zlibbioc/libs/x64
** R
** byte-compile and prepare package for lazy loading
** help
*** installing help indices
** building package indices
** installing vignettes
** testing if installed package can be loaded from temporary location
** testing if installed package can be loaded from final location
** testing if installed package keeps a record of temporary installation path
* DONE (zlibbioc)
zlibbioc.Rcheck/zlibbioc-Ex.timings
| name | user | system | elapsed | |
| pkgconfig | 0.00 | 0.02 | 0.01 | |
| zlibbioc-package | 0.03 | 0.00 | 0.03 | |