| Back to Multiple platform build/check report for BioC 3.16: simplified long |
|
This page was generated on 2023-04-12 11:06:17 -0400 (Wed, 12 Apr 2023).
| Hostname | OS | Arch (*) | R version | Installed pkgs |
|---|---|---|---|---|
| nebbiolo2 | Linux (Ubuntu 20.04.5 LTS) | x86_64 | 4.2.3 (2023-03-15) -- "Shortstop Beagle" | 4502 |
| palomino4 | Windows Server 2022 Datacenter | x64 | 4.2.3 (2023-03-15 ucrt) -- "Shortstop Beagle" | 4282 |
| lconway | macOS 12.5.1 Monterey | x86_64 | 4.2.3 (2023-03-15) -- "Shortstop Beagle" | 4310 |
| Click on any hostname to see more info about the system (e.g. compilers) (*) as reported by 'uname -p', except on Windows and Mac OS X | ||||
|
To the developers/maintainers of the ncdfFlow package: - Please allow up to 24 hours (and sometimes 48 hours) for your latest push to git@git.bioconductor.org:packages/ncdfFlow.git to reflect on this report. See How and When does the builder pull? When will my changes propagate? for more information. - Make sure to use the following settings in order to reproduce any error or warning you see on this page. |
| Package 1329/2183 | Hostname | OS / Arch | INSTALL | BUILD | CHECK | BUILD BIN | ||||||||
| ncdfFlow 2.44.0 (landing page) Mike Jiang
| nebbiolo2 | Linux (Ubuntu 20.04.5 LTS) / x86_64 | OK | OK | WARNINGS | |||||||||
| palomino4 | Windows Server 2022 Datacenter / x64 | OK | OK | WARNINGS | OK | |||||||||
| lconway | macOS 12.5.1 Monterey / x86_64 | OK | OK | WARNINGS | OK | |||||||||
| Package: ncdfFlow |
| Version: 2.44.0 |
| Command: /Library/Frameworks/R.framework/Resources/bin/R CMD check --install=check:ncdfFlow.install-out.txt --library=/Library/Frameworks/R.framework/Resources/library --no-vignettes --timings ncdfFlow_2.44.0.tar.gz |
| StartedAt: 2023-04-10 21:29:44 -0400 (Mon, 10 Apr 2023) |
| EndedAt: 2023-04-10 21:31:13 -0400 (Mon, 10 Apr 2023) |
| EllapsedTime: 88.9 seconds |
| RetCode: 0 |
| Status: WARNINGS |
| CheckDir: ncdfFlow.Rcheck |
| Warnings: 2 |
##############################################################################
##############################################################################
###
### Running command:
###
### /Library/Frameworks/R.framework/Resources/bin/R CMD check --install=check:ncdfFlow.install-out.txt --library=/Library/Frameworks/R.framework/Resources/library --no-vignettes --timings ncdfFlow_2.44.0.tar.gz
###
##############################################################################
##############################################################################
* using log directory ‘/Users/biocbuild/bbs-3.16-bioc/meat/ncdfFlow.Rcheck’
* using R version 4.2.3 (2023-03-15)
* using platform: x86_64-apple-darwin17.0 (64-bit)
* using session charset: UTF-8
* using option ‘--no-vignettes’
* checking for file ‘ncdfFlow/DESCRIPTION’ ... OK
* this is package ‘ncdfFlow’ version ‘2.44.0’
* checking package namespace information ... OK
* checking package dependencies ... OK
* checking if this is a source package ... OK
* checking if there is a namespace ... OK
* checking for hidden files and directories ... OK
* checking for portable file names ... OK
* checking for sufficient/correct file permissions ... OK
* checking whether package ‘ncdfFlow’ can be installed ... OK
* checking installed package size ... OK
* checking package directory ... OK
* checking ‘build’ directory ... OK
* checking DESCRIPTION meta-information ... NOTE
Malformed Title field: should not end in a period.
Non-standard license specification:
AGPL-3.0-only
Standardizable: FALSE
Package listed in more than one of Depends, Imports, Suggests, Enhances:
‘flowCore’
A package should be listed in only one of these fields.
* checking top-level files ... NOTE
File
LICENSE
is not mentioned in the DESCRIPTION file.
* checking for left-over files ... OK
* checking index information ... OK
* checking package subdirectories ... OK
* checking R files for non-ASCII characters ... OK
* checking R files for syntax errors ... OK
* checking whether the package can be loaded ... OK
* checking whether the package can be loaded with stated dependencies ... OK
* checking whether the package can be unloaded cleanly ... OK
* checking whether the namespace can be loaded with stated dependencies ... OK
* checking whether the namespace can be unloaded cleanly ... OK
* checking dependencies in R code ... NOTE
'library' or 'require' call to ‘parallel’ in package code.
Please use :: or requireNamespace() instead.
See section 'Suggested packages' in the 'Writing R Extensions' manual.
Package in Depends field not imported from: ‘BH’
These packages need to be imported from (in the NAMESPACE file)
for when this namespace is loaded but not attached.
* checking S3 generic/method consistency ... OK
* checking replacement functions ... OK
* checking foreign function calls ... OK
* checking R code for possible problems ... NOTE
ncdfFlowSet,flowSet: warning in assign(guid, new("flowFrame", exprs =
matrix(numeric(0), nrow = 0, ncol = 0), parameters(x[[guid]]),
keyword(x[[guid]])), env = e1): partial argument match of 'env' to
'envir'
rbind2,ncdfFlowList-ANY : <anonymous> : <anonymous>: warning in
assign(curSample, NA, env = indiceEnv): partial argument match of
'env' to 'envir'
read.ncdfFlowSet: no visible global function definition for ‘mclapply’
Undefined global functions or variables:
mclapply
* checking Rd files ... OK
* checking Rd metadata ... OK
* checking Rd cross-references ... OK
* checking for missing documentation entries ... OK
* checking for code/documentation mismatches ... WARNING
Codoc mismatches from documentation object '[[,ncdfFlowSet,ANY-method':
\S4method{[[}{ncdfFlowSet,ANY}
Code: function(x, i, j, ...)
Docs: function(x, i, j, use.exprs = TRUE, ...)
Argument names in docs not in code:
use.exprs
Mismatches in argument names:
Position: 4 Code: ... Docs: use.exprs
* checking Rd \usage sections ... OK
* checking Rd contents ... OK
* checking for unstated dependencies in examples ... OK
* checking line endings in C/C++/Fortran sources/headers ... OK
* checking line endings in Makefiles ... OK
* checking compilation flags in Makevars ... OK
* checking for GNU extensions in Makefiles ... WARNING
Found the following file(s) containing GNU extensions:
src/Makevars
Portable Makefiles do not use GNU extensions such as +=, :=, $(shell),
$(wildcard), ifeq ... endif, .NOTPARALLEL See section ‘Writing portable
packages’ in the ‘Writing R Extensions’ manual.
* checking for portable use of $(BLAS_LIBS) and $(LAPACK_LIBS) ... OK
* checking use of PKG_*FLAGS in Makefiles ... OK
* checking compiled code ... NOTE
Note: information on .o files is not available
File ‘/Library/Frameworks/R.framework/Versions/4.2/Resources/library/ncdfFlow/libs/ncdfFlow.so’:
Found ‘___stderrp’, possibly from ‘stderr’ (C)
Found ‘___stdoutp’, possibly from ‘stdout’ (C)
Found ‘_abort’, possibly from ‘abort’ (C)
Found ‘_rand_r’, possibly from ‘rand_r’ (C)
Compiled code should not call entry points which might terminate R nor
write to stdout/stderr instead of to the console, nor use Fortran I/O
nor system RNGs. The detected symbols are linked into the code but
might come from libraries and not actually be called.
See ‘Writing portable packages’ in the ‘Writing R Extensions’ manual.
* checking sizes of PDF files under ‘inst/doc’ ... OK
* checking files in ‘vignettes’ ... OK
* checking examples ... OK
Examples with CPU (user + system) or elapsed time > 5s
user system elapsed
Indices 5.2 0.219 5.433
* checking for unstated dependencies in ‘tests’ ... OK
* checking tests ...
Running ‘testthat.R’
OK
* checking for unstated dependencies in vignettes ... OK
* checking package vignettes in ‘inst/doc’ ... OK
* checking running R code from vignettes ... SKIPPED
* checking re-building of vignette outputs ... SKIPPED
* checking PDF version of manual ... OK
* DONE
Status: 2 WARNINGs, 5 NOTEs
See
‘/Users/biocbuild/bbs-3.16-bioc/meat/ncdfFlow.Rcheck/00check.log’
for details.
ncdfFlow.Rcheck/00install.out
##############################################################################
##############################################################################
###
### Running command:
###
### /Library/Frameworks/R.framework/Resources/bin/R CMD INSTALL ncdfFlow
###
##############################################################################
##############################################################################
* installing to library ‘/Library/Frameworks/R.framework/Versions/4.2/Resources/library’
* installing *source* package ‘ncdfFlow’ ...
** using staged installation
** libs
clang++ -mmacosx-version-min=10.13 -std=gnu++11 -I"/Library/Frameworks/R.framework/Resources/include" -DNDEBUG -I'/Library/Frameworks/R.framework/Versions/4.2/Resources/library/cpp11/include' -I'/Library/Frameworks/R.framework/Versions/4.2/Resources/library/BH/include' -I'/Library/Frameworks/R.framework/Versions/4.2/Resources/library/Rhdf5lib/include' -I/usr/local/include -fPIC -Wall -g -O2 -c cpp11.cpp -o cpp11.o
clang++ -mmacosx-version-min=10.13 -std=gnu++11 -I"/Library/Frameworks/R.framework/Resources/include" -DNDEBUG -I'/Library/Frameworks/R.framework/Versions/4.2/Resources/library/cpp11/include' -I'/Library/Frameworks/R.framework/Versions/4.2/Resources/library/BH/include' -I'/Library/Frameworks/R.framework/Versions/4.2/Resources/library/Rhdf5lib/include' -I/usr/local/include -fPIC -Wall -g -O2 -c hdfFlow.cpp -o hdfFlow.o
hdfFlow.cpp:493:14: warning: variable 'status' set but not used [-Wunused-but-set-variable]
herr_t status;
^
1 warning generated.
mkdir -p "/Library/Frameworks/R.framework/Versions/4.2/Resources/library/00LOCK-ncdfFlow/00new/ncdfFlow/lib"
ar rs "/Library/Frameworks/R.framework/Versions/4.2/Resources/library/00LOCK-ncdfFlow/00new/ncdfFlow/lib/libncdfFlow.a" cpp11.o hdfFlow.o
ar: creating archive /Library/Frameworks/R.framework/Versions/4.2/Resources/library/00LOCK-ncdfFlow/00new/ncdfFlow/lib/libncdfFlow.a
clang++ -mmacosx-version-min=10.13 -std=gnu++11 -dynamiclib -Wl,-headerpad_max_install_names -undefined dynamic_lookup -single_module -multiply_defined suppress -L/Library/Frameworks/R.framework/Resources/lib -L/usr/local/lib -o ncdfFlow.so cpp11.o hdfFlow.o /Library/Frameworks/R.framework/Versions/4.2/Resources/library/Rhdf5lib/lib/libhdf5_cpp.a /Library/Frameworks/R.framework/Versions/4.2/Resources/library/Rhdf5lib/lib/libhdf5.a -L/Library/Frameworks/R.framework/Versions/4.2/Resources/library/Rhdf5lib/lib -lsz -laec -lz -ldl -lm -F/Library/Frameworks/R.framework/.. -framework R -Wl,-framework -Wl,CoreFoundation
installing to /Library/Frameworks/R.framework/Versions/4.2/Resources/library/00LOCK-ncdfFlow/00new/ncdfFlow/libs
** R
** inst
** byte-compile and prepare package for lazy loading
** help
*** installing help indices
** building package indices
** installing vignettes
** testing if installed package can be loaded from temporary location
** checking absolute paths in shared objects and dynamic libraries
** testing if installed package can be loaded from final location
** testing if installed package keeps a record of temporary installation path
* DONE (ncdfFlow)
ncdfFlow.Rcheck/tests/testthat.Rout
R version 4.2.3 (2023-03-15) -- "Shortstop Beagle"
Copyright (C) 2023 The R Foundation for Statistical Computing
Platform: x86_64-apple-darwin17.0 (64-bit)
R is free software and comes with ABSOLUTELY NO WARRANTY.
You are welcome to redistribute it under certain conditions.
Type 'license()' or 'licence()' for distribution details.
R is a collaborative project with many contributors.
Type 'contributors()' for more information and
'citation()' on how to cite R or R packages in publications.
Type 'demo()' for some demos, 'help()' for on-line help, or
'help.start()' for an HTML browser interface to help.
Type 'q()' to quit R.
> library(testthat)
> library(ncdfFlow)
Loading required package: flowCore
Loading required package: BH
>
> test_check("ncdfFlow")
[ FAIL 0 | WARN 1 | SKIP 3 | PASS 335 ]
══ Skipped tests ═══════════════════════════════════════════════════════════════
• ###this will cause crashing error see #50 (2)
• file.exists(filename) is not TRUE (1)
[ FAIL 0 | WARN 1 | SKIP 3 | PASS 335 ]
Warning message:
In for (i in .rlang_purrr_index(.x, .right)) { :
closing unused connection 4 (/tmp/RtmpALkMsH/fileb2afa49bd25)
> #devtools::test("~/rglab/workspace/ncdfFlow")
> #test_file("~/rglab/workspace/ncdfFlow/inst/tests/test_ncdfFlowSet_accessor.R")
> #test_file("~/rglab/workspace/ncdfFlow/inst/tests/test_ncdfFlowList.R")
>
>
> proc.time()
user system elapsed
11.510 0.737 12.284
ncdfFlow.Rcheck/ncdfFlow-Ex.timings
| name | user | system | elapsed | |
| Indices | 5.200 | 0.219 | 5.433 | |
| as.flowSet | 1.673 | 0.034 | 1.711 | |
| clone.ncdfFlowSet | 0.205 | 0.017 | 0.224 | |
| extractFlowFrame | 1.455 | 0.025 | 1.484 | |
| ncdfFlowList-class | 1.614 | 0.032 | 1.649 | |
| ncdfFlowSet-constructor | 1.878 | 0.036 | 1.918 | |
| ncfsApply-ncdfFlowSet-method | 1.543 | 0.026 | 1.574 | |
| rbind2-method | 1.579 | 0.042 | 1.624 | |
| read.ncdfFlowSet | 0.201 | 0.015 | 0.216 | |
| replacement-method-for-ncdfFlowSet | 1.550 | 0.024 | 1.577 | |
| save_ncfs | 0 | 0 | 0 | |
| subset-methods | 1.584 | 0.024 | 1.612 | |
| unlink-ncdfFlowSet-method | 1.862 | 0.035 | 1.902 | |