| Back to Multiple platform build/check report for BioC 3.16: simplified long |
|
This page was generated on 2023-04-12 11:06:15 -0400 (Wed, 12 Apr 2023).
| Hostname | OS | Arch (*) | R version | Installed pkgs |
|---|---|---|---|---|
| nebbiolo2 | Linux (Ubuntu 20.04.5 LTS) | x86_64 | 4.2.3 (2023-03-15) -- "Shortstop Beagle" | 4502 |
| palomino4 | Windows Server 2022 Datacenter | x64 | 4.2.3 (2023-03-15 ucrt) -- "Shortstop Beagle" | 4282 |
| lconway | macOS 12.5.1 Monterey | x86_64 | 4.2.3 (2023-03-15) -- "Shortstop Beagle" | 4310 |
| Click on any hostname to see more info about the system (e.g. compilers) (*) as reported by 'uname -p', except on Windows and Mac OS X | ||||
|
To the developers/maintainers of the mina package: - Please allow up to 24 hours (and sometimes 48 hours) for your latest push to git@git.bioconductor.org:packages/mina.git to reflect on this report. See How and When does the builder pull? When will my changes propagate? for more information. - Make sure to use the following settings in order to reproduce any error or warning you see on this page. |
| Package 1205/2183 | Hostname | OS / Arch | INSTALL | BUILD | CHECK | BUILD BIN | ||||||||
| mina 1.6.0 (landing page) Rui Guan
| nebbiolo2 | Linux (Ubuntu 20.04.5 LTS) / x86_64 | OK | OK | WARNINGS | |||||||||
| palomino4 | Windows Server 2022 Datacenter / x64 | OK | OK | WARNINGS | OK | |||||||||
| lconway | macOS 12.5.1 Monterey / x86_64 | OK | OK | WARNINGS | OK | |||||||||
| Package: mina |
| Version: 1.6.0 |
| Command: /Library/Frameworks/R.framework/Resources/bin/R CMD check --install=check:mina.install-out.txt --library=/Library/Frameworks/R.framework/Resources/library --no-vignettes --timings mina_1.6.0.tar.gz |
| StartedAt: 2023-04-10 21:13:52 -0400 (Mon, 10 Apr 2023) |
| EndedAt: 2023-04-10 21:17:27 -0400 (Mon, 10 Apr 2023) |
| EllapsedTime: 215.3 seconds |
| RetCode: 0 |
| Status: WARNINGS |
| CheckDir: mina.Rcheck |
| Warnings: 1 |
##############################################################################
##############################################################################
###
### Running command:
###
### /Library/Frameworks/R.framework/Resources/bin/R CMD check --install=check:mina.install-out.txt --library=/Library/Frameworks/R.framework/Resources/library --no-vignettes --timings mina_1.6.0.tar.gz
###
##############################################################################
##############################################################################
* using log directory ‘/Users/biocbuild/bbs-3.16-bioc/meat/mina.Rcheck’
* using R version 4.2.3 (2023-03-15)
* using platform: x86_64-apple-darwin17.0 (64-bit)
* using session charset: UTF-8
* using option ‘--no-vignettes’
* checking for file ‘mina/DESCRIPTION’ ... OK
* this is package ‘mina’ version ‘1.6.0’
* package encoding: UTF-8
* checking package namespace information ... OK
* checking package dependencies ... OK
* checking if this is a source package ... OK
* checking if there is a namespace ... OK
* checking for hidden files and directories ... OK
* checking for portable file names ... OK
* checking for sufficient/correct file permissions ... OK
* checking whether package ‘mina’ can be installed ... OK
* checking installed package size ... NOTE
installed size is 8.0Mb
sub-directories of 1Mb or more:
data 7.4Mb
* checking package directory ... OK
* checking ‘build’ directory ... OK
* checking DESCRIPTION meta-information ... OK
* checking top-level files ... OK
* checking for left-over files ... OK
* checking index information ... OK
* checking package subdirectories ... OK
* checking R files for non-ASCII characters ... OK
* checking R files for syntax errors ... OK
* checking whether the package can be loaded ... OK
* checking whether the package can be loaded with stated dependencies ... OK
* checking whether the package can be unloaded cleanly ... OK
* checking whether the namespace can be loaded with stated dependencies ... OK
* checking whether the namespace can be unloaded cleanly ... OK
* checking dependencies in R code ... OK
* checking S3 generic/method consistency ... OK
* checking replacement functions ... OK
* checking foreign function calls ... OK
* checking R code for possible problems ... NOTE
sparcc: no visible binding for global variable ‘i’
net_dis_pcoa,character: no visible binding for global variable ‘y’
net_dis_pcoa,character: no visible binding for global variable ‘Group’
net_dis_plot,mina: no visible binding for global variable ‘Group1’
net_dis_plot,mina: no visible binding for global variable ‘Group2’
net_dis_plot,mina: no visible binding for global variable ‘Distance’
net_dis_plot,mina: no visible binding for global variable ‘Sig’
Undefined global functions or variables:
Distance Group Group1 Group2 Sig i y
* checking Rd files ... OK
* checking Rd metadata ... OK
* checking Rd cross-references ... OK
* checking for missing documentation entries ... OK
* checking for code/documentation mismatches ... OK
* checking Rd \usage sections ... OK
* checking Rd contents ... OK
* checking for unstated dependencies in examples ... OK
* checking contents of ‘data’ directory ... OK
* checking data for non-ASCII characters ... OK
* checking LazyData ... WARNING
LazyData DB of 7.4 MB without LazyDataCompression set
See §1.1.6 of 'Writing R Extensions'
* checking data for ASCII and uncompressed saves ... OK
* checking line endings in C/C++/Fortran sources/headers ... OK
* checking compiled code ... NOTE
Note: information on .o files is not available
* checking files in ‘vignettes’ ... OK
* checking examples ... OK
Examples with CPU (user + system) or elapsed time > 5s
user system elapsed
net_dis_plot 33.291 51.029 34.539
net_dis-mina 16.562 29.612 17.367
dis_stat_accessor 12.942 23.881 13.521
bs_pm-mina 8.178 26.611 6.659
com_plot-mina 11.882 3.724 1.800
net_cls-mina 9.114 0.963 9.556
bs_pm 1.907 4.540 1.894
net_cls 5.778 0.596 5.834
net_dis 1.783 4.388 1.972
net_cls-matrix 5.537 0.487 5.458
* checking for unstated dependencies in vignettes ... OK
* checking package vignettes in ‘inst/doc’ ... OK
* checking running R code from vignettes ... SKIPPED
* checking re-building of vignette outputs ... SKIPPED
* checking PDF version of manual ... OK
* DONE
Status: 1 WARNING, 3 NOTEs
See
‘/Users/biocbuild/bbs-3.16-bioc/meat/mina.Rcheck/00check.log’
for details.
mina.Rcheck/00install.out
############################################################################## ############################################################################## ### ### Running command: ### ### /Library/Frameworks/R.framework/Resources/bin/R CMD INSTALL mina ### ############################################################################## ############################################################################## * installing to library ‘/Library/Frameworks/R.framework/Versions/4.2/Resources/library’ * installing *source* package ‘mina’ ... ** using staged installation ** libs clang++ -mmacosx-version-min=10.13 -std=gnu++14 -I"/Library/Frameworks/R.framework/Resources/include" -DNDEBUG -I'/Library/Frameworks/R.framework/Versions/4.2/Resources/library/Rcpp/include' -I'/Library/Frameworks/R.framework/Versions/4.2/Resources/library/RcppParallel/include' -I'/Library/Frameworks/R.framework/Versions/4.2/Resources/library/RcppArmadillo/include' -I/usr/local/include -fPIC -Wall -g -O2 -c RcppExports.cpp -o RcppExports.o clang++ -mmacosx-version-min=10.13 -std=gnu++14 -I"/Library/Frameworks/R.framework/Resources/include" -DNDEBUG -I'/Library/Frameworks/R.framework/Versions/4.2/Resources/library/Rcpp/include' -I'/Library/Frameworks/R.framework/Versions/4.2/Resources/library/RcppParallel/include' -I'/Library/Frameworks/R.framework/Versions/4.2/Resources/library/RcppArmadillo/include' -I/usr/local/include -fPIC -Wall -g -O2 -c cp_cor.cpp -o cp_cor.o clang++ -mmacosx-version-min=10.13 -std=gnu++14 -dynamiclib -Wl,-headerpad_max_install_names -undefined dynamic_lookup -single_module -multiply_defined suppress -L/Library/Frameworks/R.framework/Resources/lib -L/usr/local/lib -o mina.so RcppExports.o cp_cor.o -F/Library/Frameworks/R.framework/.. -framework R -Wl,-framework -Wl,CoreFoundation installing to /Library/Frameworks/R.framework/Versions/4.2/Resources/library/00LOCK-mina/00new/mina/libs ** R ** data *** moving datasets to lazyload DB ** byte-compile and prepare package for lazy loading Creating a new generic function for ‘norm’ in package ‘mina’ ** help *** installing help indices ** building package indices ** installing vignettes ** testing if installed package can be loaded from temporary location ** checking absolute paths in shared objects and dynamic libraries ** testing if installed package can be loaded from final location ** testing if installed package keeps a record of temporary installation path * DONE (mina)
mina.Rcheck/mina-Ex.timings
| name | user | system | elapsed | |
| adj-matrix | 0.566 | 0.192 | 0.318 | |
| adj-mina | 0.704 | 0.518 | 0.464 | |
| adj | 0.896 | 0.345 | 0.643 | |
| adj_method_list | 0.068 | 0.254 | 0.147 | |
| bs_pm-mina | 8.178 | 26.611 | 6.659 | |
| bs_pm | 1.907 | 4.540 | 1.894 | |
| check_mina | 0.079 | 0.021 | 0.101 | |
| check_mina_de | 0.072 | 0.020 | 0.093 | |
| check_mina_qu | 0.076 | 0.022 | 0.099 | |
| cls_tab | 0.079 | 0.050 | 0.129 | |
| com_dis-matrix | 0.502 | 0.125 | 0.238 | |
| com_dis-mina | 0.324 | 0.200 | 0.065 | |
| com_dis | 0.480 | 0.233 | 0.234 | |
| com_dis_list | 0.104 | 0.199 | 0.155 | |
| com_plot-mina | 11.882 | 3.724 | 1.800 | |
| com_plot | 0.169 | 0.279 | 0.175 | |
| com_r2-mina | 0.719 | 0.281 | 0.471 | |
| com_r2 | 0.916 | 0.396 | 0.619 | |
| data-hmp | 0.001 | 0.001 | 0.003 | |
| data-maize | 0.001 | 0.000 | 0.002 | |
| des_accessor | 0.002 | 0.001 | 0.003 | |
| dis_accessor | 0.524 | 0.236 | 0.294 | |
| dis_stat_accessor | 12.942 | 23.881 | 13.521 | |
| dmr-matrix | 0.578 | 0.253 | 0.320 | |
| dmr-mina | 0.590 | 0.258 | 0.323 | |
| dmr | 0.621 | 0.336 | 0.436 | |
| dmr_accessor | 0.585 | 0.262 | 0.320 | |
| fit_tabs-mina | 0.799 | 0.356 | 1.164 | |
| fit_tabs | 0.805 | 0.204 | 1.013 | |
| get_net_cls_tab-matrix-data.frame-method | 1.256 | 0.449 | 1.111 | |
| get_net_cls_tab | 1.374 | 0.488 | 1.253 | |
| get_r2-mat | 0.688 | 0.368 | 0.496 | |
| get_r2 | 0.684 | 0.286 | 0.425 | |
| get_rep-matrix | 0.216 | 0.007 | 0.223 | |
| get_rep-mima | 0.625 | 0.103 | 0.731 | |
| hmp_des | 0.001 | 0.001 | 0.002 | |
| hmp_otu | 0.000 | 0.001 | 0.002 | |
| maize_asv | 0.001 | 0.001 | 0.002 | |
| maize_asv2 | 0.000 | 0.001 | 0.002 | |
| maize_des | 0.001 | 0.001 | 0.002 | |
| maize_des2 | 0.001 | 0.001 | 0.002 | |
| mina-class | 0.001 | 0.000 | 0.001 | |
| net_cls-matrix | 5.537 | 0.487 | 5.458 | |
| net_cls-mina | 9.114 | 0.963 | 9.556 | |
| net_cls | 5.778 | 0.596 | 5.834 | |
| net_cls_tab-mina-method | 1.352 | 0.338 | 1.069 | |
| net_cls_tab | 1.220 | 0.553 | 1.196 | |
| net_dis-mina | 16.562 | 29.612 | 17.367 | |
| net_dis | 1.783 | 4.388 | 1.972 | |
| net_dis_indi | 0.000 | 0.000 | 0.001 | |
| net_dis_pcoa | 0.000 | 0.001 | 0.001 | |
| net_dis_plot | 33.291 | 51.029 | 34.539 | |
| net_grp_cmp | 0.000 | 0.000 | 0.001 | |
| net_node_cmp | 0.000 | 0.000 | 0.001 | |
| norm_accessor | 0.021 | 0.000 | 0.022 | |
| norm_tab-matrix | 0.615 | 0.002 | 0.617 | |
| norm_tab-mina | 0.595 | 0.127 | 0.723 | |
| norm_tab | 0.026 | 0.000 | 0.026 | |
| norm_tab_method_list | 0.049 | 0.026 | 0.090 | |
| pcoa_plot | 1.199 | 0.664 | 0.780 | |
| sim_par | 0 | 0 | 0 | |
| sparcc | 0 | 0 | 0 | |
| tab_accessor | 0.000 | 0.000 | 0.001 | |
| tina-matrix-method | 0 | 0 | 0 | |
| tina | 0 | 0 | 0 | |