| Back to Multiple platform build/check report for BioC 3.16: simplified long |
|
This page was generated on 2023-04-12 11:05:08 -0400 (Wed, 12 Apr 2023).
| Hostname | OS | Arch (*) | R version | Installed pkgs |
|---|---|---|---|---|
| nebbiolo2 | Linux (Ubuntu 20.04.5 LTS) | x86_64 | 4.2.3 (2023-03-15) -- "Shortstop Beagle" | 4502 |
| palomino4 | Windows Server 2022 Datacenter | x64 | 4.2.3 (2023-03-15 ucrt) -- "Shortstop Beagle" | 4282 |
| lconway | macOS 12.5.1 Monterey | x86_64 | 4.2.3 (2023-03-15) -- "Shortstop Beagle" | 4310 |
| Click on any hostname to see more info about the system (e.g. compilers) (*) as reported by 'uname -p', except on Windows and Mac OS X | ||||
|
To the developers/maintainers of the iSEEu package: - Please allow up to 24 hours (and sometimes 48 hours) for your latest push to git@git.bioconductor.org:packages/iSEEu.git to reflect on this report. See How and When does the builder pull? When will my changes propagate? for more information. - Make sure to use the following settings in order to reproduce any error or warning you see on this page. |
| Package 1000/2183 | Hostname | OS / Arch | INSTALL | BUILD | CHECK | BUILD BIN | ||||||||
| iSEEu 1.10.1 (landing page) Kevin Rue-Albrecht
| nebbiolo2 | Linux (Ubuntu 20.04.5 LTS) / x86_64 | OK | OK | WARNINGS | |||||||||
| palomino4 | Windows Server 2022 Datacenter / x64 | OK | OK | WARNINGS | OK | |||||||||
| lconway | macOS 12.5.1 Monterey / x86_64 | OK | OK | WARNINGS | OK | |||||||||
| Package: iSEEu |
| Version: 1.10.1 |
| Command: /home/biocbuild/bbs-3.16-bioc/R/bin/R CMD check --install=check:iSEEu.install-out.txt --library=/home/biocbuild/bbs-3.16-bioc/R/site-library --timings iSEEu_1.10.1.tar.gz |
| StartedAt: 2023-04-10 21:30:14 -0400 (Mon, 10 Apr 2023) |
| EndedAt: 2023-04-10 21:36:44 -0400 (Mon, 10 Apr 2023) |
| EllapsedTime: 390.6 seconds |
| RetCode: 0 |
| Status: WARNINGS |
| CheckDir: iSEEu.Rcheck |
| Warnings: 1 |
##############################################################################
##############################################################################
###
### Running command:
###
### /home/biocbuild/bbs-3.16-bioc/R/bin/R CMD check --install=check:iSEEu.install-out.txt --library=/home/biocbuild/bbs-3.16-bioc/R/site-library --timings iSEEu_1.10.1.tar.gz
###
##############################################################################
##############################################################################
* using log directory ‘/home/biocbuild/bbs-3.16-bioc/meat/iSEEu.Rcheck’
* using R version 4.2.3 (2023-03-15)
* using platform: x86_64-pc-linux-gnu (64-bit)
* using session charset: UTF-8
* checking for file ‘iSEEu/DESCRIPTION’ ... OK
* checking extension type ... Package
* this is package ‘iSEEu’ version ‘1.10.1’
* package encoding: UTF-8
* checking package namespace information ... OK
* checking package dependencies ... OK
* checking if this is a source package ... OK
* checking if there is a namespace ... OK
* checking for hidden files and directories ... OK
* checking for portable file names ... OK
* checking for sufficient/correct file permissions ... OK
* checking whether package ‘iSEEu’ can be installed ... OK
* checking installed package size ... OK
* checking package directory ... OK
* checking ‘build’ directory ... OK
* checking DESCRIPTION meta-information ... OK
* checking top-level files ... OK
* checking for left-over files ... OK
* checking index information ... OK
* checking package subdirectories ... OK
* checking R files for non-ASCII characters ... OK
* checking R files for syntax errors ... OK
* checking whether the package can be loaded ... OK
* checking whether the package can be loaded with stated dependencies ... OK
* checking whether the package can be unloaded cleanly ... OK
* checking whether the namespace can be loaded with stated dependencies ... OK
* checking whether the namespace can be unloaded cleanly ... OK
* checking loading without being on the library search path ... OK
* checking dependencies in R code ... NOTE
Package in Depends field not imported from: ‘iSEEhex’
These packages need to be imported from (in the NAMESPACE file)
for when this namespace is loaded but not attached.
':::' calls which should be '::':
‘iSEE:::.dataParamBoxOpen’ ‘iSEE:::.multiSelectHistory’
‘iSEE:::.noSelection’ ‘iSEE:::.organizationHeight’
‘iSEE:::.organizationWidth’
See the note in ?`:::` about the use of this operator.
* checking S3 generic/method consistency ... OK
* checking replacement functions ... OK
* checking foreign function calls ... OK
* checking R code for possible problems ... OK
* checking Rd files ... OK
* checking Rd metadata ... OK
* checking Rd cross-references ... OK
* checking for missing documentation entries ... OK
* checking for code/documentation mismatches ... OK
* checking Rd \usage sections ... OK
* checking Rd contents ... OK
* checking for unstated dependencies in examples ... OK
* checking files in ‘vignettes’ ... OK
* checking examples ... WARNING
Found the following significant warnings:
Warning: '.setOrganism' is deprecated.
Warning: '.setIdentifierType' is deprecated.
Warning: 'GeneSetTable' is deprecated.
Warning: 'setPValuePattern' is deprecated.
Warning: 'setPValuePattern' is deprecated.
Warning: '.setIdentifierType' is deprecated.
Warning: '.getIdentifierType' is deprecated.
Warning: '.setOrganism' is deprecated.
Warning: '.getOrganism' is deprecated.
Warning: '.getGeneSetCommands' is deprecated.
Warning: '.getOrganism' is deprecated.
Warning: '.getOrganism' is deprecated.
Warning: '.getGeneSetCommands' is deprecated.
Warning: '.getIdentifierType' is deprecated.
Warning: '.getOrganism' is deprecated.
Warning: '.getOrganism' is deprecated.
Warning: '.setGeneSetCommands' is deprecated.
Warning: '.getGeneSetCommands' is deprecated.
Warning: '.getGeneSetCommands' is deprecated.
Deprecated functions may be defunct as soon as of the next release of
R.
See ?Deprecated.
Examples with CPU (user + system) or elapsed time > 5s
user system elapsed
AggregatedDotPlot 16.442 1.544 18.728
modeReducedDim 13.500 1.184 15.404
FeatureSetTable-class 9.012 0.589 10.460
DynamicReducedDimensionPlot-class 8.379 0.507 9.786
DynamicMarkerTable-class 8.395 0.481 9.638
GeneSetTable-class 7.200 0.520 8.560
registerFeatureSetCollections 6.803 0.463 8.232
modeGating 6.608 0.381 7.536
* checking for unstated dependencies in ‘tests’ ... OK
* checking tests ...
Running ‘testthat.R’
OK
* checking for unstated dependencies in vignettes ... OK
* checking package vignettes in ‘inst/doc’ ... OK
* checking running R code from vignettes ...
‘iSEEu.Rmd’ using ‘UTF-8’... OK
NONE
* checking re-building of vignette outputs ... OK
* checking PDF version of manual ... OK
* DONE
Status: 1 WARNING, 1 NOTE
See
‘/home/biocbuild/bbs-3.16-bioc/meat/iSEEu.Rcheck/00check.log’
for details.
iSEEu.Rcheck/00install.out
############################################################################## ############################################################################## ### ### Running command: ### ### /home/biocbuild/bbs-3.16-bioc/R/bin/R CMD INSTALL iSEEu ### ############################################################################## ############################################################################## * installing to library ‘/home/biocbuild/bbs-3.16-bioc/R/site-library’ * installing *source* package ‘iSEEu’ ... ** using staged installation ** R ** inst ** byte-compile and prepare package for lazy loading ** help *** installing help indices ** building package indices ** installing vignettes ** testing if installed package can be loaded from temporary location ** testing if installed package can be loaded from final location ** testing if installed package keeps a record of temporary installation path * DONE (iSEEu)
iSEEu.Rcheck/tests/testthat.Rout
R version 4.2.3 (2023-03-15) -- "Shortstop Beagle"
Copyright (C) 2023 The R Foundation for Statistical Computing
Platform: x86_64-pc-linux-gnu (64-bit)
R is free software and comes with ABSOLUTELY NO WARRANTY.
You are welcome to redistribute it under certain conditions.
Type 'license()' or 'licence()' for distribution details.
R is a collaborative project with many contributors.
Type 'contributors()' for more information and
'citation()' on how to cite R or R packages in publications.
Type 'demo()' for some demos, 'help()' for on-line help, or
'help.start()' for an HTML browser interface to help.
Type 'q()' to quit R.
> library(testthat)
> library(iSEEu)
Loading required package: iSEE
Loading required package: SummarizedExperiment
Loading required package: MatrixGenerics
Loading required package: matrixStats
Attaching package: 'MatrixGenerics'
The following objects are masked from 'package:matrixStats':
colAlls, colAnyNAs, colAnys, colAvgsPerRowSet, colCollapse,
colCounts, colCummaxs, colCummins, colCumprods, colCumsums,
colDiffs, colIQRDiffs, colIQRs, colLogSumExps, colMadDiffs,
colMads, colMaxs, colMeans2, colMedians, colMins, colOrderStats,
colProds, colQuantiles, colRanges, colRanks, colSdDiffs, colSds,
colSums2, colTabulates, colVarDiffs, colVars, colWeightedMads,
colWeightedMeans, colWeightedMedians, colWeightedSds,
colWeightedVars, rowAlls, rowAnyNAs, rowAnys, rowAvgsPerColSet,
rowCollapse, rowCounts, rowCummaxs, rowCummins, rowCumprods,
rowCumsums, rowDiffs, rowIQRDiffs, rowIQRs, rowLogSumExps,
rowMadDiffs, rowMads, rowMaxs, rowMeans2, rowMedians, rowMins,
rowOrderStats, rowProds, rowQuantiles, rowRanges, rowRanks,
rowSdDiffs, rowSds, rowSums2, rowTabulates, rowVarDiffs, rowVars,
rowWeightedMads, rowWeightedMeans, rowWeightedMedians,
rowWeightedSds, rowWeightedVars
Loading required package: GenomicRanges
Loading required package: stats4
Loading required package: BiocGenerics
Attaching package: 'BiocGenerics'
The following objects are masked from 'package:stats':
IQR, mad, sd, var, xtabs
The following objects are masked from 'package:base':
Filter, Find, Map, Position, Reduce, anyDuplicated, aperm, append,
as.data.frame, basename, cbind, colnames, dirname, do.call,
duplicated, eval, evalq, get, grep, grepl, intersect, is.unsorted,
lapply, mapply, match, mget, order, paste, pmax, pmax.int, pmin,
pmin.int, rank, rbind, rownames, sapply, setdiff, sort, table,
tapply, union, unique, unsplit, which.max, which.min
Loading required package: S4Vectors
Attaching package: 'S4Vectors'
The following objects are masked from 'package:base':
I, expand.grid, unname
Loading required package: IRanges
Loading required package: GenomeInfoDb
Loading required package: Biobase
Welcome to Bioconductor
Vignettes contain introductory material; view with
'browseVignettes()'. To cite Bioconductor, see
'citation("Biobase")', and for packages 'citation("pkgname")'.
Attaching package: 'Biobase'
The following object is masked from 'package:MatrixGenerics':
rowMedians
The following objects are masked from 'package:matrixStats':
anyMissing, rowMedians
Loading required package: SingleCellExperiment
Loading required package: iSEEhex
>
> test_check("iSEEu")
snapshotDate(): 2022-10-31
see ?scRNAseq and browseVignettes('scRNAseq') for documentation
loading from cache
see ?scRNAseq and browseVignettes('scRNAseq') for documentation
loading from cache
see ?scRNAseq and browseVignettes('scRNAseq') for documentation
loading from cache
Loading required package: scuttle
Loading required package: ggplot2
[ FAIL 0 | WARN 6 | SKIP 0 | PASS 262 ]
[ FAIL 0 | WARN 6 | SKIP 0 | PASS 262 ]
>
> proc.time()
user system elapsed
54.215 4.472 61.196
iSEEu.Rcheck/iSEEu-Ex.timings
| name | user | system | elapsed | |
| AggregatedDotPlot | 16.442 | 1.544 | 18.728 | |
| DynamicMarkerTable-class | 8.395 | 0.481 | 9.638 | |
| DynamicReducedDimensionPlot-class | 8.379 | 0.507 | 9.786 | |
| FeatureSetTable-class | 9.012 | 0.589 | 10.460 | |
| GeneSetTable-class | 7.20 | 0.52 | 8.56 | |
| LogFCLogFCPlot-class | 0.04 | 0.00 | 0.04 | |
| MAPlot-class | 0.024 | 0.000 | 0.024 | |
| MarkdownBoard-class | 0 | 0 | 0 | |
| VolcanoPlot-class | 0.023 | 0.000 | 0.023 | |
| createGeneSetCommands | 0 | 0 | 0 | |
| global-FeatureSetCommands | 0.001 | 0.000 | 0.001 | |
| global-TableExtraFields | 0 | 0 | 0 | |
| globals-PValuePattern | 0.001 | 0.000 | 0.000 | |
| modeEmpty | 0.536 | 0.004 | 0.540 | |
| modeGating | 6.608 | 0.381 | 7.536 | |
| modeReducedDim | 13.500 | 1.184 | 15.404 | |
| registerDEFields | 0.027 | 0.000 | 0.027 | |
| registerFeatureSetCollections | 6.803 | 0.463 | 8.232 | |
| utils-geneset | 0.003 | 0.000 | 0.002 | |