| Back to Multiple platform build/check report for BioC 3.16: simplified long | 
  | 
This page was generated on 2023-04-12 11:04:58 -0400 (Wed, 12 Apr 2023).
| Hostname | OS | Arch (*) | R version | Installed pkgs | 
|---|---|---|---|---|
| nebbiolo2 | Linux (Ubuntu 20.04.5 LTS) | x86_64 | 4.2.3 (2023-03-15) -- "Shortstop Beagle" | 4502 | 
| palomino4 | Windows Server 2022 Datacenter | x64 | 4.2.3 (2023-03-15 ucrt) -- "Shortstop Beagle" | 4282 | 
| lconway | macOS 12.5.1 Monterey | x86_64 | 4.2.3 (2023-03-15) -- "Shortstop Beagle" | 4310 | 
| Click on any hostname to see more info about the system (e.g. compilers) (*) as reported by 'uname -p', except on Windows and Mac OS X | ||||
| 
To the developers/maintainers of the bigPint package: - Please allow up to 24 hours (and sometimes 48 hours) for your latest push to git@git.bioconductor.org:packages/bigPint.git to reflect on this report. See How and When does the builder pull? When will my changes propagate? for more information. - Make sure to use the following settings in order to reproduce any error or warning you see on this page.  | 
| Package 151/2183 | Hostname | OS / Arch | INSTALL | BUILD | CHECK | BUILD BIN | ||||||||
| bigPint 1.14.0  (landing page) Lindsay Rutter 
  | nebbiolo2 | Linux (Ubuntu 20.04.5 LTS) / x86_64 | OK | OK | WARNINGS | |||||||||
| palomino4 | Windows Server 2022 Datacenter / x64 | OK | OK | WARNINGS | OK | |||||||||
| lconway | macOS 12.5.1 Monterey / x86_64 | OK | OK | WARNINGS | OK | |||||||||
| Package: bigPint | 
| Version: 1.14.0 | 
| Command: /home/biocbuild/bbs-3.16-bioc/R/bin/R CMD check --install=check:bigPint.install-out.txt --library=/home/biocbuild/bbs-3.16-bioc/R/site-library --timings bigPint_1.14.0.tar.gz | 
| StartedAt: 2023-04-10 19:14:14 -0400 (Mon, 10 Apr 2023) | 
| EndedAt: 2023-04-10 19:18:44 -0400 (Mon, 10 Apr 2023) | 
| EllapsedTime: 270.0 seconds | 
| RetCode: 0 | 
| Status: WARNINGS | 
| CheckDir: bigPint.Rcheck | 
| Warnings: 1 | 
##############################################################################
##############################################################################
###
### Running command:
###
###   /home/biocbuild/bbs-3.16-bioc/R/bin/R CMD check --install=check:bigPint.install-out.txt --library=/home/biocbuild/bbs-3.16-bioc/R/site-library --timings bigPint_1.14.0.tar.gz
###
##############################################################################
##############################################################################
* using log directory ‘/home/biocbuild/bbs-3.16-bioc/meat/bigPint.Rcheck’
* using R version 4.2.3 (2023-03-15)
* using platform: x86_64-pc-linux-gnu (64-bit)
* using session charset: UTF-8
* checking for file ‘bigPint/DESCRIPTION’ ... OK
* this is package ‘bigPint’ version ‘1.14.0’
* package encoding: UTF-8
* checking package namespace information ... OK
* checking package dependencies ... OK
* checking if this is a source package ... OK
* checking if there is a namespace ... OK
* checking for hidden files and directories ... OK
* checking for portable file names ... OK
* checking for sufficient/correct file permissions ... OK
* checking whether package ‘bigPint’ can be installed ... OK
* checking installed package size ... NOTE
  installed size is 22.7Mb
  sub-directories of 1Mb or more:
    data              11.0Mb
    help               3.2Mb
    shiny-dashboards   5.1Mb
    shiny-examples     3.1Mb
* checking package directory ... OK
* checking ‘build’ directory ... OK
* checking DESCRIPTION meta-information ... OK
* checking top-level files ... OK
* checking for left-over files ... OK
* checking index information ... OK
* checking package subdirectories ... OK
* checking R files for non-ASCII characters ... OK
* checking R files for syntax errors ... OK
* checking whether the package can be loaded ... OK
* checking whether the package can be loaded with stated dependencies ... OK
* checking whether the package can be unloaded cleanly ... OK
* checking whether the namespace can be loaded with stated dependencies ... OK
* checking whether the namespace can be unloaded cleanly ... OK
* checking loading without being on the library search path ... OK
* checking dependencies in R code ... OK
* checking S3 generic/method consistency ... OK
* checking replacement functions ... OK
* checking foreign function calls ... OK
* checking R code for possible problems ... OK
* checking Rd files ... OK
* checking Rd metadata ... OK
* checking Rd cross-references ... OK
* checking for missing documentation entries ... OK
* checking for code/documentation mismatches ... OK
* checking Rd \usage sections ... OK
* checking Rd contents ... OK
* checking for unstated dependencies in examples ... OK
* checking contents of ‘data’ directory ... OK
* checking data for non-ASCII characters ... OK
* checking LazyData ... WARNING
  LazyData DB of 11.0 MB without LazyDataCompression set
  See §1.1.6 of 'Writing R Extensions'
* checking data for ASCII and uncompressed saves ... OK
* checking files in ‘vignettes’ ... OK
* checking examples ... OK
Examples with CPU (user + system) or elapsed time > 5s
               user system elapsed
plotSM       50.115  0.388  50.505
plotClusters 14.957  0.940  15.897
plotLitre     5.072  0.104   5.177
* checking for unstated dependencies in ‘tests’ ... OK
* checking tests ...
  Running ‘runTests.R’
 OK
* checking for unstated dependencies in vignettes ... OK
* checking package vignettes in ‘inst/doc’ ... OK
* checking running R code from vignettes ...
  ‘bioconductor.Rmd’ using ‘UTF-8’... OK
  ‘manuscripts.Rmd’ using ‘UTF-8’... OK
  ‘summarizedExperiment.Rmd’ using ‘UTF-8’... OK
 NONE
* checking re-building of vignette outputs ... OK
* checking PDF version of manual ... OK
* DONE
Status: 1 WARNING, 1 NOTE
See
  ‘/home/biocbuild/bbs-3.16-bioc/meat/bigPint.Rcheck/00check.log’
for details.
bigPint.Rcheck/00install.out
############################################################################## ############################################################################## ### ### Running command: ### ### /home/biocbuild/bbs-3.16-bioc/R/bin/R CMD INSTALL bigPint ### ############################################################################## ############################################################################## * installing to library ‘/home/biocbuild/bbs-3.16-bioc/R/site-library’ * installing *source* package ‘bigPint’ ... ** using staged installation ** R ** data *** moving datasets to lazyload DB ** inst ** byte-compile and prepare package for lazy loading ** help *** installing help indices *** copying figures ** building package indices ** installing vignettes ** testing if installed package can be loaded from temporary location ** testing if installed package can be loaded from final location ** testing if installed package keeps a record of temporary installation path * DONE (bigPint)
bigPint.Rcheck/tests/runTests.Rout
R version 4.2.3 (2023-03-15) -- "Shortstop Beagle"
Copyright (C) 2023 The R Foundation for Statistical Computing
Platform: x86_64-pc-linux-gnu (64-bit)
R is free software and comes with ABSOLUTELY NO WARRANTY.
You are welcome to redistribute it under certain conditions.
Type 'license()' or 'licence()' for distribution details.
R is a collaborative project with many contributors.
Type 'contributors()' for more information and
'citation()' on how to cite R or R packages in publications.
Type 'demo()' for some demos, 'help()' for on-line help, or
'help.start()' for an HTML browser interface to help.
Type 'q()' to quit R.
> BiocGenerics:::testPackage("bigPint")
RUNIT TEST PROTOCOL -- Mon Apr 10 19:18:26 2023 
*********************************************** 
Number of test functions: 5 
Number of errors: 0 
Number of failures: 0 
 
1 Test Suite : 
bigPint RUnit Tests - 5 test functions, 0 errors, 0 failures
Number of test functions: 5 
Number of errors: 0 
Number of failures: 0 
Warning messages:
1: In xtfrm.data.frame(x) : cannot xtfrm data frames
2: In xtfrm.data.frame(x) : cannot xtfrm data frames
3: In xtfrm.data.frame(x) : cannot xtfrm data frames
4: In xtfrm.data.frame(x) : cannot xtfrm data frames
5: In xtfrm.data.frame(x) : cannot xtfrm data frames
6: In xtfrm.data.frame(x) : cannot xtfrm data frames
7: In xtfrm.data.frame(x) : cannot xtfrm data frames
8: In xtfrm.data.frame(x) : cannot xtfrm data frames
> 
> proc.time()
   user  system elapsed 
  6.815   0.337   7.141 
bigPint.Rcheck/bigPint-Ex.timings
| name | user | system | elapsed | |
| convertSEPair | 0.160 | 0.000 | 0.161 | |
| convertSESubsetGenes | 0.266 | 0.012 | 0.279 | |
| plotClusters | 14.957 | 0.940 | 15.897 | |
| plotLitre | 5.072 | 0.104 | 5.177 | |
| plotLitreApp | 0.033 | 0.000 | 0.033 | |
| plotPCP | 1.526 | 0.032 | 1.559 | |
| plotPCPApp | 0.772 | 0.012 | 0.785 | |
| plotSM | 50.115 | 0.388 | 50.505 | |
| plotSMApp | 0.007 | 0.002 | 0.010 | |
| plotVolcano | 1.416 | 0.041 | 1.458 | |
| plotVolcanoApp | 0.066 | 0.007 | 0.075 | |