| Back to Multiple platform build/check report for BioC 3.16: simplified long |
|
This page was generated on 2023-04-12 11:05:07 -0400 (Wed, 12 Apr 2023).
| Hostname | OS | Arch (*) | R version | Installed pkgs |
|---|---|---|---|---|
| nebbiolo2 | Linux (Ubuntu 20.04.5 LTS) | x86_64 | 4.2.3 (2023-03-15) -- "Shortstop Beagle" | 4502 |
| palomino4 | Windows Server 2022 Datacenter | x64 | 4.2.3 (2023-03-15 ucrt) -- "Shortstop Beagle" | 4282 |
| lconway | macOS 12.5.1 Monterey | x86_64 | 4.2.3 (2023-03-15) -- "Shortstop Beagle" | 4310 |
| Click on any hostname to see more info about the system (e.g. compilers) (*) as reported by 'uname -p', except on Windows and Mac OS X | ||||
|
To the developers/maintainers of the ILoReg package: - Please allow up to 24 hours (and sometimes 48 hours) for your latest push to git@git.bioconductor.org:packages/ILoReg.git to reflect on this report. See How and When does the builder pull? When will my changes propagate? for more information. - Make sure to use the following settings in order to reproduce any error or warning you see on this page. |
| Package 960/2183 | Hostname | OS / Arch | INSTALL | BUILD | CHECK | BUILD BIN | ||||||||
| ILoReg 1.8.0 (landing page) Johannes Smolander
| nebbiolo2 | Linux (Ubuntu 20.04.5 LTS) / x86_64 | OK | OK | WARNINGS | |||||||||
| palomino4 | Windows Server 2022 Datacenter / x64 | OK | OK | WARNINGS | OK | |||||||||
| lconway | macOS 12.5.1 Monterey / x86_64 | OK | OK | WARNINGS | OK | |||||||||
| Package: ILoReg |
| Version: 1.8.0 |
| Command: /home/biocbuild/bbs-3.16-bioc/R/bin/R CMD check --install=check:ILoReg.install-out.txt --library=/home/biocbuild/bbs-3.16-bioc/R/site-library --timings ILoReg_1.8.0.tar.gz |
| StartedAt: 2023-04-10 21:23:19 -0400 (Mon, 10 Apr 2023) |
| EndedAt: 2023-04-10 21:31:15 -0400 (Mon, 10 Apr 2023) |
| EllapsedTime: 476.8 seconds |
| RetCode: 0 |
| Status: WARNINGS |
| CheckDir: ILoReg.Rcheck |
| Warnings: 1 |
##############################################################################
##############################################################################
###
### Running command:
###
### /home/biocbuild/bbs-3.16-bioc/R/bin/R CMD check --install=check:ILoReg.install-out.txt --library=/home/biocbuild/bbs-3.16-bioc/R/site-library --timings ILoReg_1.8.0.tar.gz
###
##############################################################################
##############################################################################
* using log directory ‘/home/biocbuild/bbs-3.16-bioc/meat/ILoReg.Rcheck’
* using R version 4.2.3 (2023-03-15)
* using platform: x86_64-pc-linux-gnu (64-bit)
* using session charset: UTF-8
* checking for file ‘ILoReg/DESCRIPTION’ ... OK
* checking extension type ... Package
* this is package ‘ILoReg’ version ‘1.8.0’
* package encoding: UTF-8
* checking package namespace information ... OK
* checking package dependencies ... OK
* checking if this is a source package ... OK
* checking if there is a namespace ... OK
* checking for hidden files and directories ... OK
* checking for portable file names ... OK
* checking for sufficient/correct file permissions ... OK
* checking whether package ‘ILoReg’ can be installed ... OK
* checking installed package size ... OK
* checking package directory ... OK
* checking ‘build’ directory ... OK
* checking DESCRIPTION meta-information ... OK
* checking top-level files ... OK
* checking for left-over files ... OK
* checking index information ... OK
* checking package subdirectories ... OK
* checking R files for non-ASCII characters ... OK
* checking R files for syntax errors ... OK
* checking whether the package can be loaded ... OK
* checking whether the package can be loaded with stated dependencies ... OK
* checking whether the package can be unloaded cleanly ... OK
* checking whether the namespace can be loaded with stated dependencies ... OK
* checking whether the namespace can be unloaded cleanly ... OK
* checking loading without being on the library search path ... OK
* checking dependencies in R code ... OK
* checking S3 generic/method consistency ... OK
* checking replacement functions ... OK
* checking foreign function calls ... OK
* checking R code for possible problems ... OK
* checking Rd files ... OK
* checking Rd metadata ... OK
* checking Rd cross-references ... OK
* checking for missing documentation entries ... OK
* checking for code/documentation mismatches ... WARNING
Codoc mismatches from documentation object 'FindAllGeneMarkers':
FindAllGeneMarkers.SingleCellExperiment
Code: function(object, clustering.type, test, log2fc.threshold,
min.pct, min.diff.pct, min.cells.group,
max.cells.per.cluster, return.thresh, only.pos)
Docs: function(object, clustering.type, test, log2fc.threshold,
min.pct, min.diff.pct, min.cells.group,
max.cells.per.cluster, pseudocount.use, return.thresh,
only.pos)
Argument names in docs not in code:
pseudocount.use
Mismatches in argument names:
Position: 9 Code: return.thresh Docs: pseudocount.use
Position: 10 Code: only.pos Docs: return.thresh
\S4method{FindAllGeneMarkers}{SingleCellExperiment}
Code: function(object, clustering.type = "manual", test = "wilcox",
log2fc.threshold = 0.25, min.pct = 0.1, min.diff.pct =
NULL, min.cells.group = 3, max.cells.per.cluster =
NULL, return.thresh = 0.01, only.pos = FALSE)
Docs: function(object, clustering.type = "manual", test = "wilcox",
log2fc.threshold = 0.25, min.pct = 0.1, min.diff.pct =
NULL, min.cells.group = 3, max.cells.per.cluster =
NULL, pseudocount.use = 1, return.thresh = 0.01,
only.pos = FALSE)
Argument names in docs not in code:
pseudocount.use
Mismatches in argument names:
Position: 9 Code: return.thresh Docs: pseudocount.use
Position: 10 Code: only.pos Docs: return.thresh
Codoc mismatches from documentation object 'FindGeneMarkers':
FindGeneMarkers.SingleCellExperiment
Code: function(object, clusters.1, clusters.2, clustering.type, test,
logfc.threshold, min.pct, min.diff.pct,
min.cells.group, max.cells.per.cluster, return.thresh,
only.pos)
Docs: function(object, clusters.1, clusters.2, clustering.type, test,
logfc.threshold, min.pct, min.diff.pct,
min.cells.group, max.cells.per.cluster,
pseudocount.use, return.thresh, only.pos)
Argument names in docs not in code:
pseudocount.use
Mismatches in argument names:
Position: 11 Code: return.thresh Docs: pseudocount.use
Position: 12 Code: only.pos Docs: return.thresh
\S4method{FindGeneMarkers}{SingleCellExperiment}
Code: function(object, clusters.1 = NULL, clusters.2 = NULL,
clustering.type = "", test = "wilcox", logfc.threshold
= 0.25, min.pct = 0.1, min.diff.pct = NULL,
min.cells.group = 3, max.cells.per.cluster = NULL,
return.thresh = 0.01, only.pos = FALSE)
Docs: function(object, clusters.1 = NULL, clusters.2 = NULL,
clustering.type = "", test = "wilcox", logfc.threshold
= 0.25, min.pct = 0.1, min.diff.pct = NULL,
min.cells.group = 3, max.cells.per.cluster = NULL,
pseudocount.use = 1, return.thresh = 0.01, only.pos =
FALSE)
Argument names in docs not in code:
pseudocount.use
Mismatches in argument names:
Position: 11 Code: return.thresh Docs: pseudocount.use
Position: 12 Code: only.pos Docs: return.thresh
Codoc mismatches from documentation object 'RunICP':
RunICP
Code: function(normalized.data = NULL, k = 15, d = 0.3, r = 5, C = 5,
reg.type = "L1", max.iter = 200, icp.batch.size = Inf)
Docs: function(normalized.data = NULL, k = 15, d = 0.3, r = 5, C = 5,
reg.type = "L1", max.iter = 200)
Argument names in code not in docs:
icp.batch.size
Codoc mismatches from documentation object 'RunParallelICP':
RunParallelICP.SingleCellExperiment
Code: function(object, k, d, L, r, C, reg.type, max.iter, threads,
icp.batch.size)
Docs: function(object, k, d, L, r, C, reg.type, max.iter, threads)
Argument names in code not in docs:
icp.batch.size
\S4method{RunParallelICP}{SingleCellExperiment}
Code: function(object, k = 15, d = 0.3, L = 200, r = 5, C = 0.3,
reg.type = "L1", max.iter = 200, threads = 0,
icp.batch.size = Inf)
Docs: function(object, k = 15, d = 0.3, L = 200, r = 5, C = 0.3,
reg.type = "L1", max.iter = 200, threads = 0)
Argument names in code not in docs:
icp.batch.size
* checking Rd \usage sections ... OK
* checking Rd contents ... OK
* checking for unstated dependencies in examples ... OK
* checking contents of ‘data’ directory ... OK
* checking data for non-ASCII characters ... OK
* checking LazyData ... OK
* checking data for ASCII and uncompressed saves ... OK
* checking files in ‘vignettes’ ... OK
* checking examples ... OK
Examples with CPU (user + system) or elapsed time > 5s
user system elapsed
FindAllGeneMarkers 18.607 0.560 19.168
SelectTopGenes 15.225 0.252 15.478
AnnotationScatterPlot 13.713 0.627 14.340
ClusteringScatterPlot 11.093 0.260 11.353
GeneHeatmap 10.423 0.184 10.607
GeneScatterPlot 9.933 0.204 10.138
FindGeneMarkers 8.702 0.164 8.866
CalcSilhInfo 8.362 0.268 8.630
RunUMAP 8.400 0.096 8.496
RunTSNE 7.793 0.028 7.822
VlnPlot 7.656 0.024 7.681
SilhouetteCurve 7.626 0.032 7.658
SelectKClusters 7.189 0.040 7.229
RunPCA 6.655 0.053 6.708
PCAElbowPlot 6.627 0.056 6.684
HierarchicalClustering 6.577 0.060 6.638
MergeClusters 6.628 0.008 6.636
RenameAllClusters 6.517 0.020 6.539
RenameCluster 6.274 0.052 6.326
RunParallelICP 6.208 0.011 6.221
* checking for unstated dependencies in vignettes ... OK
* checking package vignettes in ‘inst/doc’ ... OK
* checking running R code from vignettes ...
‘ILoReg.Rmd’ using ‘UTF-8’... OK
NONE
* checking re-building of vignette outputs ... OK
* checking PDF version of manual ... OK
* DONE
Status: 1 WARNING
See
‘/home/biocbuild/bbs-3.16-bioc/meat/ILoReg.Rcheck/00check.log’
for details.
ILoReg.Rcheck/00install.out
############################################################################## ############################################################################## ### ### Running command: ### ### /home/biocbuild/bbs-3.16-bioc/R/bin/R CMD INSTALL ILoReg ### ############################################################################## ############################################################################## * installing to library ‘/home/biocbuild/bbs-3.16-bioc/R/site-library’ * installing *source* package ‘ILoReg’ ... ** using staged installation ** R ** data *** moving datasets to lazyload DB ** inst ** byte-compile and prepare package for lazy loading ** help *** installing help indices ** building package indices ** installing vignettes ** testing if installed package can be loaded from temporary location ** testing if installed package can be loaded from final location ** testing if installed package keeps a record of temporary installation path * DONE (ILoReg)
ILoReg.Rcheck/ILoReg-Ex.timings
| name | user | system | elapsed | |
| AnnotationScatterPlot | 13.713 | 0.627 | 14.340 | |
| CalcSilhInfo | 8.362 | 0.268 | 8.630 | |
| ClusteringScatterPlot | 11.093 | 0.260 | 11.353 | |
| FindAllGeneMarkers | 18.607 | 0.560 | 19.168 | |
| FindGeneMarkers | 8.702 | 0.164 | 8.866 | |
| GeneHeatmap | 10.423 | 0.184 | 10.607 | |
| GeneScatterPlot | 9.933 | 0.204 | 10.138 | |
| HierarchicalClustering | 6.577 | 0.060 | 6.638 | |
| MergeClusters | 6.628 | 0.008 | 6.636 | |
| PCAElbowPlot | 6.627 | 0.056 | 6.684 | |
| PrepareILoReg | 0.361 | 0.000 | 0.361 | |
| RenameAllClusters | 6.517 | 0.020 | 6.539 | |
| RenameCluster | 6.274 | 0.052 | 6.326 | |
| RunPCA | 6.655 | 0.053 | 6.708 | |
| RunParallelICP | 6.208 | 0.011 | 6.221 | |
| RunTSNE | 7.793 | 0.028 | 7.822 | |
| RunUMAP | 8.400 | 0.096 | 8.496 | |
| SelectKClusters | 7.189 | 0.040 | 7.229 | |
| SelectTopGenes | 15.225 | 0.252 | 15.478 | |
| SilhouetteCurve | 7.626 | 0.032 | 7.658 | |
| VlnPlot | 7.656 | 0.024 | 7.681 | |
| pbmc3k_500 | 0.002 | 0.000 | 0.003 | |