| Back to Multiple platform build/check report for BioC 3.16: simplified long |
|
This page was generated on 2023-04-12 11:06:05 -0400 (Wed, 12 Apr 2023).
| Hostname | OS | Arch (*) | R version | Installed pkgs |
|---|---|---|---|---|
| nebbiolo2 | Linux (Ubuntu 20.04.5 LTS) | x86_64 | 4.2.3 (2023-03-15) -- "Shortstop Beagle" | 4502 |
| palomino4 | Windows Server 2022 Datacenter | x64 | 4.2.3 (2023-03-15 ucrt) -- "Shortstop Beagle" | 4282 |
| lconway | macOS 12.5.1 Monterey | x86_64 | 4.2.3 (2023-03-15) -- "Shortstop Beagle" | 4310 |
| Click on any hostname to see more info about the system (e.g. compilers) (*) as reported by 'uname -p', except on Windows and Mac OS X | ||||
|
To the developers/maintainers of the DEP package: - Please allow up to 24 hours (and sometimes 48 hours) for your latest push to git@git.bioconductor.org:packages/DEP.git to reflect on this report. See How and When does the builder pull? When will my changes propagate? for more information. - Make sure to use the following settings in order to reproduce any error or warning you see on this page. |
| Package 514/2183 | Hostname | OS / Arch | INSTALL | BUILD | CHECK | BUILD BIN | ||||||||
| DEP 1.20.0 (landing page) Arne Smits
| nebbiolo2 | Linux (Ubuntu 20.04.5 LTS) / x86_64 | OK | OK | WARNINGS | |||||||||
| palomino4 | Windows Server 2022 Datacenter / x64 | OK | OK | WARNINGS | OK | |||||||||
| lconway | macOS 12.5.1 Monterey / x86_64 | OK | OK | WARNINGS | OK | |||||||||
| Package: DEP |
| Version: 1.20.0 |
| Command: /Library/Frameworks/R.framework/Resources/bin/R CMD check --install=check:DEP.install-out.txt --library=/Library/Frameworks/R.framework/Resources/library --no-vignettes --timings DEP_1.20.0.tar.gz |
| StartedAt: 2023-04-10 19:49:50 -0400 (Mon, 10 Apr 2023) |
| EndedAt: 2023-04-10 19:54:42 -0400 (Mon, 10 Apr 2023) |
| EllapsedTime: 292.2 seconds |
| RetCode: 0 |
| Status: WARNINGS |
| CheckDir: DEP.Rcheck |
| Warnings: 1 |
##############################################################################
##############################################################################
###
### Running command:
###
### /Library/Frameworks/R.framework/Resources/bin/R CMD check --install=check:DEP.install-out.txt --library=/Library/Frameworks/R.framework/Resources/library --no-vignettes --timings DEP_1.20.0.tar.gz
###
##############################################################################
##############################################################################
* using log directory ‘/Users/biocbuild/bbs-3.16-bioc/meat/DEP.Rcheck’
* using R version 4.2.3 (2023-03-15)
* using platform: x86_64-apple-darwin17.0 (64-bit)
* using session charset: UTF-8
* using option ‘--no-vignettes’
* checking for file ‘DEP/DESCRIPTION’ ... OK
* this is package ‘DEP’ version ‘1.20.0’
* package encoding: UTF-8
* checking package namespace information ... OK
* checking package dependencies ... OK
* checking if this is a source package ... OK
* checking if there is a namespace ... OK
* checking for hidden files and directories ... OK
* checking for portable file names ... OK
* checking for sufficient/correct file permissions ... OK
* checking whether package ‘DEP’ can be installed ... OK
* checking installed package size ... OK
* checking package directory ... OK
* checking ‘build’ directory ... OK
* checking DESCRIPTION meta-information ... OK
* checking top-level files ... OK
* checking for left-over files ... OK
* checking index information ... OK
* checking package subdirectories ... OK
* checking R files for non-ASCII characters ... OK
* checking R files for syntax errors ... OK
* checking whether the package can be loaded ... OK
* checking whether the package can be loaded with stated dependencies ... OK
* checking whether the package can be unloaded cleanly ... OK
* checking whether the namespace can be loaded with stated dependencies ... OK
* checking whether the namespace can be unloaded cleanly ... OK
* checking dependencies in R code ... OK
* checking S3 generic/method consistency ... OK
* checking replacement functions ... OK
* checking foreign function calls ... OK
* checking R code for possible problems ... OK
* checking Rd files ... OK
* checking Rd metadata ... OK
* checking Rd cross-references ... WARNING
Missing link or links in documentation object 'LFQ.Rd':
‘[MSnbase:impute-methods]{impute}’
Missing link or links in documentation object 'TMT.Rd':
‘[MSnbase:impute-methods]{impute}’
Missing link or links in documentation object 'impute.Rd':
‘[MSnbase:impute-methods]{impute}’
Missing link or links in documentation object 'process.Rd':
‘[MSnbase:impute-methods]{impute}’
See section 'Cross-references' in the 'Writing R Extensions' manual.
* checking for missing documentation entries ... OK
* checking for code/documentation mismatches ... OK
* checking Rd \usage sections ... OK
* checking Rd contents ... OK
* checking for unstated dependencies in examples ... OK
* checking contents of ‘data’ directory ... OK
* checking data for non-ASCII characters ... OK
* checking LazyData ... OK
* checking data for ASCII and uncompressed saves ... OK
* checking R/sysdata.rda ... OK
* checking files in ‘vignettes’ ... OK
* checking examples ... OK
* checking for unstated dependencies in ‘tests’ ... OK
* checking tests ...
Running ‘testthat.R’
OK
* checking for unstated dependencies in vignettes ... OK
* checking package vignettes in ‘inst/doc’ ... OK
* checking running R code from vignettes ... SKIPPED
* checking re-building of vignette outputs ... SKIPPED
* checking PDF version of manual ... OK
* DONE
Status: 1 WARNING
See
‘/Users/biocbuild/bbs-3.16-bioc/meat/DEP.Rcheck/00check.log’
for details.
DEP.Rcheck/00install.out
############################################################################## ############################################################################## ### ### Running command: ### ### /Library/Frameworks/R.framework/Resources/bin/R CMD INSTALL DEP ### ############################################################################## ############################################################################## * installing to library ‘/Library/Frameworks/R.framework/Versions/4.2/Resources/library’ * installing *source* package ‘DEP’ ... ** using staged installation ** R ** data *** moving datasets to lazyload DB ** inst ** byte-compile and prepare package for lazy loading ** help *** installing help indices ** building package indices ** installing vignettes ** testing if installed package can be loaded from temporary location ** testing if installed package can be loaded from final location ** testing if installed package keeps a record of temporary installation path * DONE (DEP)
DEP.Rcheck/tests/testthat.Rout
R version 4.2.3 (2023-03-15) -- "Shortstop Beagle"
Copyright (C) 2023 The R Foundation for Statistical Computing
Platform: x86_64-apple-darwin17.0 (64-bit)
R is free software and comes with ABSOLUTELY NO WARRANTY.
You are welcome to redistribute it under certain conditions.
Type 'license()' or 'licence()' for distribution details.
R is a collaborative project with many contributors.
Type 'contributors()' for more information and
'citation()' on how to cite R or R packages in publications.
Type 'demo()' for some demos, 'help()' for on-line help, or
'help.start()' for an HTML browser interface to help.
Type 'q()' to quit R.
> library(testthat)
> library(DEP)
>
> test_check("DEP")
[ FAIL 0 | WARN 14 | SKIP 0 | PASS 333 ]
[ FAIL 0 | WARN 14 | SKIP 0 | PASS 333 ]
>
> proc.time()
user system elapsed
47.781 2.561 51.216
DEP.Rcheck/DEP-Ex.timings
| name | user | system | elapsed | |
| LFQ | 1.874 | 0.063 | 1.941 | |
| TMT | 0 | 0 | 0 | |
| add_rejections | 0.675 | 0.053 | 0.729 | |
| analyze_dep | 2.351 | 0.135 | 2.489 | |
| filter_missval | 0.415 | 0.028 | 0.444 | |
| filter_proteins | 0.281 | 0.016 | 0.298 | |
| get_df_long | 0.691 | 0.054 | 0.746 | |
| get_df_wide | 0.629 | 0.028 | 0.659 | |
| get_prefix | 0.002 | 0.000 | 0.002 | |
| get_results | 0.820 | 0.043 | 0.863 | |
| get_suffix | 0.001 | 0.000 | 0.001 | |
| import_IsobarQuant | 0 | 0 | 0 | |
| import_MaxQuant | 0.038 | 0.000 | 0.038 | |
| impute | 1.136 | 0.041 | 1.181 | |
| make_se | 0.032 | 0.001 | 0.032 | |
| make_se_parse | 0.050 | 0.002 | 0.051 | |
| make_unique | 0.016 | 0.000 | 0.017 | |
| manual_impute | 0.637 | 0.035 | 0.674 | |
| meanSdPlot | 0.566 | 0.016 | 0.583 | |
| normalize_vsn | 0.346 | 0.016 | 0.363 | |
| plot_all | 1.413 | 0.065 | 1.481 | |
| plot_cond | 1.142 | 0.041 | 1.192 | |
| plot_cond_freq | 0.862 | 0.026 | 0.892 | |
| plot_cond_overlap | 0.874 | 0.049 | 0.950 | |
| plot_cor | 1.138 | 0.045 | 1.188 | |
| plot_coverage | 0.562 | 0.023 | 0.587 | |
| plot_detect | 0.776 | 0.031 | 0.811 | |
| plot_dist | 2.831 | 0.057 | 2.896 | |
| plot_frequency | 0.389 | 0.021 | 0.410 | |
| plot_gsea | 0.685 | 0.027 | 0.714 | |
| plot_heatmap | 2.398 | 0.068 | 2.474 | |
| plot_imputation | 0.993 | 0.058 | 1.053 | |
| plot_missval | 1.442 | 0.055 | 1.499 | |
| plot_normalization | 1.918 | 0.070 | 1.992 | |
| plot_numbers | 0.471 | 0.023 | 0.495 | |
| plot_p_hist | 1.142 | 0.032 | 1.176 | |
| plot_pca | 1.228 | 0.032 | 1.264 | |
| plot_single | 1.436 | 0.039 | 1.481 | |
| plot_volcano | 3.408 | 0.050 | 3.469 | |
| process | 1.163 | 0.047 | 1.211 | |
| report | 0 | 0 | 0 | |
| run_app | 0.000 | 0.000 | 0.001 | |
| se2msn | 0.106 | 0.001 | 0.107 | |
| test_diff | 0.873 | 0.082 | 0.955 | |
| test_gsea | 0.704 | 0.024 | 0.729 | |
| theme_DEP1 | 0.406 | 0.024 | 0.432 | |
| theme_DEP2 | 0.486 | 0.021 | 0.508 | |