| Back to Multiple platform build/check report for BioC 3.16: simplified long |
|
This page was generated on 2023-04-12 11:06:02 -0400 (Wed, 12 Apr 2023).
| Hostname | OS | Arch (*) | R version | Installed pkgs |
|---|---|---|---|---|
| nebbiolo2 | Linux (Ubuntu 20.04.5 LTS) | x86_64 | 4.2.3 (2023-03-15) -- "Shortstop Beagle" | 4502 |
| palomino4 | Windows Server 2022 Datacenter | x64 | 4.2.3 (2023-03-15 ucrt) -- "Shortstop Beagle" | 4282 |
| lconway | macOS 12.5.1 Monterey | x86_64 | 4.2.3 (2023-03-15) -- "Shortstop Beagle" | 4310 |
| Click on any hostname to see more info about the system (e.g. compilers) (*) as reported by 'uname -p', except on Windows and Mac OS X | ||||
|
To the developers/maintainers of the ChemmineR package: - Please allow up to 24 hours (and sometimes 48 hours) for your latest push to git@git.bioconductor.org:packages/ChemmineR.git to reflect on this report. See How and When does the builder pull? When will my changes propagate? for more information. - Make sure to use the following settings in order to reproduce any error or warning you see on this page. |
| Package 304/2183 | Hostname | OS / Arch | INSTALL | BUILD | CHECK | BUILD BIN | ||||||||
| ChemmineR 3.50.0 (landing page) Thomas Girke
| nebbiolo2 | Linux (Ubuntu 20.04.5 LTS) / x86_64 | OK | OK | ERROR | |||||||||
| palomino4 | Windows Server 2022 Datacenter / x64 | OK | OK | WARNINGS | OK | |||||||||
| lconway | macOS 12.5.1 Monterey / x86_64 | OK | OK | WARNINGS | OK | |||||||||
| Package: ChemmineR |
| Version: 3.50.0 |
| Command: /Library/Frameworks/R.framework/Resources/bin/R CMD check --install=check:ChemmineR.install-out.txt --library=/Library/Frameworks/R.framework/Resources/library --no-vignettes --timings ChemmineR_3.50.0.tar.gz |
| StartedAt: 2023-04-10 19:20:09 -0400 (Mon, 10 Apr 2023) |
| EndedAt: 2023-04-10 19:22:05 -0400 (Mon, 10 Apr 2023) |
| EllapsedTime: 116.7 seconds |
| RetCode: 0 |
| Status: WARNINGS |
| CheckDir: ChemmineR.Rcheck |
| Warnings: 1 |
##############################################################################
##############################################################################
###
### Running command:
###
### /Library/Frameworks/R.framework/Resources/bin/R CMD check --install=check:ChemmineR.install-out.txt --library=/Library/Frameworks/R.framework/Resources/library --no-vignettes --timings ChemmineR_3.50.0.tar.gz
###
##############################################################################
##############################################################################
* using log directory ‘/Users/biocbuild/bbs-3.16-bioc/meat/ChemmineR.Rcheck’
* using R version 4.2.3 (2023-03-15)
* using platform: x86_64-apple-darwin17.0 (64-bit)
* using session charset: UTF-8
* using option ‘--no-vignettes’
* checking for file ‘ChemmineR/DESCRIPTION’ ... OK
* checking extension type ... Package
* this is package ‘ChemmineR’ version ‘3.50.0’
* checking package namespace information ... OK
* checking package dependencies ... OK
* checking if this is a source package ... OK
* checking if there is a namespace ... OK
* checking for hidden files and directories ... OK
* checking for portable file names ... OK
* checking for sufficient/correct file permissions ... OK
* checking whether package ‘ChemmineR’ can be installed ... WARNING
Found the following significant warnings:
r_wrap.cc:563:7: warning: 'register' storage class specifier is deprecated and incompatible with C++17 [-Wdeprecated-register]
r_wrap.cc:564:7: warning: 'register' storage class specifier is deprecated and incompatible with C++17 [-Wdeprecated-register]
r_wrap.cc:567:2: warning: 'register' storage class specifier is deprecated and incompatible with C++17 [-Wdeprecated-register]
r_wrap.cc:570:4: warning: 'register' storage class specifier is deprecated and incompatible with C++17 [-Wdeprecated-register]
r_wrap.cc:614:7: warning: 'register' storage class specifier is deprecated and incompatible with C++17 [-Wdeprecated-register]
r_wrap.cc:633:3: warning: 'register' storage class specifier is deprecated and incompatible with C++17 [-Wdeprecated-register]
r_wrap.cc:634:3: warning: 'register' storage class specifier is deprecated and incompatible with C++17 [-Wdeprecated-register]
r_wrap.cc:636:5: warning: 'register' storage class specifier is deprecated and incompatible with C++17 [-Wdeprecated-register]
r_wrap.cc:648:3: warning: 'register' storage class specifier is deprecated and incompatible with C++17 [-Wdeprecated-register]
r_wrap.cc:649:3: warning: 'register' storage class specifier is deprecated and incompatible with C++17 [-Wdeprecated-register]
r_wrap.cc:651:5: warning: 'register' storage class specifier is deprecated and incompatible with C++17 [-Wdeprecated-register]
r_wrap.cc:652:5: warning: 'register' storage class specifier is deprecated and incompatible with C++17 [-Wdeprecated-register]
r_wrap.cc:1689:14: warning: explicitly assigning value of variable of type 'void *' to itself [-Wself-assign]
See ‘/Users/biocbuild/bbs-3.16-bioc/meat/ChemmineR.Rcheck/00install.out’ for details.
* checking installed package size ... OK
* checking package directory ... OK
* checking ‘build’ directory ... OK
* checking DESCRIPTION meta-information ... NOTE
Package listed in more than one of Depends, Imports, Suggests, Enhances:
‘png’
A package should be listed in only one of these fields.
* checking top-level files ... OK
* checking for left-over files ... OK
* checking index information ... OK
* checking package subdirectories ... OK
* checking R files for non-ASCII characters ... OK
* checking R files for syntax errors ... OK
* checking whether the package can be loaded ... OK
* checking whether the package can be loaded with stated dependencies ... OK
* checking whether the package can be unloaded cleanly ... OK
* checking whether the namespace can be loaded with stated dependencies ... OK
* checking whether the namespace can be unloaded cleanly ... OK
* checking dependencies in R code ... NOTE
'library' or 'require' calls in package code:
‘ChemmineDrugs’ ‘ChemmineOB’ ‘RPostgreSQL’ ‘RSQLite’ ‘fmcsR’ ‘png’
‘snow’
Please use :: or requireNamespace() instead.
See section 'Suggested packages' in the 'Writing R Extensions' manual.
Namespace in Imports field not imported from: ‘BiocGenerics’
All declared Imports should be used.
* checking S3 generic/method consistency ... OK
* checking replacement functions ... OK
* checking foreign function calls ... OK
* checking R code for possible problems ... NOTE
Found the following possibly unsafe calls:
File ‘ChemmineR/R/sim.R’:
unlockBinding(".progress_bar_int_cnt", environment(.progress_bar))
.data.frame.to.str: no visible global function definition for
‘write.table’
.data.frame.to.str: no visible binding for global variable ‘string’
.parseV3000: no visible binding for global variable ‘AW’
.rings: no visible global function definition for ‘combn’
DUD: no visible global function definition for ‘download.file’
DUD: no visible global function definition for ‘untar’
applyOptions: no visible global function definition for ‘convertFormat’
browseJob: no visible global function definition for ‘browseURL’
canonicalNumbering: no visible global function definition for
‘canonicalNumbering_OB’
canonicalNumberingOB: no visible global function definition for
‘canonicalNumbering_OB’
cluster.visualize: no visible global function definition for ‘rainbow’
cluster.visualize: no visible global function definition for ‘pdf’
cluster.visualize: no visible global function definition for
‘postscript’
cluster.visualize: no visible global function definition for ‘dev.off’
desc2fp: no visible global function definition for ‘data’
draw_sdf: no visible global function definition for ‘rgb’
draw_sdf: no visible global function definition for ‘fmcs’
exactMassOB: no visible global function definition for ‘exactMass_OB’
fingerprintOB: no visible global function definition for
‘fingerprint_OB’
getCompoundFeatures : <anonymous>: no visible global function
definition for ‘write.table’
getCompounds: no visible global function definition for ‘str’
getDbConn: no visible global function definition for ‘error’
handle_segs: no visible binding for global variable ‘C1’
handle_segs: no visible binding for global variable ‘C2’
handle_segs: no visible binding for global variable ‘C1.1’
handle_segs: no visible binding for global variable ‘C2.1’
handle_text: no visible binding for global variable ‘C1’
handle_text: no visible binding for global variable ‘C2’
listCMTools: no visible global function definition for ‘read.table’
parBatchByIndex: no visible global function definition for
‘clusterExport’
parBatchByIndex: no visible global function definition for
‘clusterApplyLB’
postgresqlWriteTable: no visible global function definition for
‘postgresqlTableRef’
postgresqlWriteTable: no visible global function definition for
‘postgresqlQuoteId’
postgresqlWriteTable: no visible global function definition for
‘postgresqlpqExec’
postgresqlWriteTable: no visible global function definition for
‘postgresqlCopyInDataframe’
postgresqlWriteTable: no visible global function definition for
‘postgresqlgetResult’
propOB: no visible global function definition for ‘prop_OB’
read.AP: no visible global function definition for ‘read.delim’
sdf2OBMol: no visible global function definition for ‘forEachMol’
sdf2image: no visible global function definition for ‘convertToImage’
sdf2smiles: no visible global function definition for ‘convertFormat’
sdf2smilesOB: no visible global function definition for ‘convertFormat’
sdfStream: no visible global function definition for ‘write.table’
setPriorities: no visible global function definition for
‘clusterExport’
smartsSearchOB: no visible global function definition for
‘smartsSearch_OB’
smile2sdfFile: no visible global function definition for
‘convertFormatFile’
smiles2sdf: no visible global function definition for ‘convertFormat’
smiles2sdfOB: no visible global function definition for ‘convertFormat’
write.SMI: no visible global function definition for ‘write.table’
Undefined global functions or variables:
AW C1 C1.1 C2 C2.1 browseURL canonicalNumbering_OB clusterApplyLB
clusterExport combn convertFormat convertFormatFile convertToImage
data dev.off download.file error exactMass_OB fingerprint_OB fmcs
forEachMol pdf postgresqlCopyInDataframe postgresqlQuoteId
postgresqlTableRef postgresqlgetResult postgresqlpqExec postscript
prop_OB rainbow read.delim read.table rgb smartsSearch_OB str string
untar write.table
Consider adding
importFrom("grDevices", "dev.off", "pdf", "postscript", "rainbow",
"rgb")
importFrom("utils", "browseURL", "combn", "data", "download.file",
"read.delim", "read.table", "str", "untar", "write.table")
to your NAMESPACE file.
* checking Rd files ... OK
* checking Rd metadata ... OK
* checking Rd cross-references ... OK
* checking for missing documentation entries ... OK
* checking for code/documentation mismatches ... OK
* checking Rd \usage sections ... OK
* checking Rd contents ... OK
* checking for unstated dependencies in examples ... OK
* checking contents of ‘data’ directory ... OK
* checking data for non-ASCII characters ... OK
* checking data for ASCII and uncompressed saves ... OK
* checking line endings in C/C++/Fortran sources/headers ... OK
* checking line endings in Makefiles ... OK
* checking compilation flags in Makevars ... OK
* checking for GNU extensions in Makefiles ... OK
* checking for portable use of $(BLAS_LIBS) and $(LAPACK_LIBS) ... OK
* checking use of PKG_*FLAGS in Makefiles ... OK
* checking compiled code ... NOTE
Note: information on .o files is not available
File ‘/Library/Frameworks/R.framework/Versions/4.2/Resources/library/ChemmineR/libs/ChemmineR.so’:
Found ‘__ZNSt3__14cerrE’, possibly from ‘std::cerr’ (C++)
Found ‘__ZNSt3__14coutE’, possibly from ‘std::cout’ (C++)
Compiled code should not call entry points which might terminate R nor
write to stdout/stderr instead of to the console, nor use Fortran I/O
nor system RNGs. The detected symbols are linked into the code but
might come from libraries and not actually be called.
See ‘Writing portable packages’ in the ‘Writing R Extensions’ manual.
* checking files in ‘vignettes’ ... OK
* checking examples ... OK
* checking for unstated dependencies in ‘tests’ ... OK
* checking tests ...
Running ‘runTests.R’
OK
* checking for unstated dependencies in vignettes ... OK
* checking package vignettes in ‘inst/doc’ ... OK
* checking running R code from vignettes ... SKIPPED
* checking re-building of vignette outputs ... SKIPPED
* checking PDF version of manual ... OK
* DONE
Status: 1 WARNING, 4 NOTEs
See
‘/Users/biocbuild/bbs-3.16-bioc/meat/ChemmineR.Rcheck/00check.log’
for details.
ChemmineR.Rcheck/00install.out
##############################################################################
##############################################################################
###
### Running command:
###
### /Library/Frameworks/R.framework/Resources/bin/R CMD INSTALL ChemmineR
###
##############################################################################
##############################################################################
* installing to library ‘/Library/Frameworks/R.framework/Versions/4.2/Resources/library’
* installing *source* package ‘ChemmineR’ ...
** using staged installation
** libs
clang++ -mmacosx-version-min=10.13 -std=gnu++14 -I"/Library/Frameworks/R.framework/Resources/include" -DNDEBUG -I'/Library/Frameworks/R.framework/Versions/4.2/Resources/library/Rcpp/include' -I'/Library/Frameworks/R.framework/Versions/4.2/Resources/library/BH/include' -I/usr/local/include -DNO_MAIN -DNO_DEBUG -fPIC -Wall -g -O2 -c DisjointSets.cpp -o DisjointSets.o
clang++ -mmacosx-version-min=10.13 -std=gnu++14 -I"/Library/Frameworks/R.framework/Resources/include" -DNDEBUG -I'/Library/Frameworks/R.framework/Versions/4.2/Resources/library/Rcpp/include' -I'/Library/Frameworks/R.framework/Versions/4.2/Resources/library/BH/include' -I/usr/local/include -DNO_MAIN -DNO_DEBUG -fPIC -Wall -g -O2 -c cluster.cc -o cluster.o
cluster.cc:49:13: warning: unused function 'prepare_neighbors' [-Wunused-function]
void static prepare_neighbors(const char* nbr_file, int skip, int p)
^
1 warning generated.
clang++ -mmacosx-version-min=10.13 -std=gnu++14 -I"/Library/Frameworks/R.framework/Resources/include" -DNDEBUG -I'/Library/Frameworks/R.framework/Versions/4.2/Resources/library/Rcpp/include' -I'/Library/Frameworks/R.framework/Versions/4.2/Resources/library/BH/include' -I/usr/local/include -DNO_MAIN -DNO_DEBUG -fPIC -Wall -g -O2 -c cstrsplit.cc -o cstrsplit.o
clang++ -mmacosx-version-min=10.13 -std=gnu++14 -I"/Library/Frameworks/R.framework/Resources/include" -DNDEBUG -I'/Library/Frameworks/R.framework/Versions/4.2/Resources/library/Rcpp/include' -I'/Library/Frameworks/R.framework/Versions/4.2/Resources/library/BH/include' -I/usr/local/include -DNO_MAIN -DNO_DEBUG -fPIC -Wall -g -O2 -c desc.cc -o desc.o
clang++ -mmacosx-version-min=10.13 -std=gnu++14 -I"/Library/Frameworks/R.framework/Resources/include" -DNDEBUG -I'/Library/Frameworks/R.framework/Versions/4.2/Resources/library/Rcpp/include' -I'/Library/Frameworks/R.framework/Versions/4.2/Resources/library/BH/include' -I/usr/local/include -DNO_MAIN -DNO_DEBUG -fPIC -Wall -g -O2 -c fingerprints.cc -o fingerprints.o
clang++ -mmacosx-version-min=10.13 -std=gnu++14 -I"/Library/Frameworks/R.framework/Resources/include" -DNDEBUG -I'/Library/Frameworks/R.framework/Versions/4.2/Resources/library/Rcpp/include' -I'/Library/Frameworks/R.framework/Versions/4.2/Resources/library/BH/include' -I/usr/local/include -DNO_MAIN -DNO_DEBUG -fPIC -Wall -g -O2 -c formats.cc -o formats.o
clang++ -mmacosx-version-min=10.13 -std=gnu++14 -I"/Library/Frameworks/R.framework/Resources/include" -DNDEBUG -I'/Library/Frameworks/R.framework/Versions/4.2/Resources/library/Rcpp/include' -I'/Library/Frameworks/R.framework/Versions/4.2/Resources/library/BH/include' -I/usr/local/include -DNO_MAIN -DNO_DEBUG -fPIC -Wall -g -O2 -c molecule.cc -o molecule.o
clang++ -mmacosx-version-min=10.13 -std=gnu++14 -I"/Library/Frameworks/R.framework/Resources/include" -DNDEBUG -I'/Library/Frameworks/R.framework/Versions/4.2/Resources/library/Rcpp/include' -I'/Library/Frameworks/R.framework/Versions/4.2/Resources/library/BH/include' -I/usr/local/include -DNO_MAIN -DNO_DEBUG -fPIC -Wall -g -O2 -c r_wrap.cc -o r_wrap.o
r_wrap.cc:563:7: warning: 'register' storage class specifier is deprecated and incompatible with C++17 [-Wdeprecated-register]
register size_t l = 0;
^~~~~~~~~
r_wrap.cc:564:7: warning: 'register' storage class specifier is deprecated and incompatible with C++17 [-Wdeprecated-register]
register size_t r = iter->size - 1;
^~~~~~~~~
r_wrap.cc:567:2: warning: 'register' storage class specifier is deprecated and incompatible with C++17 [-Wdeprecated-register]
register size_t i = (l + r) >> 1;
^~~~~~~~~
r_wrap.cc:570:4: warning: 'register' storage class specifier is deprecated and incompatible with C++17 [-Wdeprecated-register]
register int compare = strcmp(name, iname);
^~~~~~~~~
r_wrap.cc:614:7: warning: 'register' storage class specifier is deprecated and incompatible with C++17 [-Wdeprecated-register]
register size_t i = 0;
^~~~~~~~~
r_wrap.cc:633:3: warning: 'register' storage class specifier is deprecated and incompatible with C++17 [-Wdeprecated-register]
register const unsigned char *u = (unsigned char *) ptr;
^~~~~~~~~
r_wrap.cc:634:3: warning: 'register' storage class specifier is deprecated and incompatible with C++17 [-Wdeprecated-register]
register const unsigned char *eu = u + sz;
^~~~~~~~~
r_wrap.cc:636:5: warning: 'register' storage class specifier is deprecated and incompatible with C++17 [-Wdeprecated-register]
register unsigned char uu = *u;
^~~~~~~~~
r_wrap.cc:648:3: warning: 'register' storage class specifier is deprecated and incompatible with C++17 [-Wdeprecated-register]
register unsigned char *u = (unsigned char *) ptr;
^~~~~~~~~
r_wrap.cc:649:3: warning: 'register' storage class specifier is deprecated and incompatible with C++17 [-Wdeprecated-register]
register const unsigned char *eu = u + sz;
^~~~~~~~~
r_wrap.cc:651:5: warning: 'register' storage class specifier is deprecated and incompatible with C++17 [-Wdeprecated-register]
register char d = *(c++);
^~~~~~~~~
r_wrap.cc:652:5: warning: 'register' storage class specifier is deprecated and incompatible with C++17 [-Wdeprecated-register]
register unsigned char uu;
^~~~~~~~~
r_wrap.cc:949:15: warning: variable 'p' set but not used [-Wunused-but-set-variable]
const char *p = typeName;
^
r_wrap.cc:1689:14: warning: explicitly assigning value of variable of type 'void *' to itself [-Wself-assign]
clientdata = clientdata;
~~~~~~~~~~ ^ ~~~~~~~~~~
14 warnings generated.
clang++ -mmacosx-version-min=10.13 -std=gnu++14 -I"/Library/Frameworks/R.framework/Resources/include" -DNDEBUG -I'/Library/Frameworks/R.framework/Versions/4.2/Resources/library/Rcpp/include' -I'/Library/Frameworks/R.framework/Versions/4.2/Resources/library/BH/include' -I/usr/local/include -DNO_MAIN -DNO_DEBUG -fPIC -Wall -g -O2 -c script.cc -o script.o
clang++ -mmacosx-version-min=10.13 -std=gnu++14 -I"/Library/Frameworks/R.framework/Resources/include" -DNDEBUG -I'/Library/Frameworks/R.framework/Versions/4.2/Resources/library/Rcpp/include' -I'/Library/Frameworks/R.framework/Versions/4.2/Resources/library/BH/include' -I/usr/local/include -DNO_MAIN -DNO_DEBUG -fPIC -Wall -g -O2 -c similarity.cc -o similarity.o
clang++ -mmacosx-version-min=10.13 -std=gnu++14 -dynamiclib -Wl,-headerpad_max_install_names -undefined dynamic_lookup -single_module -multiply_defined suppress -L/Library/Frameworks/R.framework/Resources/lib -L/usr/local/lib -o ChemmineR.so DisjointSets.o cluster.o cstrsplit.o desc.o fingerprints.o formats.o molecule.o r_wrap.o script.o similarity.o -F/Library/Frameworks/R.framework/.. -framework R -Wl,-framework -Wl,CoreFoundation
installing to /Library/Frameworks/R.framework/Versions/4.2/Resources/library/00LOCK-ChemmineR/00new/ChemmineR/libs
** R
** data
** inst
** byte-compile and prepare package for lazy loading
** help
*** installing help indices
** building package indices
** installing vignettes
** testing if installed package can be loaded from temporary location
** checking absolute paths in shared objects and dynamic libraries
** testing if installed package can be loaded from final location
** testing if installed package keeps a record of temporary installation path
* DONE (ChemmineR)
ChemmineR.Rcheck/tests/runTests.Rout
R version 4.2.3 (2023-03-15) -- "Shortstop Beagle"
Copyright (C) 2023 The R Foundation for Statistical Computing
Platform: x86_64-apple-darwin17.0 (64-bit)
R is free software and comes with ABSOLUTELY NO WARRANTY.
You are welcome to redistribute it under certain conditions.
Type 'license()' or 'licence()' for distribution details.
R is a collaborative project with many contributors.
Type 'contributors()' for more information and
'citation()' on how to cite R or R packages in publications.
Type 'demo()' for some demos, 'help()' for on-line help, or
'help.start()' for an HTML browser interface to help.
Type 'q()' to quit R.
> BiocGenerics:::testPackage("ChemmineR")
======= testing fpset ===============================================
======= folding...
Loading required package: RSQLite
[1] "createing db"
[1] "createing db"
[1] "loading first half, no features"
[1] "createing db"
[1] "loading first half,with features"
adding new features to existing compounds. This could take a while
[1] "loading incomplete features"
[1] "loading second half"
adding new features to existing compounds. This could take a while
[1] "done loading"
[1] "createing db"
adding new features to existing compounds. This could take a while
[1] "found 70 compounds"
[1] "found 20 compounds"
Timing stopped at: 0 0 0
Error in DEACTIVATED("local test") : local test
In addition: There were 14 warnings (use warnings() to see them)
Timing stopped at: 0 0 0.001
Error in DEACTIVATED("local test only") : local test only
found 100 ids
[1] 201 202 203 204 205 206 207 208 209 210 211 212 213 214 215 216 217 218
[19] 219 220 221 222 223 224 225 226 227 228 229 230 231 232 233 234 235 236
[37] 237 238 239 240 241 242 243 244 245 246 247 248 249 250 251 252 253 254
[55] 255 256 257 258 259 260 261 262 263 264 265 266 267 268 269 270 271 272
[73] 273 274 275 276 277 278 279 280 281 282 283 284 285 286 287 288 289 290
[91] 291 292 293 294 295 296 297 298 299 300
starting parBatchByIndex
Loading required package: snow
int [1:100] 201 202 203 204 205 206 207 208 209 210 ...
NULL
[1] "results: parBench-sub-1,parBench-sub-2,parBench-sub-3,parBench-sub-4,parBench-sub-5,parBench-sub-6,parBench-sub-7,parBench-sub-8,parBench-sub-9,parBench-sub-10"
[1] "loading duplications"
loading 1 new compounds, updating 1 compounds
fetching features:
Timing stopped at: 0 0 0
Error in DEACTIVATED("causing timeout on bioc, disabling for now") :
causing timeout on bioc, disabling for now
In addition: Warning messages:
1: In for (i in seq_len(n)) { :
closing unused connection 6 (<-localhost:11398)
2: In for (i in seq_len(n)) { :
closing unused connection 5 (<-localhost:11398)
3: In for (i in seq_len(n)) { :
closing unused connection 4 (<-localhost:11398)
test.formatConversions
Timing stopped at: 0 0 0
Error in DEACTIVATED("removed old version of function") :
removed old version of function
In addition: Warning message:
In for (i in seq_along(gnames)) { :
closing unused connection 3 (/tmp/RtmpudG79o/file162fe1ebe8809)
Timing stopped at: 0 0 0
Error in DEACTIVATED("just for manual testing") : just for manual testing
Timing stopped at: 0 0 0
Error in DEACTIVATED("requires local files") : requires local files
Timing stopped at: 0 0 0
Error in DEACTIVATED("fails on ubuntu 16.04") : fails on ubuntu 16.04
Timing stopped at: 0.001 0 0
Error in DEACTIVATED("Causes SSL protocol version error on BioC") :
Causes SSL protocol version error on BioC
[1] "rotable bonds: "
CMP1 CMP2 CMP3 CMP4 CMP5
24 20 14 30 10
[1] "650001" "650002" "650003" "650004" "650005"
2023-04-10 19:21:53.563 R[90878:1009827270] XType: com.apple.fonts is not accessible.
2023-04-10 19:21:53.563 R[90878:1009827270] XType: XTFontStaticRegistry is enabled.
RUNIT TEST PROTOCOL -- Mon Apr 10 19:21:53 2023
***********************************************
Number of test functions: 23
Number of deactivated test functions: 8
Number of errors: 0
Number of failures: 0
1 Test Suite :
ChemmineR RUnit Tests - 23 test functions, 0 errors, 0 failures
Number of test functions: 23
Number of deactivated test functions: 8
Number of errors: 0
Number of failures: 0
>
> proc.time()
user system elapsed
10.871 1.322 13.366
ChemmineR.Rcheck/ChemmineR-Ex.timings
| name | user | system | elapsed | |
| AP-class | 0.426 | 0.113 | 0.540 | |
| APset-class | 0.207 | 0.114 | 0.322 | |
| ExtSDF-class | 0.001 | 0.000 | 0.001 | |
| FP-class | 0.036 | 0.004 | 0.040 | |
| FPset-class | 0.162 | 0.041 | 0.203 | |
| SDF-class | 0.040 | 0.030 | 0.071 | |
| SDF2apcmp | 0.020 | 0.002 | 0.022 | |
| SDFDataTable | 0.000 | 0.000 | 0.001 | |
| SDFset-class | 0.246 | 0.049 | 0.362 | |
| SDFset2SDF | 0.045 | 0.010 | 0.055 | |
| SDFset2list | 0.03 | 0.04 | 0.07 | |
| SDFstr-class | 0.211 | 0.007 | 0.219 | |
| SMI-class | 0.002 | 0.001 | 0.004 | |
| SMIset-class | 0.003 | 0.001 | 0.005 | |
| addDescriptorType | 0.000 | 0.001 | 0.000 | |
| addNewFeatures | 2.532 | 0.230 | 2.813 | |
| ap | 0.051 | 0.016 | 0.067 | |
| apfp | 0.002 | 0.001 | 0.002 | |
| apset | 0.004 | 0.002 | 0.006 | |
| apset2descdb | 0.221 | 0.106 | 0.330 | |
| atomblock | 0.054 | 0.024 | 0.079 | |
| atomcount | 0.109 | 0.005 | 0.114 | |
| atomprop | 0.002 | 0.001 | 0.003 | |
| atomsubset | 0.017 | 0.002 | 0.018 | |
| batchByIndex | 0 | 0 | 0 | |
| bondblock | 0.057 | 0.015 | 0.073 | |
| bonds | 0.025 | 0.004 | 0.029 | |
| browseJob | 0 | 0 | 0 | |
| bufferLines | 0 | 0 | 0 | |
| bufferResultSet | 0 | 0 | 0 | |
| byCluster | 0.551 | 0.082 | 0.635 | |
| canonicalNumbering | 0 | 0 | 0 | |
| canonicalize | 0 | 0 | 0 | |
| cid | 0.016 | 0.002 | 0.017 | |
| cluster.sizestat | 0.377 | 0.030 | 0.411 | |
| cluster.visualize | 0.469 | 0.041 | 0.512 | |
| cmp.cluster | 1.311 | 0.095 | 1.407 | |
| cmp.duplicated | 0.026 | 0.002 | 0.027 | |
| cmp.parse | 0.025 | 0.002 | 0.027 | |
| cmp.parse1 | 0 | 0 | 0 | |
| cmp.search | 0.502 | 0.028 | 0.533 | |
| cmp.similarity | 0.012 | 0.002 | 0.014 | |
| conMA | 0.044 | 0.016 | 0.063 | |
| connections | 0.177 | 0.008 | 0.187 | |
| datablock | 0.164 | 0.010 | 0.175 | |
| datablock2ma | 0.023 | 0.002 | 0.026 | |
| db.explain | 0.024 | 0.009 | 0.032 | |
| db.subset | 0.002 | 0.001 | 0.003 | |
| dbTransaction | 0.021 | 0.007 | 0.029 | |
| desc2fp | 0.061 | 0.005 | 0.067 | |
| draw_sdf | 0.542 | 0.022 | 0.570 | |
| exactMassOB | 0 | 0 | 0 | |
| findCompounds | 1.970 | 0.031 | 2.007 | |
| findCompoundsByName | 0.214 | 0.013 | 0.230 | |
| fingerprintOB | 0 | 0 | 0 | |
| fold | 0.001 | 0.001 | 0.001 | |
| foldCount | 0.001 | 0.000 | 0.000 | |
| fp2bit | 0.214 | 0.042 | 0.257 | |
| fpSim | 0.219 | 0.031 | 0.252 | |
| fptype | 0.001 | 0.000 | 0.000 | |
| fromNNMatrix | 0.492 | 0.050 | 0.543 | |
| genAPDescriptors | 0.013 | 0.001 | 0.014 | |
| genParameters | 0.216 | 0.008 | 0.224 | |
| generate3DCoords | 0.000 | 0.000 | 0.001 | |
| getAllCompoundIds | 0.220 | 0.013 | 0.234 | |
| getAtomAttr | 0 | 0 | 0 | |
| getBondAttr | 0 | 0 | 0 | |
| getCompoundFeatures | 1.695 | 0.038 | 1.739 | |
| getCompoundNames | 0.249 | 0.013 | 0.264 | |
| getCompounds | 0.262 | 0.015 | 0.280 | |
| getIds | 0.001 | 0.000 | 0.000 | |
| grepSDFset | 0.038 | 0.002 | 0.040 | |
| groups | 0.080 | 0.005 | 0.086 | |
| header | 0.043 | 0.004 | 0.047 | |
| initDb | 0.022 | 0.008 | 0.031 | |
| jarvisPatrick | 1.220 | 0.068 | 1.293 | |
| jobToken-class | 0.001 | 0.001 | 0.001 | |
| largestComponent | 0.000 | 0.000 | 0.001 | |
| launchCMTool | 0.001 | 0.001 | 0.001 | |
| listCMTools | 0.000 | 0.000 | 0.001 | |
| listFeatures | 0.287 | 0.022 | 0.311 | |
| loadSdf | 2.208 | 0.039 | 2.259 | |
| makeUnique | 0.017 | 0.002 | 0.018 | |
| maximallyDissimilar | 0.147 | 0.003 | 0.150 | |
| nearestNeighbors | 0.709 | 0.042 | 0.754 | |
| numBits | 0.000 | 0.000 | 0.001 | |
| obmol | 0.362 | 0.045 | 0.410 | |
| openBabelPlot | 0 | 0 | 0 | |
| parBatchByIndex | 0 | 0 | 0 | |
| plotStruc | 0.211 | 0.010 | 0.223 | |
| propOB | 0.001 | 0.001 | 0.001 | |
| pubchemCidToSDF | 0 | 0 | 0 | |
| pubchemFPencoding | 0.002 | 0.001 | 0.004 | |
| pubchemInchi2cid | 0.000 | 0.001 | 0.000 | |
| pubchemInchikey2sdf | 0 | 0 | 0 | |
| pubchemName2CID | 0 | 0 | 0 | |
| pubchemSDFSearch | 0 | 0 | 0 | |
| pubchemSmilesSearch | 0 | 0 | 0 | |
| read.AP | 0.015 | 0.001 | 0.017 | |
| read.SDFindex | 0.014 | 0.002 | 0.015 | |
| read.SDFset | 0.405 | 0.003 | 0.408 | |
| read.SDFstr | 0.587 | 0.005 | 0.593 | |
| read.SMIset | 0.001 | 0.001 | 0.002 | |
| regenerateCoords | 0.000 | 0.000 | 0.001 | |
| result | 0.000 | 0.000 | 0.001 | |
| rings | 0.444 | 0.009 | 0.455 | |
| sdf.subset | 0.000 | 0.000 | 0.001 | |
| sdf.visualize | 0.011 | 0.001 | 0.012 | |
| sdf2ap | 0.177 | 0.087 | 0.266 | |
| sdf2list | 0.017 | 0.013 | 0.030 | |
| sdf2smiles | 0 | 0 | 0 | |
| sdf2str | 0.025 | 0.013 | 0.044 | |
| sdfStream | 0.013 | 0.001 | 0.014 | |
| sdfid | 0.015 | 0.001 | 0.016 | |
| sdfsample | 0.028 | 0.005 | 0.033 | |
| sdfstr2list | 0.518 | 0.516 | 1.043 | |
| searchSim | 0 | 0 | 0 | |
| searchString | 0.001 | 0.000 | 0.000 | |
| selectInBatches | 0.001 | 0.000 | 0.001 | |
| setPriorities | 0 | 0 | 0 | |
| smartsSearchOB | 0.000 | 0.001 | 0.000 | |
| smiles2sdf | 0.000 | 0.000 | 0.001 | |
| smisample | 0.002 | 0.001 | 0.003 | |
| status | 0 | 0 | 0 | |
| toolDetails | 0.001 | 0.001 | 0.001 | |
| trimNeighbors | 0.939 | 0.054 | 0.995 | |
| validSDF | 0.015 | 0.001 | 0.015 | |
| view | 0.028 | 0.009 | 0.037 | |
| write.SDF | 0.105 | 0.009 | 0.113 | |
| write.SDFsplit | 0.011 | 0.001 | 0.012 | |
| write.SMI | 0.000 | 0.001 | 0.002 | |