| Back to Multiple platform build/check report for BioC 3.16: simplified long |
|
This page was generated on 2023-04-12 11:04:59 -0400 (Wed, 12 Apr 2023).
| Hostname | OS | Arch (*) | R version | Installed pkgs |
|---|---|---|---|---|
| nebbiolo2 | Linux (Ubuntu 20.04.5 LTS) | x86_64 | 4.2.3 (2023-03-15) -- "Shortstop Beagle" | 4502 |
| palomino4 | Windows Server 2022 Datacenter | x64 | 4.2.3 (2023-03-15 ucrt) -- "Shortstop Beagle" | 4282 |
| lconway | macOS 12.5.1 Monterey | x86_64 | 4.2.3 (2023-03-15) -- "Shortstop Beagle" | 4310 |
| Click on any hostname to see more info about the system (e.g. compilers) (*) as reported by 'uname -p', except on Windows and Mac OS X | ||||
|
To the developers/maintainers of the BRGenomics package: - Please allow up to 24 hours (and sometimes 48 hours) for your latest push to git@git.bioconductor.org:packages/BRGenomics.git to reflect on this report. See How and When does the builder pull? When will my changes propagate? for more information. - Make sure to use the following settings in order to reproduce any error or warning you see on this page. |
| Package 225/2183 | Hostname | OS / Arch | INSTALL | BUILD | CHECK | BUILD BIN | ||||||||
| BRGenomics 1.10.0 (landing page) Mike DeBerardine
| nebbiolo2 | Linux (Ubuntu 20.04.5 LTS) / x86_64 | OK | OK | WARNINGS | |||||||||
| palomino4 | Windows Server 2022 Datacenter / x64 | OK | OK | WARNINGS | OK | |||||||||
| lconway | macOS 12.5.1 Monterey / x86_64 | OK | OK | WARNINGS | OK | |||||||||
| Package: BRGenomics |
| Version: 1.10.0 |
| Command: /home/biocbuild/bbs-3.16-bioc/R/bin/R CMD check --install=check:BRGenomics.install-out.txt --library=/home/biocbuild/bbs-3.16-bioc/R/site-library --timings BRGenomics_1.10.0.tar.gz |
| StartedAt: 2023-04-10 19:25:30 -0400 (Mon, 10 Apr 2023) |
| EndedAt: 2023-04-10 19:34:26 -0400 (Mon, 10 Apr 2023) |
| EllapsedTime: 536.1 seconds |
| RetCode: 0 |
| Status: WARNINGS |
| CheckDir: BRGenomics.Rcheck |
| Warnings: 1 |
##############################################################################
##############################################################################
###
### Running command:
###
### /home/biocbuild/bbs-3.16-bioc/R/bin/R CMD check --install=check:BRGenomics.install-out.txt --library=/home/biocbuild/bbs-3.16-bioc/R/site-library --timings BRGenomics_1.10.0.tar.gz
###
##############################################################################
##############################################################################
* using log directory ‘/home/biocbuild/bbs-3.16-bioc/meat/BRGenomics.Rcheck’
* using R version 4.2.3 (2023-03-15)
* using platform: x86_64-pc-linux-gnu (64-bit)
* using session charset: UTF-8
* checking for file ‘BRGenomics/DESCRIPTION’ ... OK
* checking extension type ... Package
* this is package ‘BRGenomics’ version ‘1.10.0’
* package encoding: UTF-8
* checking package namespace information ... OK
* checking package dependencies ... OK
* checking if this is a source package ... OK
* checking if there is a namespace ... OK
* checking for hidden files and directories ... OK
* checking for portable file names ... OK
* checking for sufficient/correct file permissions ... OK
* checking whether package ‘BRGenomics’ can be installed ... OK
* checking installed package size ... OK
* checking package directory ... OK
* checking ‘build’ directory ... OK
* checking DESCRIPTION meta-information ... OK
* checking top-level files ... OK
* checking for left-over files ... OK
* checking index information ... OK
* checking package subdirectories ... OK
* checking R files for non-ASCII characters ... OK
* checking R files for syntax errors ... OK
* checking whether the package can be loaded ... OK
* checking whether the package can be loaded with stated dependencies ... OK
* checking whether the package can be unloaded cleanly ... OK
* checking whether the namespace can be loaded with stated dependencies ... OK
* checking whether the namespace can be unloaded cleanly ... OK
* checking loading without being on the library search path ... OK
* checking dependencies in R code ... OK
* checking S3 generic/method consistency ... OK
* checking replacement functions ... OK
* checking foreign function calls ... OK
* checking R code for possible problems ... OK
* checking Rd files ... OK
* checking Rd metadata ... OK
* checking Rd cross-references ... WARNING
Missing link or links in documentation object 'getCountsByRegions.Rd':
‘[rtracklayer:export]{rtracklayer::import.bw}’
Missing link or links in documentation object 'import-functions.Rd':
‘[rtracklayer:export]{rtracklayer::import}’
See section 'Cross-references' in the 'Writing R Extensions' manual.
* checking for missing documentation entries ... OK
* checking for code/documentation mismatches ... OK
* checking Rd \usage sections ... OK
* checking Rd contents ... OK
* checking for unstated dependencies in examples ... OK
* checking contents of ‘data’ directory ... OK
* checking data for non-ASCII characters ... OK
* checking data for ASCII and uncompressed saves ... OK
* checking files in ‘vignettes’ ... OK
* checking examples ... OK
Examples with CPU (user + system) or elapsed time > 5s
user system elapsed
getDESeqResults 10.86 0.196 11.056
* checking for unstated dependencies in ‘tests’ ... OK
* checking tests ...
Running ‘testthat.R’
OK
* checking for unstated dependencies in vignettes ... OK
* checking package vignettes in ‘inst/doc’ ... OK
* checking running R code from vignettes ...
‘AnalyzingMultipleDatasets.Rmd’ using ‘UTF-8’... OK
‘DESeq2WithGlobalPerturbations.Rmd’ using ‘UTF-8’... OK
‘GettingStarted.Rmd’ using ‘UTF-8’... OK
‘ImportingModifyingAnnotations.Rmd’ using ‘UTF-8’... OK
‘ImportingProcessingData.Rmd’ using ‘UTF-8’... OK
‘Overview.Rmd’ using ‘UTF-8’... OK
‘ProfilePlotsAndBootstrapping.Rmd’ using ‘UTF-8’... OK
‘SequenceExtraction.Rmd’ using ‘UTF-8’... OK
‘SignalCounting.Rmd’ using ‘UTF-8’... OK
‘SpikeInNormalization.Rmd’ using ‘UTF-8’... OK
NONE
* checking re-building of vignette outputs ... OK
* checking PDF version of manual ... OK
* DONE
Status: 1 WARNING
See
‘/home/biocbuild/bbs-3.16-bioc/meat/BRGenomics.Rcheck/00check.log’
for details.
BRGenomics.Rcheck/00install.out
############################################################################## ############################################################################## ### ### Running command: ### ### /home/biocbuild/bbs-3.16-bioc/R/bin/R CMD INSTALL BRGenomics ### ############################################################################## ############################################################################## * installing to library ‘/home/biocbuild/bbs-3.16-bioc/R/site-library’ * installing *source* package ‘BRGenomics’ ... ** using staged installation ** R ** data ** inst ** byte-compile and prepare package for lazy loading ** help *** installing help indices ** building package indices ** installing vignettes ** testing if installed package can be loaded from temporary location ** testing if installed package can be loaded from final location ** testing if installed package keeps a record of temporary installation path * DONE (BRGenomics)
BRGenomics.Rcheck/tests/testthat.Rout
R version 4.2.3 (2023-03-15) -- "Shortstop Beagle"
Copyright (C) 2023 The R Foundation for Statistical Computing
Platform: x86_64-pc-linux-gnu (64-bit)
R is free software and comes with ABSOLUTELY NO WARRANTY.
You are welcome to redistribute it under certain conditions.
Type 'license()' or 'licence()' for distribution details.
R is a collaborative project with many contributors.
Type 'contributors()' for more information and
'citation()' on how to cite R or R packages in publications.
Type 'demo()' for some demos, 'help()' for on-line help, or
'help.start()' for an HTML browser interface to help.
Type 'q()' to quit R.
> Sys.setenv("R_TESTS" = "")
> library(testthat)
> library(BRGenomics)
Loading required package: rtracklayer
Loading required package: GenomicRanges
Loading required package: stats4
Loading required package: BiocGenerics
Attaching package: 'BiocGenerics'
The following objects are masked from 'package:stats':
IQR, mad, sd, var, xtabs
The following objects are masked from 'package:base':
Filter, Find, Map, Position, Reduce, anyDuplicated, aperm, append,
as.data.frame, basename, cbind, colnames, dirname, do.call,
duplicated, eval, evalq, get, grep, grepl, intersect, is.unsorted,
lapply, mapply, match, mget, order, paste, pmax, pmax.int, pmin,
pmin.int, rank, rbind, rownames, sapply, setdiff, sort, table,
tapply, union, unique, unsplit, which.max, which.min
Loading required package: S4Vectors
Attaching package: 'S4Vectors'
The following objects are masked from 'package:base':
I, expand.grid, unname
Loading required package: IRanges
Loading required package: GenomeInfoDb
>
> test_check("BRGenomics")
[ FAIL 0 | WARN 0 | SKIP 0 | PASS 576 ]
>
> proc.time()
user system elapsed
122.969 7.615 128.583
BRGenomics.Rcheck/BRGenomics-Ex.timings
| name | user | system | elapsed | |
| applyNFsGRanges | 0.225 | 0.004 | 0.229 | |
| binNDimensions | 0.374 | 0.060 | 0.434 | |
| bootstrap-signal-by-position | 0.308 | 0.004 | 0.312 | |
| genebodies | 0.142 | 0.000 | 0.142 | |
| getCountsByPositions | 0.372 | 0.040 | 0.412 | |
| getCountsByRegions | 0.157 | 0.020 | 0.177 | |
| getDESeqDataSet | 0.558 | 0.020 | 0.578 | |
| getDESeqResults | 10.860 | 0.196 | 11.056 | |
| getMaxPositionsBySignal | 0.262 | 0.004 | 0.266 | |
| getPausingIndices | 1.390 | 0.144 | 1.534 | |
| getSpikeInCounts | 0.254 | 0.227 | 0.321 | |
| getSpikeInNFs | 0.449 | 0.152 | 0.504 | |
| getStrandedCoverage | 0.934 | 0.080 | 1.014 | |
| import-functions | 0.846 | 0.028 | 0.874 | |
| import_bam | 0.526 | 0.020 | 0.546 | |
| intersectByGene | 0.885 | 0.015 | 0.900 | |
| makeGRangesBRG | 0.297 | 0.008 | 0.305 | |
| mergeGRangesData | 0.922 | 0.004 | 0.926 | |
| mergeReplicates | 0.575 | 0.016 | 0.590 | |
| subsampleBySpikeIn | 0.672 | 0.287 | 0.777 | |
| subsampleGRanges | 0.067 | 0.004 | 0.071 | |
| subsetRegionsBySignal | 0.619 | 0.024 | 0.644 | |
| tidyChromosomes | 0.529 | 0.108 | 0.638 | |