| Back to Build/check report for BioC 3.15 experimental data | 
 | 
This page was generated on 2022-02-17 08:36:53 -0500 (Thu, 17 Feb 2022).
| Hostname | OS | Arch (*) | R version | Installed pkgs | 
|---|---|---|---|---|
| nebbiolo2 | Linux (Ubuntu 20.04.4 LTS) | x86_64 | R Under development (unstable) (2022-01-05 r81451) -- "Unsuffered Consequences" | 1362 | 
| Click on any hostname to see more info about the system (e.g. compilers) (*) as reported by 'uname -p', except on Windows and Mac OS X | ||||
| To the developers/maintainers of the LiebermanAidenHiC2009 package: Make sure to use the following settings in order to reproduce any error or warning you see on this page. | 
| Package 199/406 | Hostname | OS / Arch | INSTALL | BUILD | CHECK | ||||||||
| LiebermanAidenHiC2009 0.33.0  (landing page) Felix Klein 
 | nebbiolo2 | Linux (Ubuntu 20.04.4 LTS) / x86_64 | OK | OK | WARNINGS |  | |||||||
| Package: LiebermanAidenHiC2009 | 
| Version: 0.33.0 | 
| Command: /home/biocbuild/bbs-3.15-data-experiment/R/bin/R CMD check --install=check:LiebermanAidenHiC2009.install-out.txt --library=/home/biocbuild/bbs-3.15-data-experiment/R/library --no-vignettes --timings LiebermanAidenHiC2009_0.33.0.tar.gz | 
| StartedAt: 2022-02-17 07:32:03 -0500 (Thu, 17 Feb 2022) | 
| EndedAt: 2022-02-17 07:33:10 -0500 (Thu, 17 Feb 2022) | 
| EllapsedTime: 66.7 seconds | 
| RetCode: 0 | 
| Status: WARNINGS | 
| CheckDir: LiebermanAidenHiC2009.Rcheck | 
| Warnings: 2 | 
##############################################################################
##############################################################################
###
### Running command:
###
###   /home/biocbuild/bbs-3.15-data-experiment/R/bin/R CMD check --install=check:LiebermanAidenHiC2009.install-out.txt --library=/home/biocbuild/bbs-3.15-data-experiment/R/library --no-vignettes --timings LiebermanAidenHiC2009_0.33.0.tar.gz
###
##############################################################################
##############################################################################
* using log directory ‘/home/biocbuild/bbs-3.15-data-experiment/meat/LiebermanAidenHiC2009.Rcheck’
* using R Under development (unstable) (2022-01-05 r81451)
* using platform: x86_64-pc-linux-gnu (64-bit)
* using session charset: UTF-8
* using option ‘--no-vignettes’
* checking for file ‘LiebermanAidenHiC2009/DESCRIPTION’ ... OK
* this is package ‘LiebermanAidenHiC2009’ version ‘0.33.0’
* checking package namespace information ... OK
* checking package dependencies ... OK
* checking if this is a source package ... OK
* checking if there is a namespace ... OK
* checking for hidden files and directories ... OK
* checking for portable file names ... OK
* checking for sufficient/correct file permissions ... OK
* checking whether package ‘LiebermanAidenHiC2009’ can be installed ... OK
* checking installed package size ... NOTE
  installed size is  9.3Mb
  sub-directories of 1Mb or more:
    data   9.2Mb
* checking package directory ... OK
* checking ‘build’ directory ... OK
* checking DESCRIPTION meta-information ... NOTE
Malformed Description field: should contain one or more complete sentences.
* checking top-level files ... OK
* checking for left-over files ... OK
* checking index information ... OK
* checking package subdirectories ... OK
* checking whether the package can be loaded ... OK
* checking whether the package can be loaded with stated dependencies ... OK
* checking whether the package can be unloaded cleanly ... OK
* checking whether the namespace can be loaded with stated dependencies ... OK
* checking whether the namespace can be unloaded cleanly ... OK
* checking for missing documentation entries ... WARNING
Undocumented data sets:
  ‘DNAse1.df’ ‘DNAse2.df’ ‘H3K27me3.df’ ‘H3K36me3.df’ ‘HiC_GM_chr14’
All user-level objects in a package should have documentation entries.
See chapter ‘Writing R documentation files’ in the ‘Writing R
Extensions’ manual.
* checking contents of ‘data’ directory ... OK
* checking data for non-ASCII characters ... OK
* checking data for ASCII and uncompressed saves ... WARNING
  
  Note: significantly better compression could be obtained
        by using R CMD build --resave-data
                     old_size new_size compress
  ChipSeqData.RData     203Kb    118Kb       xz
  HiC_GM_chr14.RData    9.0Mb    6.0Mb       xz
* checking files in ‘vignettes’ ... OK
* checking examples ... NONE
* checking for unstated dependencies in vignettes ... OK
* checking package vignettes in ‘inst/doc’ ... OK
* checking running R code from vignettes ... SKIPPED
* checking re-building of vignette outputs ... SKIPPED
* checking PDF version of manual ... OK
* DONE
Status: 2 WARNINGs, 2 NOTEs
See
  ‘/home/biocbuild/bbs-3.15-data-experiment/meat/LiebermanAidenHiC2009.Rcheck/00check.log’
for details.
LiebermanAidenHiC2009.Rcheck/00install.out
############################################################################## ############################################################################## ### ### Running command: ### ### /home/biocbuild/bbs-3.15-data-experiment/R/bin/R CMD INSTALL LiebermanAidenHiC2009 ### ############################################################################## ############################################################################## * installing to library ‘/home/biocbuild/bbs-3.15-data-experiment/R/library’ * installing *source* package ‘LiebermanAidenHiC2009’ ... ** using staged installation ** data ** inst ** help No man pages found in package ‘LiebermanAidenHiC2009’ *** installing help indices ** building package indices ** installing vignettes ** testing if installed package can be loaded from temporary location ** testing if installed package can be loaded from final location ** testing if installed package keeps a record of temporary installation path * DONE (LiebermanAidenHiC2009)