Back to Multiple platform build/check report for BioC 3.15 |
|
This page was generated on 2022-10-19 13:20:03 -0400 (Wed, 19 Oct 2022).
Hostname | OS | Arch (*) | R version | Installed pkgs |
---|---|---|---|---|
nebbiolo1 | Linux (Ubuntu 20.04.5 LTS) | x86_64 | 4.2.1 (2022-06-23) -- "Funny-Looking Kid" | 4386 |
palomino3 | Windows Server 2022 Datacenter | x64 | 4.2.1 (2022-06-23 ucrt) -- "Funny-Looking Kid" | 4138 |
merida1 | macOS 10.14.6 Mojave | x86_64 | 4.2.1 (2022-06-23) -- "Funny-Looking Kid" | 4205 |
Click on any hostname to see more info about the system (e.g. compilers) (*) as reported by 'uname -p', except on Windows and Mac OS X |
To the developers/maintainers of the caOmicsV package: - Please allow up to 24 hours (and sometimes 48 hours) for your latest push to git@git.bioconductor.org:packages/caOmicsV.git to reflect on this report. See How and When does the builder pull? When will my changes propagate? for more information. - Make sure to use the following settings in order to reproduce any error or warning you see on this page. |
Package 251/2140 | Hostname | OS / Arch | INSTALL | BUILD | CHECK | BUILD BIN | ||||||||
Henry Zhang
| nebbiolo1 | Linux (Ubuntu 20.04.5 LTS) / x86_64 | OK | OK | ERROR | |||||||||
palomino3 | Windows Server 2022 Datacenter / x64 | OK | OK | ERROR | OK | |||||||||
merida1 | macOS 10.14.6 Mojave / x86_64 | OK | OK | ERROR | OK | |||||||||
Package: caOmicsV |
Version: 1.26.0 |
Command: /home/biocbuild/bbs-3.15-bioc/R/bin/R CMD check --install=check:caOmicsV.install-out.txt --library=/home/biocbuild/bbs-3.15-bioc/R/library --no-vignettes --timings caOmicsV_1.26.0.tar.gz |
StartedAt: 2022-10-18 18:53:58 -0400 (Tue, 18 Oct 2022) |
EndedAt: 2022-10-18 18:55:27 -0400 (Tue, 18 Oct 2022) |
EllapsedTime: 89.9 seconds |
RetCode: 1 |
Status: ERROR |
CheckDir: caOmicsV.Rcheck |
Warnings: NA |
############################################################################## ############################################################################## ### ### Running command: ### ### /home/biocbuild/bbs-3.15-bioc/R/bin/R CMD check --install=check:caOmicsV.install-out.txt --library=/home/biocbuild/bbs-3.15-bioc/R/library --no-vignettes --timings caOmicsV_1.26.0.tar.gz ### ############################################################################## ############################################################################## * using log directory ‘/home/biocbuild/bbs-3.15-bioc/meat/caOmicsV.Rcheck’ * using R version 4.2.1 (2022-06-23) * using platform: x86_64-pc-linux-gnu (64-bit) * using session charset: UTF-8 * using option ‘--no-vignettes’ * checking for file ‘caOmicsV/DESCRIPTION’ ... OK * checking extension type ... Package * this is package ‘caOmicsV’ version ‘1.26.0’ * checking package namespace information ... OK * checking package dependencies ... OK * checking if this is a source package ... OK * checking if there is a namespace ... OK * checking for hidden files and directories ... OK * checking for portable file names ... OK * checking for sufficient/correct file permissions ... OK * checking whether package ‘caOmicsV’ can be installed ... WARNING Found the following significant warnings: Warning: Package 'caOmicsV' is deprecated and will be removed from Bioconductor See ‘/home/biocbuild/bbs-3.15-bioc/meat/caOmicsV.Rcheck/00install.out’ for details. * checking installed package size ... OK * checking package directory ... OK * checking ‘build’ directory ... OK * checking DESCRIPTION meta-information ... OK * checking top-level files ... OK * checking for left-over files ... OK * checking index information ... OK * checking package subdirectories ... OK * checking R files for non-ASCII characters ... OK * checking R files for syntax errors ... OK * checking whether the package can be loaded ... OK * checking whether the package can be loaded with stated dependencies ... OK * checking whether the package can be unloaded cleanly ... OK * checking whether the namespace can be loaded with stated dependencies ... OK * checking whether the namespace can be unloaded cleanly ... OK * checking dependencies in R code ... OK * checking S3 generic/method consistency ... OK * checking replacement functions ... OK * checking foreign function calls ... OK * checking R code for possible problems ... OK * checking Rd files ... OK * checking Rd metadata ... OK * checking Rd cross-references ... OK * checking for missing documentation entries ... OK * checking for code/documentation mismatches ... OK * checking Rd \usage sections ... OK * checking Rd contents ... OK * checking for unstated dependencies in examples ... OK * checking contents of ‘data’ directory ... OK * checking data for non-ASCII characters ... OK * checking data for ASCII and uncompressed saves ... OK * checking files in ‘vignettes’ ... OK * checking examples ... OK Examples with CPU (user + system) or elapsed time > 5s user system elapsed bioNetLegend 6.667 0.152 6.821 plotBioNetCircos 6.558 0.136 6.694 * checking for unstated dependencies in vignettes ... OK * checking package vignettes in ‘inst/doc’ ... OK * checking running R code from vignettes ... SKIPPED * checking re-building of vignette outputs ... SKIPPED * checking PDF version of manual ... ERROR Rd conversion errors: Converting parsed Rd's to LaTeX ..Warning in nm[isAlias] <- sapply(Rd[isAlias], as.character) : number of items to replace is not a multiple of replacement length Error in writeAlias(section, tag) : alias: ‘ getBioMatrixBasePositions getBioMatrixColumnPadding getBioMatrixDataAreaWidth getBioMatrixGeneLabelWidth getBioMatrixGeneNumber getBioMatrixLegendHeight getBioMatrixPhenotypeNumber getBioMatrixPlotAreaHeigth getBioMatrixPlotAreaWidth getBioMatrixRemarkWidth getBioMatrixSummaryWidth getBioMatrixRowPadding getBioMatrixSampleHeight getBioMatrixSampleIDHeight getBioMatrixSampleNumber getBioMatrixSampleWidth ’ is not one line * DONE Status: 1 ERROR, 1 WARNING See ‘/home/biocbuild/bbs-3.15-bioc/meat/caOmicsV.Rcheck/00check.log’ for details.
caOmicsV.Rcheck/00install.out
############################################################################## ############################################################################## ### ### Running command: ### ### /home/biocbuild/bbs-3.15-bioc/R/bin/R CMD INSTALL caOmicsV ### ############################################################################## ############################################################################## * installing to library ‘/home/biocbuild/bbs-3.15-bioc/R/library’ * installing *source* package ‘caOmicsV’ ... ** using staged installation ** R ** data ** demo ** inst ** byte-compile and prepare package for lazy loading ** help *** installing help indices ** building package indices ** installing vignettes ** testing if installed package can be loaded from temporary location Warning: Package 'caOmicsV' is deprecated and will be removed from Bioconductor version 3.16 ** testing if installed package can be loaded from final location Warning: Package 'caOmicsV' is deprecated and will be removed from Bioconductor version 3.16 ** testing if installed package keeps a record of temporary installation path * DONE (caOmicsV)
caOmicsV.Rcheck/caOmicsV-Ex.timings
name | user | system | elapsed | |
CA_OMICS_ENV | 0 | 0 | 0 | |
CA_OMICS_NAME | 0.000 | 0.000 | 0.001 | |
CA_OMICS_NA_STRING | 0.001 | 0.000 | 0.001 | |
CNVDemoData | 0.013 | 0.003 | 0.017 | |
RNA2miRNA | 0.001 | 0.000 | 0.002 | |
RNASeq | 0.004 | 0.000 | 0.003 | |
RNASeqDemoData | 0.000 | 0.001 | 0.001 | |
bioMatrixLegend | 0.115 | 0.023 | 0.136 | |
bioNetCircosPlot | 1.783 | 0.056 | 1.840 | |
bioNetLegend | 6.667 | 0.152 | 6.821 | |
biomatrixPlotDemoData | 0.003 | 0.000 | 0.002 | |
bionetPlotDemoData | 0.002 | 0.000 | 0.001 | |
convertToZScores | 0.004 | 0.000 | 0.004 | |
drawBioNetNodeBackground | 3.899 | 0.091 | 3.992 | |
eraseBioNetNode | 1.933 | 0.040 | 1.973 | |
getBezierCurve | 0.001 | 0.000 | 0.000 | |
getBioMatrixDataRowTop | 0.001 | 0.000 | 0.000 | |
getBioMatrixPlotParameters | 0.000 | 0.002 | 0.001 | |
getBioNetNodeLinkLine | 0.000 | 0.001 | 0.000 | |
getBioNetParameters | 0.222 | 0.005 | 0.226 | |
getBioNetPlotLocations | 0.251 | 0.000 | 0.251 | |
getBioNetSamplePlotPosition | 0 | 0 | 0 | |
getCaOmicsVColors | 0 | 0 | 0 | |
getCaOmicsVPlotTypes | 0 | 0 | 0 | |
getDefaultNaStrings | 0 | 0 | 0 | |
getHeatmapColorScales | 0.000 | 0.001 | 0.000 | |
getPlotDataSet | 0.013 | 0.002 | 0.015 | |
getPlotOmicsData | 0.007 | 0.000 | 0.007 | |
getPlotSampleData | 0.001 | 0.000 | 0.002 | |
getPlotSummaryData | 0.004 | 0.002 | 0.006 | |
getRelatedPlotData | 0.030 | 0.005 | 0.035 | |
initializeBioMatrixPlot | 0.001 | 0.000 | 0.000 | |
initializeBioNetCircos | 0.236 | 0.000 | 0.235 | |
labelBioNetNodeNames | 1.786 | 0.052 | 1.837 | |
linkBioNetNodes | 1.311 | 0.028 | 1.340 | |
linkBioNetSamples | 1.314 | 0.028 | 1.342 | |
methylDemoData | 0.001 | 0.000 | 0.002 | |
miRNA | 0.002 | 0.000 | 0.002 | |
miRNADemoData | 0.000 | 0.001 | 0.002 | |
plotBioMatrix | 0.521 | 0.005 | 0.527 | |
plotBioMatrixBars | 0.010 | 0.000 | 0.011 | |
plotBioMatrixBinaryData | 0.003 | 0.000 | 0.003 | |
plotBioMatrixCategoryData | 0.003 | 0.000 | 0.003 | |
plotBioMatrixHeatmap | 0.005 | 0.000 | 0.005 | |
plotBioMatrixRowNames | 0.010 | 0.000 | 0.011 | |
plotBioMatrixSampleData | 0.000 | 0.003 | 0.003 | |
plotBioMatrixSampleNames | 0.002 | 0.000 | 0.002 | |
plotBioNetBars | 1.713 | 0.024 | 1.737 | |
plotBioNetCircos | 6.558 | 0.136 | 6.694 | |
plotBioNetHeatmap | 4.706 | 0.107 | 4.813 | |
plotBioNetLines | 2.891 | 0.064 | 2.956 | |
plotBioNetPoints | 2.874 | 0.024 | 2.897 | |
plotBioNetPolygons | 2.867 | 0.060 | 2.928 | |
plotHeatmapColorScale | 1.171 | 0.020 | 1.203 | |
resetBioNetNodePlotAreaBoundary | 0 | 0 | 0 | |
sampleDemoData | 0.001 | 0.000 | 0.002 | |
setBioMatrixBaseCoordinates | 0.000 | 0.000 | 0.001 | |
setBioMatrixPlotArea | 0.001 | 0.000 | 0.002 | |
setBioMatrixPlotParameters | 0.000 | 0.000 | 0.001 | |
setBioNetCircosBasePlotPositions | 0 | 0 | 0 | |
setBioNetNodeLayout | 0.219 | 0.020 | 0.239 | |
setBioNetPlotAreaBackground | 0.583 | 0.004 | 0.587 | |
setBioNetPlotParameters | 0 | 0 | 0 | |
setCaOmicsVColors | 0.001 | 0.000 | 0.000 | |
setDefaultNaStrings | 0.001 | 0.000 | 0.000 | |
showBioMatrixPlotLayout | 0.678 | 0.020 | 0.697 | |
showBioNetNodesLayout | 0.884 | 0.004 | 0.890 | |
showSupportedBioNetCircosPlotType | 0 | 0 | 0 | |
sortClinicalData | 0.002 | 0.000 | 0.002 | |
sortOmicsDataByColumn | 0.002 | 0.000 | 0.002 | |
sortOmicsDataByRow | 0.002 | 0.000 | 0.003 | |